000
CXUS53 KLSX 011401
CLMCOU


CLIMATE REPORT
NATIONAL WEATHER SERVICE ST LOUIS MO
846 AM CDT THU SEP 1 2016

...................................

...THE COLUMBIA MO CLIMATE SUMMARY FOR THE MONTH OF AUGUST 2016...

CLIMATE NORMAL PERIOD 1981 TO 2010
CLIMATE RECORD PERIOD 1890 TO 2016

WEATHER         OBSERVED          NORMAL  DEPART  LAST YEAR`S
                 VALUE   DATE(S)  VALUE   FROM    VALUE
                                          NORMAL
.............................................................
TEMPERATURE (F)
RECORD
 HIGH             110   08/29/1984
                        08/10/1934
                        08/09/1934
 LOW               40   08/31/1915
HIGHEST            94   08/04                         91
LOWEST             58   08/22                         53
                        08/21
AVG. MAXIMUM     85.3              87.0    -1.7     84.1
AVG. MINIMUM     68.2              65.4     2.8     64.4
MEAN             76.7              76.2     0.5     74.2
DAYS MAX >= 90      7              10.9    -3.9        2
DAYS MAX <= 32      0               0.0     0.0        0
DAYS MIN <= 32      0               0.0     0.0        0
DAYS MIN <= 0       0               0.0     0.0        0

PRECIPITATION (INCHES)
RECORD
 MAXIMUM        10.19   2005
 MINIMUM         0.06   1909
TOTALS           5.84              4.36    1.48     3.14
DAILY AVG.       0.19              0.14    0.05     0.10
DAYS >= .01        13               8.6     4.4       10
DAYS >= .10         7               5.7     1.3        3
DAYS >= .50         3               2.9     0.1        2
DAYS >= 1.00        2               1.5     0.5        1
GREATEST
 24 HR. TOTAL    2.68   08/02                       1.95


DEGREE_DAYS
HEATING TOTAL       0                 2      -2        1
 SINCE 7/1          0                 2      -2        2
COOLING TOTAL     369               350      19      293
 SINCE 1/1       1311              1083     228     1121
..............................................................

WIND (MPH)
HIGHEST WIND SPEED/DIRECTION    31/310    DATE  08/24
HIGHEST GUST SPEED/DIRECTION    41/020    DATE  08/05

SKY COVER
NUMBER OF DAYS FAIR           18
NUMBER OF DAYS PC             11
NUMBER OF DAYS CLOUDY          2


WEATHER CONDITIONS. NUMBER OF DAYS WITH
THUNDERSTORM             13     MIXED PRECIP               0
HEAVY RAIN                5     RAIN                       7
LIGHT RAIN               18     FREEZING RAIN              0
LT FREEZING RAIN          0     HAIL                       0
HEAVY SNOW                0     SNOW                       0
LIGHT SNOW                0     SLEET                      0
FOG                      21     FOG W/VIS <= 1/4 MILE      1
HAZE                      0

-  INDICATES NEGATIVE NUMBERS.
R  INDICATES RECORD WAS SET OR TIED.
MM INDICATES DATA IS MISSING.
T  INDICATES TRACE AMOUNT.


...MONTHLY...

NO RECORDS OF NOTE.


...DAILY...

RECORD PRECIPITATION VALUE OF 2.68 INCHES SET ON 08/02. PREVIOUS 1.73
INCHES IN 1933.


GOSSELIN

$$
