000
CXUS54 KCRP 021550 CCA
CLMCRP

CLIMATE REPORT...CORRECTED
NATIONAL WEATHER SERVICE CORPUS CHRISTI TX
1049 AM CDT FRI SEP 2 2016

...................................

...THE CORPUS CHRISTI CLIMATE SUMMARY FOR THE MONTH OF AUGUST 2016...

CLIMATE NORMAL PERIOD 1981 TO 2010
CLIMATE RECORD PERIOD 1887 TO 2016

WEATHER         OBSERVED          NORMAL  DEPART  LAST YEAR`S
                 VALUE   DATE(S)  VALUE   FROM    VALUE  DATE(S)
                                          NORMAL
................................................................
TEMPERATURE (F)
RECORD
 HIGH             107   08/30/2012
                        08/29/2012
                        08/28/2011
 LOW               64   08/13/2004
HIGHEST            99   08/13        94       5      101  08/12
                        08/11
LOWEST             74   08/15        75      -1       67  08/29
AVG. MAXIMUM     94.5              94.4     0.1     95.3
AVG. MINIMUM     77.2              75.0     2.2     75.7
MEAN             85.9              84.7     1.2     85.5
DAYS MAX >= 90     27              28.2    -1.2       31
DAYS MAX <= 32      0               0.0     0.0        0
DAYS MIN <= 32      0               0.0     0.0        0
DAYS MIN <= 0       0               0.0     0.0        0

PRECIPITATION (INCHES)
RECORD
 MAXIMUM        14.79   1980
 MINIMUM         0.00   1911
                        1899
TOTALS           4.12              2.92    1.20     2.93
DAILY AVG.       0.13              0.09    0.04     0.09
DAYS >= .01         7               6.5     0.5        4
DAYS >= .10         5               4.0     1.0        3
DAYS >= .50         4               1.8     2.2        2
DAYS >= 1.00        2               0.8     1.2        1
GREATEST
 24 HR. TOTAL    1.50   08/29 TO 08/30              2.09

SNOWFALL (INCHES)
RECORDS
 TOTAL            0.0   MM
 24 HR TOTAL      0.0   MM
TOTALS            0.0               0.0     0.0      0.0
SINCE 7/1         0.0               0.0     0.0      0.0
SNOWDEPTH AVG.      0                MM      MM        0
DAYS >= 1.0         0               0.0     0.0        0
GREATEST
 SNOW DEPTH         0   MM                             0
 24 HR TOTAL      0.0   MM                           0.0

DEGREE_DAYS
HEATING TOTAL       0                 0       0        0
 SINCE 7/1          0                 0       0        0
COOLING TOTAL     652               611      41      643
 SINCE 1/1       2917              2561     356     2657
.................................................................

WIND (MPH)
AVERAGE WIND SPEED              9.8
HIGHEST WIND SPEED/DIRECTION    29/180    DATE  08/17
HIGHEST GUST SPEED/DIRECTION    37/190    DATE  08/17

SKY COVER
AVERAGE SKY COVER           0.60

AVERAGE RH (PERCENT)     74

WEATHER CONDITIONS. NUMBER OF DAYS WITH
THUNDERSTORM             10     MIXED PRECIP               0
HEAVY RAIN                5     RAIN                       5
LIGHT RAIN               10     FREEZING RAIN              0
LT FREEZING RAIN          0     HAIL                       0
HEAVY SNOW                0     SNOW                       0
LIGHT SNOW                0     SLEET                      0
FOG                      13     FOG W/VIS <= 1/4 MILE      0
HAZE                     14

-  INDICATES NEGATIVE NUMBERS.
R  INDICATES RECORD WAS SET OR TIED.
MM INDICATES DATA IS MISSING.
T  INDICATES TRACE AMOUNT.

$$

ANM...CORRECTED FOR RECORD LOW TEMP AND THUNDERSTORM DAYS.
