000
CXUS42 KFFC 011529
CLMCSG


CLIMATE REPORT
NATIONAL WEATHER SERVICE PEACHTREE CITY GA
1128 AM EDT FRI SEP 1 2017

...................................

...THE COLUMBUS CLIMATE SUMMARY FOR THE MONTH OF AUGUST 2017...

CLIMATE NORMAL PERIOD 1981 TO 2010
CLIMATE RECORD PERIOD 1948 TO 2017

WEATHER         OBSERVED          NORMAL  DEPART  LAST YEAR`S
                 VALUE   DATE(S)  VALUE   FROM    VALUE  DATE(S)
                                          NORMAL
................................................................
TEMPERATURE (F)
RECORD
 HIGH             104   08/10/2007
                        08/18/2000
                        07/13/1980
 LOW               57   08/28/1952
                        08/05/1950
HIGHEST            97   08/20        MM      MM       96  08/23
                                                          08/17
                                                          08/06
LOWEST             65   08/01        MM      MM       71  08/14
                                                          08/03
AVG. MAXIMUM     90.3              91.4    -1.1     92.8
AVG. MINIMUM     73.8              72.4     1.4     73.5
MEAN             82.0              81.9     0.1     83.1
DAYS MAX >= 90     19              20.4    -1.4       29
DAYS MAX <= 32      0               0.0     0.0        0
DAYS MIN <= 32      0               0.0     0.0        0
DAYS MIN <= 0       0               0.0     0.0        0

PRECIPITATION (INCHES)
RECORD
 MAXIMUM        10.11   1991
 MINIMUM         1.47   2002
TOTALS           4.88              3.77    1.11     4.37
DAILY AVG.       0.16              0.12    0.04     0.14
DAYS >= .01        11              10.7     0.3       12
DAYS >= .10         7               6.1     0.9       10
DAYS >= .50         4               2.3     1.7        4
DAYS >= 1.00        2               1.0     1.0        1
GREATEST
 24 HR. TOTAL    1.43   08/30 TO 08/30           08/17 TO 08/18
                                                          08/31 TO 08/31
                                                          08/31 TO 08/31

DEGREE_DAYS
HEATING TOTAL       0                 0       0        0
 SINCE 7/1          0                 0       0        0
COOLING TOTAL     534               524      10      568
 SINCE 1/1       2094              1872     222     2057
..................................................

WIND (MPH)
AVERAGE WIND SPEED              5.1
HIGHEST WIND SPEED/DIRECTION    26/300    DATE  08/14
HIGHEST GUST SPEED/DIRECTION    35/300    DATE  08/14

SKY COVER
POSSIBLE SUNSHINE (PERCENT)   MM
AVERAGE SKY COVER           0.30
NUMBER OF DAYS FAIR           17
NUMBER OF DAYS PC             11
NUMBER OF DAYS CLOUDY          3

AVERAGE RH (PERCENT)     70

WEATHER CONDITIONS. NUMBER OF DAYS WITH
THUNDERSTORM              0     MIXED PRECIP               0
HEAVY RAIN                6     RAIN                       7
LIGHT RAIN               10     FREEZING RAIN              0
LT FREEZING RAIN          0     HAIL                       0
HEAVY SNOW                0     SNOW                       0
LIGHT SNOW                0     SLEET                      0
FOG                       8     FOG W/VIS <= 1/4 MILE      0
HAZE                      1

-  INDICATES NEGATIVE NUMBERS.
R  INDICATES RECORD WAS SET OR TIED.
MM INDICATES DATA IS MISSING.
T  INDICATES TRACE AMOUNT.

$$
