000
CXUS52 KCAE 022320
CLMCUB


CLIMATE REPORT
NATIONAL WEATHER SERVICE COLUMBIA SC
657 PM EDT TUE MAY 2 2017

...................................

...THE HAMILTON - OWENS AIRPORT SC CLIMATE SUMMARY FOR THE MONTH OF APRIL 2017...

CLIMATE NORMAL PERIOD 1981 TO 2010
CLIMATE RECORD PERIOD 9999 TO 9999

WEATHER         OBSERVED          NORMAL  DEPART
                 VALUE   DATE(S)  VALUE   FROM
                                          NORMAL
................................................
TEMPERATURE (F)
HIGHEST            91   04/28        MM      MM
LOWEST             39   04/08        MM      MM
AVG. MAXIMUM     81.1              76.5     4.6
AVG. MINIMUM     58.3              52.4     5.9
MEAN             69.7              64.5     5.2
DAYS MAX >= 90      1               1.3    -0.3
DAYS MAX <= 32      0               0.0     0.0
DAYS MIN <= 32      0               0.2    -0.2
DAYS MIN <= 0       0               0.0     0.0

PRECIPITATION (INCHES)
TOTALS           4.57  ##          2.69    1.88  ##
DAYS >= .01         4                MM      MM
DAYS >= .10         3                MM      MM
DAYS >= .50         3                MM      MM
DAYS >= 1.00        1                MM      MM
GREATEST
 24 HR. TOTAL    3.12   04/05 TO 04/05

SNOWFALL (INCHES)
DAYS >= TRACE       0

DEGREE_DAYS
HEATING TOTAL      30                98     -68
 SINCE 7/1       1563              2301    -738
COOLING TOTAL     174                81      93
 SINCE 1/1        244                99     145
.................................................

WIND (MPH)
AVERAGE WIND SPEED              4.9
RESULTANT WIND SPEED/DIRECTION   2/190
HIGHEST WIND SPEED/DIRECTION    31/270    DATE  04/06
HIGHEST GUST SPEED/DIRECTION    45/270    DATE  04/06

SKY COVER
POSSIBLE SUNSHINE (PERCENT)   MM
AVERAGE SKY COVER           0.30
NUMBER OF DAYS FAIR           21
NUMBER OF DAYS PC              7
NUMBER OF DAYS CLOUDY          2

AVERAGE RH (PERCENT)     64

WEATHER CONDITIONS. NUMBER OF DAYS WITH
THUNDERSTORM              6     MIXED PRECIP               0
HEAVY RAIN                4     RAIN                       4
LIGHT RAIN                7     FREEZING RAIN              0
LT FREEZING RAIN          0     HAIL                       0
HEAVY SNOW                0     SNOW                       0
LIGHT SNOW                0     SLEET                      0
FOG                       7     FOG W/VIS <= 1/4 MILE      0
HAZE                      3

-  INDICATES NEGATIVE NUMBERS.
R  INDICATES RECORD WAS SET OR TIED.
MM INDICATES DATA IS MISSING.
T  INDICATES TRACE AMOUNT.


##  ON THE 24TH, THE DAILY PRECIP WAS MISSING--PREVIOUS DAY`S
    PRECIP WAS 0.87 INCHES; COLUMBIA METRO AIRPORT HAD A
    TOTAL OF 2.47 INCHES FOR THE SAME TWO DAYS

$$
