412
CXUS55 KCYS 061359
CLMCYS


CLIMATE REPORT
NATIONAL WEATHER SERVICE CHEYENNE WY
658 AM MST TUE DEC 6 2016

...................................

...THE CHEYENNE WY CLIMATE SUMMARY FOR THE MONTH OF NOVEMBER 2016...

CLIMATE NORMAL PERIOD 1981 TO 2010
CLIMATE RECORD PERIOD 1871 TO 2016

WEATHER         OBSERVED          NORMAL  DEPART  LAST YEAR`S
                 VALUE   DATE(S)  VALUE   FROM    VALUE  DATE(S)
                                          NORMAL
................................................................
TEMPERATURE (F)
RECORD
 HIGH              75   11/16/2016
                        11/15/1999
                        11/05/1891
 LOW              -21   11/13/1916
HIGHEST            75R  11/16        47      28       70
LOWEST             13   11/19        24     -11        2
AVG. MAXIMUM     55.3              46.5     8.8     46.1
AVG. MINIMUM     28.8              24.2     4.6     22.4
MEAN             42.0              35.3     6.7     34.2
DAYS MAX >= 90      0               0.0                0
DAYS MAX <= 32      2               4.3                5
DAYS MIN <= 32     18              23.1               26
DAYS MIN <= 0       0               0.6                0

PRECIPITATION (INCHES)
RECORD
 MAXIMUM         2.48   1979
 MINIMUM            T   1965
                        1901
                        1878
TOTALS           0.38              0.59   -0.21     1.11
DAYS >= .01         6               6.4    -0.4       10
DAYS >= .10         2               1.9     0.1        4
DAYS >= .50         0               0.2    -0.2        1
DAYS >= 1.00        0               0.0     0.0        0
GREATEST
 24 HR. TOTAL    0.17   11/22 TO 11/22

SNOWFALL (INCHES)
RECORDS
 TOTAL           31.1   MM
TOTALS            3.8               8.0    -4.2     10.7
SINCE 7/1         3.8              14.3   -10.5     10.7
SNOWDEPTH AVG.      0
DAYS >= TRACE       7               6.1     0.9       15
DAYS >= 1.0         2               2.6    -0.6        5
GREATEST
 SNOW DEPTH         2   11/22                          3  11/29
                        11/18                             11/28
                                                          11/27
 24 HR TOTAL      2.1   11/22 TO 11/22           11/25 TO 11/26
                                                          11/26 TO 11/26
                                                          11/26 TO 11/26

DEGREE_DAYS
HEATING TOTAL     681               889    -208      915
 SINCE 7/1       1264              1748    -484     1427
COOLING TOTAL       0                 0       0        0
 SINCE 1/1        452               348     104      362
.......................................................

WIND (MPH)
AVERAGE WIND SPEED              11.7
HIGHEST WIND SPEED/DIRECTION    36/310    DATE  11/29
HIGHEST GUST SPEED/DIRECTION    53/330    DATE  11/29

SKY COVER
POSSIBLE SUNSHINE (PERCENT)   MM
AVERAGE SKY COVER           0.20
NUMBER OF DAYS FAIR           24
NUMBER OF DAYS PC              6
NUMBER OF DAYS CLOUDY          0

AVERAGE RH (PERCENT)     49

WEATHER CONDITIONS. NUMBER OF DAYS WITH
THUNDERSTORM              0     MIXED PRECIP               0
HEAVY RAIN                0     RAIN                       0
LIGHT RAIN                4     FREEZING RAIN              0
LT FREEZING RAIN          0     HAIL                       0
HEAVY SNOW                1     SNOW                       1
LIGHT SNOW                7     SLEET                      0
FOG                       3     FOG W/VIS <= 1/4 MILE      1
HAZE                      1

-  INDICATES NEGATIVE NUMBERS.
R  INDICATES RECORD WAS SET OR TIED.
MM INDICATES DATA IS MISSING.
T  INDICATES TRACE AMOUNT.

$$
