206
CXUS56 KSGX 011430
CLMCZZ


CLIMATE REPORT
NATIONAL WEATHER SERVICE SAN DIEGO, CA
730 AM PDT FRI MAY 1 2015

...................................

...THE CAMPO ASOS CA CLIMATE SUMMARY FOR THE MONTH OF APRIL 2015...

CLIMATE NORMAL PERIOD 1981 TO 2010
CLIMATE RECORD PERIOD 1948 TO 2015

WEATHER         OBSERVED          NORMAL  DEPART  LAST YEAR`S
                 VALUE   DATE(S)  VALUE   FROM    VALUE  DATE(S)
                                          NORMAL
................................................................
TEMPERATURE (F)
RECORD
 HIGH              99   04/07/1989
 LOW               20   04/09/1953
HIGHEST            89   04/30        72      17       90  04/08
                        04/29
LOWEST             31   04/10        37      -6       28  04/03
                        04/09
                        04/05
AVG. MAXIMUM     72.3              72.4    -0.1     73.6
AVG. MINIMUM     38.1              37.8     0.3     39.9
MEAN             55.2              55.1     0.1     56.7
DAYS MAX >= 90      0               1.0    -1.0        1
DAYS MAX <= 32      0               0.0     0.0        0
DAYS MAX >= 100     0                                  0
DAYS MIN <= 32      4               4.6    -0.6        4
DAYS MIN <= 0       0               0.0     0.0        0

PRECIPITATION (INCHES)
RECORD
 MAXIMUM         6.03   1965
 MINIMUM         0.00   2000
TOTALS           0.27              0.96   -0.69     0.68
DAILY AVG.       0.01              0.03   -0.02     0.02
DAYS >= .01         3               4.5    -1.5        4
DAYS >= .10         1               2.5    -1.5        3
DAYS >= .50         0               0.6    -0.6        0
DAYS >= 1.00        0               0.1    -0.1        0
DAYS >= 1.50        0                                  0
DAYS >= 2.00        0                                  0
GREATEST
 24 HR. TOTAL    0.18   04/25 TO 04/25           04/25 TO 04/26
                        04/24 TO 04/25                    04/30 TO 04/30
                        04/25 TO 04/25                    04/30 TO 04/30
 STORM TOTAL       MM                                 MM
 (MM/DD(HH))            MM                    04/26(00) TO 04/26(00)
                                                 04/30(00) TO 04/30(00)0
                                                 04/30(00) TO 04/30(00)0

SNOWFALL (INCHES)
TOTALS            0.0
SINCE 7/1         0.0

DEGREE_DAYS
HEATING TOTAL     288               300     -12      252
 SINCE 7/1       2219              2768    -549     2494
COOLING TOTAL       5                 3       2       10
 SINCE 1/1          5                 3       2       10

FREEZE DATES
RECORD
 EARLIEST     08/25/1978
 LATEST       06/23/1991
EARLIEST                        10/16
LATEST                          05/19
.................................................

WIND (MPH)
AVERAGE WIND SPEED              9.1
RESULTANT WIND SPEED/DIRECTION   2/232
HIGHEST WIND SPEED/DIRECTION    31/070    DATE  04/16
HIGHEST GUST SPEED/DIRECTION    38/040    DATE  04/27

AVERAGE RH (PERCENT)     53


-  INDICATES NEGATIVE NUMBERS.
R  INDICATES RECORD WAS SET OR TIED.
MM INDICATES DATA IS MISSING.
T  INDICATES TRACE AMOUNT.

$$
