000
CXUS51 KRNK 011125
CLMDAN


CLIMATE REPORT
NATIONAL WEATHER SERVICE BLACKSBURG VA
623 AM EST SUN FEB 1 2015

...................................

...THE DANVILLE VA CLIMATE SUMMARY FOR THE MONTH OF JANUARY 2015...

CLIMATE NORMAL PERIOD 1981 TO 2010
CLIMATE RECORD PERIOD 1948 TO 2015

WEATHER         OBSERVED          NORMAL  DEPART  LAST YEAR`S
                 VALUE   DATE(S)  VALUE   FROM    VALUE
                                          NORMAL
.............................................................
TEMPERATURE (F)
RECORD
 HIGH              80   01/31/2002
                        01/30/2002
 LOW               -5   01/21/1985
HIGHEST            67   01/20                11
LOWEST              9   01/08                -6
AVG. MAXIMUM     48.6              46.4     2.2     44.6
AVG. MINIMUM     27.3              29.0    -1.7     21.7
MEAN             37.9              37.7     0.2     33.4
DAYS MAX >= 90      0               0.0     0.0
DAYS MAX <= 32      1               3.2    -2.2
DAYS MIN <= 32     24              19.8     4.2
DAYS MIN <= 0       0               0.0     0.0

PRECIPITATION (INCHES)
RECORD
 MAXIMUM         8.73   1978
 MINIMUM         0.72   1981
TOTALS           1.51              3.42   -1.91     3.29
DAILY AVG.       0.05              0.11   -0.06     0.11
DAYS >= .01         9              10.1    -1.1
DAYS >= .10         5               6.3    -1.3
DAYS >= .50         1               2.7    -1.7
DAYS >= 1.00        0               0.8    -0.8
GREATEST
 24 HR. TOTAL    0.74   01/23 TO 01/24

SNOWFALL (INCHES)
TOTALS              T                                1.6
SINCE 7/1           T
SNOWDEPTH AVG.      0
DAYS >= 1.0         0
GREATEST
 SNOW DEPTH         0

DEGREE_DAYS
HEATING TOTAL     833               846     -13
 SINCE 7/1       2254              2328     -74
COOLING TOTAL       0                 0       0
 SINCE 1/1          0                 0       0
..............................................................

WIND (MPH)
AVERAGE WIND SPEED              6.3
HIGHEST WIND SPEED/DIRECTION    28/320    DATE  01/30
HIGHEST GUST SPEED/DIRECTION    41/330    DATE  01/30

SKY COVER
POSSIBLE SUNSHINE (PERCENT)   MM
AVERAGE SKY COVER           0.30
NUMBER OF DAYS FAIR           19
NUMBER OF DAYS PC              4
NUMBER OF DAYS CLOUDY          8

AVERAGE RH (PERCENT)     58

WEATHER CONDITIONS. NUMBER OF DAYS WITH
THUNDERSTORM              0     MIXED PRECIP               0
HEAVY RAIN                0     RAIN                       2
LIGHT RAIN               10     FREEZING RAIN              0
LT FREEZING RAIN          0     HAIL                       0
HEAVY SNOW                0     SNOW                       0
LIGHT SNOW                2     SLEET                      0
FOG                      13     FOG W/VIS <= 1/4 MILE      2
HAZE                      0

-  INDICATES NEGATIVE NUMBERS.
R  INDICATES RECORD WAS SET OR TIED.
MM INDICATES DATA IS MISSING.
T  INDICATES TRACE AMOUNT.

$$
