000
CXUS53 KDVN 011459
CLMDBQ


CLIMATE REPORT
NATIONAL WEATHER SERVICE QUAD CITIES IA IL
957 AM CDT MON SEP 1 2014

...................................

...THE DUBUQUE CLIMATE SUMMARY FOR THE MONTH OF AUGUST 2014...

CLIMATE NORMAL PERIOD 1981 TO 2010
CLIMATE RECORD PERIOD 1873 TO 2014

WEATHER         OBSERVED          NORMAL  DEPART
                 VALUE   DATE(S)  VALUE   FROM
                                          NORMAL
................................................
TEMPERATURE (F)
RECORD
 HIGH             107   08/18/1936
 LOW               40   08/28/1986
                        08/30/1915
HIGHEST            89   08/24        81       8
LOWEST             50   08/13        58      -8
AVG. MAXIMUM     79.7              79.8    -0.1
AVG. MINIMUM     60.7              60.3     0.4
MEAN             70.2              70.0     0.2
DAYS MAX >= 90      0               1.9    -1.9
DAYS MAX <= 32      0               0.0     0.0
DAYS MIN <= 32      0               0.0     0.0
DAYS MIN <= 0       0               0.0     0.0

PRECIPITATION (INCHES)
RECORD
 MAXIMUM         9.90   1987
 MINIMUM         0.08   1969
TOTALS           3.12              4.40   -1.28
DAILY AVG.       0.10              0.14   -0.04
DAYS >= .01         8               9.1    -1.1
DAYS >= .10         4
DAYS >= .50         3
DAYS >= 1.00        1               1.3    -0.3
GREATEST
 24 HR. TOTAL    1.42   08/25 TO 08/26

SNOWFALL (INCHES)
RECORDS
 TOTAL             MM   MM
TOTALS            0.0               0.0     0.0
SINCE 7/1         0.0               0.0     0.0
SNOWDEPTH AVG.      0
DAYS >= TRACE       0               0.0     0.0
DAYS >= 1.0         0               0.0     0.0
GREATEST
 SNOW DEPTH         0   MM
 24 HR TOTAL      0.0   08/31 TO 08/31

DEGREE_DAYS
HEATING TOTAL       2                19     -17
 SINCE 7/1         29                27       2
COOLING TOTAL     172               176      -4
 SINCE 1/1        482               576     -94
.................................................

WIND (MPH)
AVERAGE WIND SPEED              7.0
HIGHEST WIND SPEED/DIRECTION    33/280    DATE  08/26
HIGHEST GUST SPEED/DIRECTION    52/260    DATE  08/26

SKY COVER
POSSIBLE SUNSHINE (PERCENT)   MM
AVERAGE SKY COVER           0.30
NUMBER OF DAYS FAIR           20
NUMBER OF DAYS PC             10
NUMBER OF DAYS CLOUDY          1

AVERAGE RH (PERCENT)     78

WEATHER CONDITIONS. NUMBER OF DAYS WITH
THUNDERSTORM              0     HAIL                       0
SLEET                     0     FOG                       15
FOG W/VIS <= 1/4 MILE     2     HAZE                       1

-  INDICATES NEGATIVE NUMBERS.
R  INDICATES RECORD WAS SET OR TIED.
MM INDICATES DATA IS MISSING.
T  INDICATES TRACE AMOUNT.

$$
