809
CXUS53 KDVN 011640
CLMDBQ


CLIMATE REPORT
NATIONAL WEATHER SERVICE QUAD CITIES IA IL
1040 AM CST THU DEC 1 2016

...................................

...THE DUBUQUE CLIMATE SUMMARY FOR THE MONTH OF NOVEMBER 2016...

CLIMATE NORMAL PERIOD 1981 TO 2010
CLIMATE RECORD PERIOD 1873 TO 2016

WEATHER         OBSERVED          NORMAL  DEPART
                 VALUE   DATE(S)  VALUE   FROM
                                          NORMAL
................................................
TEMPERATURE (F)
RECORD
 HIGH              78   11/01/1933
                        11/07/1915
 LOW              -17   11/26/1977
HIGHEST            73   11/01        53      20
LOWEST             19   11/21        21      -2
AVG. MAXIMUM     53.2              44.8     8.4
AVG. MINIMUM     34.5              28.5     6.0
MEAN             43.9              36.7     7.2
DAYS MAX >= 90      0               0.0     0.0
DAYS MAX <= 32      0               4.1    -4.1
DAYS MIN <= 32     12              18.9    -6.9
DAYS MIN <= 0       0               0.0     0.0

PRECIPITATION (INCHES)
RECORD
 MAXIMUM        10.63   1961
 MINIMUM         0.07   1917
TOTALS           2.59              2.35    0.24
DAILY AVG.       0.09              0.08    0.01
DAYS >= .01         7               9.8    -2.8
DAYS >= .10         5
DAYS >= .50         3
DAYS >= 1.00        0               0.4    -0.4
GREATEST
 24 HR. TOTAL    1.32   11/27 TO 11/28

SNOWFALL (INCHES)
RECORDS
 TOTAL           12.6   1992
TOTALS              T               2.8    -2.8
SINCE 7/1           T               2.8    -2.8
SNOWDEPTH AVG.      0
DAYS >= TRACE       2               2.8    -0.8
DAYS >= 1.0         0               0.9    -0.9
GREATEST
 SNOW DEPTH         0   MM
 24 HR TOTAL        T   11/30 TO 11/30
                        11/18 TO 11/18

DEGREE_DAYS
HEATING TOTAL     626               851    -225
 SINCE 7/1        992              1500    -508
COOLING TOTAL       0                 0       0
 SINCE 1/1        781               643     138
.................................................

WIND (MPH)
AVERAGE WIND SPEED              10.4
HIGHEST WIND SPEED/DIRECTION    38/250    DATE  11/18
HIGHEST GUST SPEED/DIRECTION    50/250    DATE  11/18

SKY COVER
POSSIBLE SUNSHINE (PERCENT)   MM
AVERAGE SKY COVER           0.30
NUMBER OF DAYS FAIR           20
NUMBER OF DAYS PC              3
NUMBER OF DAYS CLOUDY          7

AVERAGE RH (PERCENT)     75

WEATHER CONDITIONS. NUMBER OF DAYS WITH
THUNDERSTORM              3     HAIL                       0
SLEET                     0     FOG                       14
FOG W/VIS <= 1/4 MILE     6     HAZE                       1

-  INDICATES NEGATIVE NUMBERS.
R  INDICATES RECORD WAS SET OR TIED.
MM INDICATES DATA IS MISSING.
T  INDICATES TRACE AMOUNT.

$$

NOTE: SUPPLEMENTAL CLIMATE DATA WAS USED FROM A NEARBY
CLIMATOLOGICALLY REPRESENTATIVE STATION.
