000
CXUS53 KEAX 010811
CLMDMO

CLIMATE REPORT
NATIONAL WEATHER SERVICE KANSAS CITY/PLEASANT HILL MO
254 AM CDT FRI APR 1 2016

...................................

...THE SEDALIA CLIMATE SUMMARY FOR THE MONTH OF MARCH 2016...

CLIMATE NORMAL PERIOD 1981 TO 2010
CLIMATE RECORD PERIOD 9999 TO 9999

WEATHER         OBSERVED          NORMAL  DEPART  LAST YEAR`S
                 VALUE   DATE(S)  VALUE   FROM    VALUE  DATE(S)
                                          NORMAL
................................................................
TEMPERATURE (F)
HIGHEST            76   03/15        79      -3       79  03/16
LOWEST             20   03/02        15       5       13  03/05
                                                          03/02
AVG. MAXIMUM     63.3              56.7     6.6     58.2
AVG. MINIMUM     41.6              35.8     5.8     36.6
MEAN             52.5              46.2     6.3     47.4
DAYS MAX >= 90      0               0.0     0.0        0
DAYS MAX <= 32      0               0.9    -0.9        2
DAYS MIN <= 32      7              16.3    -9.3        6
DAYS MIN <= 0       0               0.0     0.0        0

PRECIPITATION (INCHES)
TOTALS           1.69              2.61   -0.92     1.13
DAILY AVG.       0.05              0.08   -0.03     0.04
DAYS >= .01        11               9.1     1.9       12
DAYS >= .10         3               5.8    -2.8        3
DAYS >= .50         1               1.8    -0.8        0
DAYS >= 1.00        0               0.3    -0.3        0
GREATEST
 24 HR. TOTAL    0.93   03/08 TO 03/09

DEGREE_DAYS
HEATING TOTAL     387               585    -198      540
 SINCE 7/1       3375              4202    -827     4388
COOLING TOTAL       4                 3       1        1
 SINCE 1/1          4                 3       1        1
.................................................................

WIND (MPH)
AVERAGE WIND SPEED              10.7
HIGHEST WIND SPEED/DIRECTION    38/170    DATE  03/30
HIGHEST GUST SPEED/DIRECTION    48/220    DATE  03/23

SKY COVER
POSSIBLE SUNSHINE (PERCENT)   MM
AVERAGE SKY COVER           0.40
NUMBER OF DAYS FAIR           13
NUMBER OF DAYS PC             12
NUMBER OF DAYS CLOUDY          6

AVERAGE RH (PERCENT)     63

WEATHER CONDITIONS. NUMBER OF DAYS WITH
THUNDERSTORM              6     MIXED PRECIP               0
HEAVY RAIN                2     RAIN                       4
LIGHT RAIN               13     FREEZING RAIN              0
LT FREEZING RAIN          0     HAIL                       0
HEAVY SNOW                0     SNOW                       0
LIGHT SNOW                1     SLEET                      0
FOG                      10     FOG W/VIS <= 1/4 MILE      3
HAZE                      2

-  INDICATES NEGATIVE NUMBERS.
R  INDICATES RECORD WAS SET OR TIED.
MM INDICATES DATA IS MISSING.
T  INDICATES TRACE AMOUNT.

$$
