000
CXUS53 KEAX 020747
CLMDMO

STLCLMWK3 000
TTAA00 KEAX 020744


CLIMATE REPORT
NATIONAL WEATHER SERVICE KANSAS CITY/PLEASANT HILL MO
242 AM CDT WED JUL 2 2014

...................................

...THE SEDALIA CLIMATE SUMMARY FOR THE MONTH OF JUNE 2014...

CLIMATE NORMAL PERIOD 1981 TO 2010
CLIMATE RECORD PERIOD 9999 TO 9999

WEATHER         OBSERVED          NORMAL  DEPART  LAST YEAR`S
                 VALUE   DATE(S)  VALUE   FROM    VALUE  DATE(S)
                                          NORMAL
................................................................
TEMPERATURE (F)
HIGHEST            93   06/30        92       1       98  06/26
LOWEST             56   06/13        49       7       50  06/03
AVG. MAXIMUM     83.6              84.8    -1.2     84.0
AVG. MINIMUM     66.8              65.1     1.7     65.4
MEAN             75.2              74.9     0.3     74.7
DAYS MAX >= 90      9               4.9     4.1        8
DAYS MAX <= 32      0               0.0     0.0        0
DAYS MIN <= 32      0               0.0     0.0        0
DAYS MIN <= 0       0               0.0     0.0        0

PRECIPITATION (INCHES)
TOTALS           6.11              5.09    1.02     2.41
DAILY AVG.       0.20              0.17    0.03     0.08
DAYS >= .01        12              10.3     1.7        7
DAYS >= .10         8               7.2     0.8        5
DAYS >= .50         5               3.6     1.4        2
DAYS >= 1.00        2               1.7     0.3        1
GREATEST
 24 HR. TOTAL    1.90   06/09 TO 06/10

DEGREE_DAYS
HEATING TOTAL       0                 6      -6        9
 SINCE 7/1       5301              4571     730     4745
COOLING TOTAL     312               304       8      307
 SINCE 1/1        507               443      64      455
.................................................................

WIND (MPH)
AVERAGE WIND SPEED              9.4
HIGHEST WIND SPEED/DIRECTION    39/320    DATE  06/04
HIGHEST GUST SPEED/DIRECTION    55/300    DATE  06/04

SKY COVER
POSSIBLE SUNSHINE (PERCENT)   MM
AVERAGE SKY COVER           0.30
NUMBER OF DAYS FAIR           18
NUMBER OF DAYS PC              9
NUMBER OF DAYS CLOUDY          3

AVERAGE RH (PERCENT)     76

WEATHER CONDITIONS. NUMBER OF DAYS WITH
THUNDERSTORM              0     MIXED PRECIP               0
HEAVY RAIN                6     RAIN                       8
LIGHT RAIN               16     FREEZING RAIN              0
LT FREEZING RAIN          0     HAIL                       0
HEAVY SNOW                0     SNOW                       0
LIGHT SNOW                0     SLEET                      0
FOG                      14     FOG W/VIS <= 1/4 MILE      0
HAZE                      4

-  INDICATES NEGATIVE NUMBERS.
R  INDICATES RECORD WAS SET OR TIED.
MM INDICATES DATA IS MISSING.
T  INDICATES TRACE AMOUNT.

$$
