000
CXUS52 KCAE 011635
CLMDNL


CLIMATE REPORT
NATIONAL WEATHER SERVICE COLUMBIA SC
1131 AM EST SUN JAN 1 2017

...................................

...THE AUGUSTA DANIEL FIELD GA CLIMATE SUMMARY FOR THE MONTH OF DECEMBER 2016...

CLIMATE NORMAL PERIOD 1981 TO 2010
CLIMATE RECORD PERIOD 9999 TO 9999

WEATHER         OBSERVED          NORMAL  DEPART
                 VALUE   DATE(S)  VALUE   FROM
                                          NORMAL
................................................
TEMPERATURE (F)
HIGHEST            82   12/18        MM      MM
LOWEST             29R  12/10        MM      MM
AVG. MAXIMUM     60.1              58.3     1.8
AVG. MINIMUM     44.2              39.4     4.8
MEAN             52.1              48.9     3.2
DAYS MAX >= 90      0               0.0     0.0
DAYS MAX <= 32      0               0.0     0.0
DAYS MIN <= 32      2               6.1    -4.1
DAYS MIN <= 0       0               0.0     0.0

PRECIPITATION (INCHES)
TOTALS           4.21              3.62    0.59
DAYS >= .01        11                MM      MM
DAYS >= .10         9                MM      MM
DAYS >= .50         4                MM      MM
DAYS >= 1.00        0                MM      MM
GREATEST
 24 HR. TOTAL    1.17   12/05 TO 12/06

SNOWFALL (INCHES)
DAYS >= TRACE       0

DEGREE_DAYS
HEATING TOTAL     395               505    -110
 SINCE 7/1        564               839    -275
COOLING TOTAL       4                 5      -1
 SINCE 1/1       3078              2261     817
.................................................

WIND (MPH)
AVERAGE WIND SPEED              5.4
RESULTANT WIND SPEED/DIRECTION   2/001
HIGHEST WIND SPEED/DIRECTION    23/290    DATE  12/29
HIGHEST GUST SPEED/DIRECTION    36/310    DATE  12/29

SKY COVER
POSSIBLE SUNSHINE (PERCENT)   MM
AVERAGE SKY COVER           0.50
NUMBER OF DAYS FAIR           10
NUMBER OF DAYS PC             10
NUMBER OF DAYS CLOUDY         11

AVERAGE RH (PERCENT)     64

WEATHER CONDITIONS. NUMBER OF DAYS WITH
THUNDERSTORM              0     MIXED PRECIP               0
HEAVY RAIN                6     RAIN                       8
LIGHT RAIN               12     FREEZING RAIN              0
LT FREEZING RAIN          0     HAIL                       0
HEAVY SNOW                0     SNOW                       0
LIGHT SNOW                0     SLEET                      0
FOG                      17     FOG W/VIS <= 1/4 MILE      6
HAZE                     13

-  INDICATES NEGATIVE NUMBERS.
R  INDICATES RECORD WAS SET OR TIED.
MM INDICATES DATA IS MISSING.
T  INDICATES TRACE AMOUNT.

$$
