000
CXUS53 KDTX 011711
CLMDTW

CLIMATE REPORT
NATIONAL WEATHER SERVICE DETROIT/PONTIAC MI
1137 AM EST MON DEC 1 2014

...................................

...THE DETROIT MI CLIMATE SUMMARY FOR THE MONTH OF NOVEMBER 2014...

CLIMATE NORMAL PERIOD 1981 TO 2010
CLIMATE RECORD PERIOD 1874 TO 2014

WEATHER         OBSERVED          NORMAL  DEPART
                 VALUE   DATE(S)  VALUE   FROM
                                          NORMAL
................................................
TEMPERATURE (F)
RECORD
 HIGH              81   11/1/1950
 LOW                0   11/22/1880
HIGHEST            64   11/11        MM      MM
LOWEST             11   11/18        MM      MM
AVG. MAXIMUM     43.2              48.8    -5.6
AVG. MINIMUM     28.4              34.3    -5.9
MEAN             35.8              41.5    -5.7
DAYS MAX >= 90      0               0.0     0.0
DAYS MAX <= 32      6               0.9     5.1
DAYS MIN <= 32     20              12.5     7.5
DAYS MIN <= 0       0               0.0     0.0

PRECIPITATION (INCHES)
RECORD
 MAXIMUM         6.00   2011
 MINIMUM         0.19   1904
TOTALS           1.67              2.79   -1.12
DAILY AVG.       0.06              0.09   -0.03
DAYS >= .01        12              11.6     0.4
DAYS >= .10         3               6.4    -3.4
DAYS >= .50         1               1.9    -0.9
DAYS >= 1.00        0               0.4    -0.4
GREATEST
 24 HR. TOTAL    1.14   11/23 TO 11/24
 STORM TOTAL       MM
 (MM/DD(HH))            MM

SNOWFALL (INCHES)
RECORDS
 TOTAL           11.8   1966
                        0
                        0
TOTALS            4.0               1.5     2.5
 LIQUID EQUIV    0.40              0.20    0.20
SINCE 7/1         4.0               1.6     2.4
 LIQUID 7/1      0.40
DAYS >= TRACE      12               2.3     9.7
DAYS >= 1.0         1               0.5     0.5
GREATEST
 SNOW DEPTH         2   11/21
                        11/20
 24 HR TOTAL      2.1R  MM
 STORM TOTAL       MM
 (MM/DD(HH))            MM

DEGREE_DAYS
HEATING TOTAL     865               704     161
 SINCE 7/1       1377              1215     162
COOLING TOTAL       0                 0       0
 SINCE 1/1        704               803     -99

FREEZE DATES
RECORD
 EARLIEST     MM
 LATEST       MM
EARLIEST                        MM
LATEST                          MM
.................................................

WIND (MPH)
AVERAGE WIND SPEED              11.3
HIGHEST WIND SPEED/DIRECTION    46/210    DATE  11/24
HIGHEST GUST SPEED/DIRECTION    58/200    DATE  11/24

SKY COVER
POSSIBLE SUNSHINE (PERCENT)   MM
AVERAGE SKY COVER           0.80
NUMBER OF DAYS FAIR            2
NUMBER OF DAYS PC              5
NUMBER OF DAYS CLOUDY         23

AVERAGE RH (PERCENT)     69

WEATHER CONDITIONS. NUMBER OF DAYS WITH
THUNDERSTORM              0     MIXED PRECIP               0
HEAVY RAIN                2     RAIN                       2
LIGHT RAIN                9     FREEZING RAIN              0
LT FREEZING RAIN          2     HAIL                       0
HEAVY SNOW                0     SNOW                       1
LIGHT SNOW               11     SLEET                      1
FOG                      12     FOG W/VIS <= 1/4 MILE      2
HAZE                      5

-  INDICATES NEGATIVE NUMBERS.
R  INDICATES RECORD WAS SET OR TIED.
MM INDICATES DATA IS MISSING.
T  INDICATES TRACE AMOUNT.

$$

---------------------------------------------------------------
MONTHLY CLIMATE DATA FOR NWS WHITE LAKE - NOVEMBER 2014

...TEMPERATURE DATA...              ...PRECIPITATION DATA...
AVERAGE MAXIMUM...39.4              MONTHLY TOTAL..........1.94
AVERAGE MINIMUM...24.4              GREATEST DAILY TOTAL...0.68
MONTHLY AVERAGE...31.9              ON THE 23RD
                                    2014 TOTAL............34.90

...HEATING DEGREE DAYS...           ...SNOWFALL DATA...
MONTHLY TOTAL............983        MONTHLY TOTAL............ 8.5
2014-2015 SEASON TOTAL...1820       2014-2015 SEASON TOTAL... 8.6

...COOLING DEGREE DAYS...
MONTHLY TOTAL...0
2014 TOTAL......283

=================================================================
       SOUTHEAST MICHIGAN CLIMATE SUMMARY FOR NOVEMBER 2014


NOVEMBER 2014 MONTHLY STATISTICS AND RANKINGS
-----------------------------------------------------------------

SNOWFALL
                ACTUAL    NORMAL*    DEPARTURE     RANKING
DETROIT AREA     4.0"      1.5"       +2.5"      37TH SNOWIEST
FLINT AREA       8.7"      2.5"       +6.2"      12TH SNOWIEST
SAGINAW          2.9"      3.6"       -0.7"      37TH SNOWIEST

SNOW YEAR SINCE JULY 1

                ACTUAL    NORMAL*    DEPARTURE     RANKING
DETROIT AREA     4.0"      1.6"       +2.4"      41ST SNOWIEST
FLINT AREA       9.4"      2.9"       +6.5"      12TH SNOWIEST
SAGINAW          2.9"      3.9"       -1.0"      39TH SNOWIEST


PRECIPITATION
                ACTUAL    NORMAL*    DEPARTURE     RANKING
DETROIT AREA    1.67"      2.79"      -1.12"     39TH DRIEST
FLINT AREA      1.69"      2.67"      -0.98"     35TH DRIEST
SAGINAW         2.18"      2.70"      -0.52"     50TH DRIEST

WATER YEAR SINCE JANUARY 1

                ACTUAL    NORMAL*    DEPARTURE     RANKING
DETROIT AREA    36.16"    31.01"      +5.15"     14TH WETTEST
FLINT AREA      33.78"    29.45"      +4.33"     18TH WETTEST
SAGINAW         30.37"    29.68"      +0.69"     31ST WETTEST

      *NORMAL TO DATE (AS OF NOVEMBER 30, 2014)

AVERAGE TEMPERATURE
                ACTUAL    NORMAL*    DEPARTURE     RANKING
DETROIT AREA     35.8      41.5        -5.7      13TH COLDEST
FLINT AREA       35.3      38.9        -3.6      14TH COLDEST
SAGINAW          34.6      38.5        -3.9      13TH COLDEST

AVERAGE HIGH TEMPERATURE
                ACTUAL    NORMAL*    DEPARTURE     RANKING
DETROIT AREA     43.2      48.8        -5.6      21ST COLDEST
FLINT AREA       42.7      46.7        -4.0      15TH COLDEST
SAGINAW          41.3      45.9        -4.6      14TH COLDEST

AVERAGE LOW TEMPERATURE
                ACTUAL    NORMAL*    DEPARTURE     RANKING
DETROIT AREA     28.4      34.3        -5.9       7TH COLDEST
FLINT AREA       28.0      31.0        -3.0      12TH COLDEST
SAGINAW          27.9      31.2        -3.3      15TH COLDEST


DETROIT AREA HAS A CLIMATE RECORD DATING TO NOVEMBER 1874
FLINT AREA HAS A CLIMATE RECORD DATING TO JANUARY 1921
SAGINAW HAS A CLIMATE RECORD DATING TO 1912
