104
CXUS55 KTWC 060524
CLMDUG

CLIMATE REPORT
NATIONAL WEATHER SERVICE TUCSON AZ
817 AM MST SAT APR 1 2017

...................................

...THE DOUGLAS AZ CLIMATE SUMMARY FOR THE MONTH OF MARCH 2017...

CLIMATE NORMAL PERIOD 1981 TO 2010
CLIMATE RECORD PERIOD 1948 TO 2017

WEATHER         OBSERVED          NORMAL  DEPART  LAST YEAR`S
                 VALUE   DATE(S)  VALUE   FROM    VALUE  DATE(S)
                                          NORMAL
................................................................
TEMPERATURE (F)
RECORD
 HIGH              92   03/12/1989
                        03/11/1989
 LOW               13   03/04/1951
HIGHEST            88   03/19        83       5       85  03/21
                                                          03/04
                                                          03/02
LOWEST             29   03/07        24       5       22  03/24
AVG. MAXIMUM     78.8              72.1     6.7     76.3
AVG. MINIMUM     39.3              37.0     2.3     35.9
MEAN             59.1              54.5     4.6     56.1
DAYS MAX >= 90      0               0.1    -0.1        0
DAYS MAX <= 32      0               0.0     0.0        0
DAYS MIN <= 32      5               6.9    -1.9        8
DAYS MIN <= 0       0               0.0     0.0        0

PRECIPITATION (INCHES)
RECORD
 MAXIMUM         2.17   1992
 MINIMUM         0.00   2011
                        2008
                        1984
TOTALS           0.08              0.50   -0.42     0.19
DAILY AVG.       0.00              0.02   -0.02     0.01
DAYS >= .01         1               3.5    -2.5        1
DAYS >= .10         0               1.6    -1.6        1
DAYS >= .50         0               0.1    -0.1        0
DAYS >= 1.00        0               0.0     0.0        0
GREATEST
 24 HR. TOTAL    0.08   03/28 TO 03/28           03/07 TO 03/08
                                                          03/08 TO 03/08
                                                          03/08 TO 03/09

DEGREE_DAYS
HEATING TOTAL     181               325    -144      267
 SINCE 7/1       1974              2361    -387     2439
COOLING TOTAL       7                 1       6        0
 SINCE 1/1          7                 1       6        0
..........................................................

WIND (MPH)
AVERAGE WIND SPEED              8.8
HIGHEST WIND SPEED/DIRECTION    44/250    DATE  03/31
HIGHEST GUST SPEED/DIRECTION    53/230    DATE  03/31

AVERAGE RH (PERCENT)     32

WEATHER CONDITIONS. NUMBER OF DAYS WITH
THUNDERSTORM              0     MIXED PRECIP               0
HEAVY RAIN                0     RAIN                       0
LIGHT RAIN                1     FREEZING RAIN              0
LT FREEZING RAIN          0     HAIL                       0
HEAVY SNOW                0     SNOW                       0
LIGHT SNOW                0     SLEET                      0
FOG                       1     FOG W/VIS <= 1/4 MILE      0
HAZE                      0

-  INDICATES NEGATIVE NUMBERS.
R  INDICATES RECORD WAS SET OR TIED.
MM INDICATES DATA IS MISSING.
T  INDICATES TRACE AMOUNT.

$$
