000
CXUS53 KGID 021329 CCA
CLMEAR

CLIMATE REPORT...CORRECTION
NATIONAL WEATHER SERVICE HASTINGS NE
1027 AM CDT FRI APR 1 2016
CORRECTED HEADER AND RESET HDD AND CDD TOTALS AND DEPARTURES

...................................

...THE KEARNEY CLIMATE SUMMARY FOR THE MONTH OF MARCH 2016...

CLIMATE NORMAL PERIOD 1981 TO 2010
CLIMATE RECORD PERIOD 1894 TO 2016

WEATHER         OBSERVED          NORMAL  DEPART  LAST YEAR`S
                 VALUE   DATE(S)  VALUE   FROM    VALUE  DATE(S)
                                          NORMAL
................................................................
TEMPERATURE (F)
HIGHEST            81   03/07        77       4       90  03/16
LOWEST             16   03/20         6      10        1  03/05
                        03/01
AVG. MAXIMUM     59.7              50.3     9.4     61.7
AVG. MINIMUM     30.8              25.1     5.7     27.3
MEAN             45.3              37.7     7.6     44.5
DAYS MAX >= 90      0               0.0     0.0        1
DAYS MAX <= 32      0               3.5    -3.5        1
DAYS MIN <= 32     19              23.7    -4.7       22
DAYS MIN <= 0       0               0.7    -0.7        0

PRECIPITATION (INCHES)
TOTALS           0.18              1.79   -1.61       MM
DAILY AVG.       0.01              0.06   -0.05
DAYS >= .01         3               6.4    -3.4
DAYS >= .10         1               3.8    -2.8
DAYS >= .50         0               1.0    -1.0
DAYS >= 1.00        0               0.3    -0.3
GREATEST
 24 HR. TOTAL    0.15   03/29 TO 03/29

DEGREE_DAYS
HEATING TOTAL     604               846    -242      629
COOLING TOTAL       0                 0       0        0
.................................................................

WIND (MPH)
AVERAGE WIND SPEED              MM
HIGHEST WIND SPEED/DIRECTION    MM               MM
HIGHEST GUST SPEED/DIRECTION    MM               MM

AVERAGE RH (PERCENT)     56


-  INDICATES NEGATIVE NUMBERS.
R  INDICATES RECORD WAS SET OR TIED.
MM INDICATES DATA IS MISSING.
T  INDICATES TRACE AMOUNT.

&&

THE PRECIPITATION DATA SHOWN ABOVE IS RECORDED BY THE AUTOMATED
WEATHER OBSERVING SYSTEM AT THE KEARNEY AIRPORT. THE
PRECIPITATION IS DEPICTED FOR A CALENDAR DAY FROM MIDNIGHT TO
MIDNIGHT. SNOWFALL IS NOT RECORDED BY THAT SYSTEM.

THE OFFICIAL PRECIPITATION...SNOWFALL...AND SNOW DEPTH
OBSERVATION FOR KEARNEY IS RECORDED DAILY BY THE
COOPERATIVE OBSERVER AT 7 AM.  THAT INFORMATION FOLLOWS...

...KEARNEY 4NE COOPERATIVE OBSERVER REPORT FOR MARCH 2016...

PRECIPITATION (IN)
MONTH TO DATE..................... 0.56
YEAR TO DATA...................... 1.94

SNOWFALL (IN)
MONTH TO DATE....................  3.0
SEASONAL TOTAL (SINCE JULY 1ST).. 24.2

$$
REED/DOXEY
