000
CXUS56 KOTX 011334
CLMEAT

CLIMATE REPORT
NATIONAL WEATHER SERVICE SPOKANE, WA
540 AM PDT FRI AUG 1 2014

...................................

...THE WENATCHEE WA PANGBORN FIELD CLIMATE SUMMARY FOR THE MONTH OF JULY 2014...

CLIMATE NORMAL PERIOD 1981 TO 2010
CLIMATE RECORD PERIOD 1959 TO 2014

WEATHER         OBSERVED          NORMAL  DEPART  LAST YEAR`S
                 VALUE   DATE(S)  VALUE   FROM    VALUE  DATE(S)
                                          NORMAL
................................................................
TEMPERATURE (F)
RECORD
 HIGH             108   07/27/1998
 LOW               43   07/07/1971
                        07/02/1962
HIGHEST           106   07/16        MM      MM      104  07/02
LOWEST             53   07/24        MM      MM       54  07/13
AVG. MAXIMUM     94.1              87.0     7.1     92.0
AVG. MINIMUM     67.1              61.4     5.7     64.6
MEAN             80.6              74.2     6.4     78.3
DAYS MAX >= 90     23              12.0    11.0       20
DAYS MAX <= 32      0               0.0     0.0        0
DAYS MIN <= 32      0               0.0     0.0        0
DAYS MIN <= 0       0               0.0     0.0        0

PRECIPITATION (INCHES)
RECORD
 MAXIMUM         1.14   1965
 MINIMUM            T   2008
                        2007
                        2003
TOTALS           0.38              0.27    0.11     0.06
DAILY AVG.       0.01              0.01    0.00     0.00
DAYS >= .01         2               2.6    -0.6        1
DAYS >= .10         1               0.9     0.1        0
DAYS >= .50         0               0.1    -0.1        0
DAYS >= 1.00        0               0.0     0.0        0
GREATEST
 24 HR. TOTAL    0.33   07/23 TO 07/23           07/17 TO 07/17

DEGREE_DAYS
COOLING TOTAL     491               269     222      419
 SINCE 1/1        705               708      -3      585
........................................................

WIND (MPH)
AVERAGE WIND SPEED              10.1
HIGHEST WIND SPEED/DIRECTION    38/290    DATE  07/17
HIGHEST GUST SPEED/DIRECTION    46/290    DATE  07/17

SKY COVER
POSSIBLE SUNSHINE (PERCENT)    0
AVERAGE SKY COVER           0.10
NUMBER OF DAYS FAIR           29
NUMBER OF DAYS PC              2
NUMBER OF DAYS CLOUDY          0

AVERAGE RH (PERCENT)     32

WEATHER CONDITIONS. NUMBER OF DAYS WITH
THUNDERSTORM              0     MIXED PRECIP               0
HEAVY RAIN                1     RAIN                       1
LIGHT RAIN                2     FREEZING RAIN              0
LT FREEZING RAIN          0     HAIL                       0
HEAVY SNOW                0     SNOW                       0
LIGHT SNOW                0     SLEET                      0
FOG                       0     FOG W/VIS <= 1/4 MILE      0
HAZE                      9

-  INDICATES NEGATIVE NUMBERS.
R  INDICATES RECORD WAS SET OR TIED.
MM INDICATES DATA IS MISSING.
T  INDICATES TRACE AMOUNT.

&&

JULY 2014 TURNED OUT TO BE A HOT ONE AT PANGBORN MEMORIAL AIRPORT
IN WENATCHEE.

THE AVERAGE TEMPERATURE WAS 80.6 DEGREES, WHICH MAKES IT THE HOTTEST
JULY EVER, WITH RECORDS GOING BACK TO 1959. THE PREVIOUS RECORD
HOTTEST JULY WAS 1960 WITH AND AVERAGE TEMPERATURE OF 79.5 DEGREES.
THE AVERAGE HIGH TEMPERATURE FOR JULY 2014 WAS 6.4 DEGREES ABOVE NORMAL.

WENATCHEE PANGBORN FIELD HIT 100 OR BETTER FOR 9 CONSECUTIVE DAYS
FROM THE 8TH TO THE 16TH, SHATTERING THE OLD RECORD OF 5 SET BACK IN
1998. THE MONTH WENT OUT WITH ANOTHER 4 DAYS OF TEMPS OVER 100 FOR A
TOTAL OF 13. THIS FAR SURPASSES ANY OTHER JULY ON RECORD, THE NEXT
CLOSEST BEING 8 DAYS OF 100 OR BETTER IN JULY 1996.

NEW RECORD HIGH TEMPERATURES WER SET ON JULY 15, 16, 29 AND 30. AND A
NEW RECORD LOW TEMPERATURE WAS SET ON JULY 24.

ON THE 14TH, WET THUNDERSTORMS MOVED THROUGH THE AREA BRINGING HEAVY
DOWNPOURS TO SOME LOCATIONS. BUT THE LIGHTNING ASSOCIATED WITH
THESE STORMS ALSO STARTED SOME WILDFIRES IN THE CASCADES. THEN ON
THE 17TH, A DRY COLD FRONT BROUGHT STRONG WINDS TO THE AREA.
WENATCHEE AIRPORT GUSTED TO 46 MPH. THE CARLTON COMPLEX FIRE SPREAD
RAPIDLY BURNING OVER 300 STRUCTURES IN PATEROS AND NEARBY AREAS HAS
SINCE BECOME THE LARGEST FIRE IN WASHINGTON STATE HISTORY.

THE 23RD SAW MORE THUNDERSTORMS. BROUGHT RAIN TO THE AREA, ACCOUNTING
FOR ALL OF THE PRECIPITATION RECORDED IN WENATCHEE FOR THE MONTH.
SOME DEBRIS FLOWS OCCURRED ON THE FRESH BURN SCARS FROM THIS SUMMER.
ONE THUNDERSTORM ALSO BROUGHT ONE INCH HAIL TO WINTHROP.

$$
