000
CXUS53 KMPX 011251
CLMEAU


CLIMATE REPORT
NATIONAL WEATHER SERVICE CHANHASSEN MN
747 AM CDT TUE SEP 1 2015

...................................

...THE EAU CLAIRE WI CLIMATE SUMMARY FOR THE MONTH OF AUGUST 2015...

CLIMATE NORMAL PERIOD 1981 TO 2010
CLIMATE RECORD PERIOD 1893 TO 2015

WEATHER         OBSERVED          NORMAL  DEPART  LAST YEAR`S
                 VALUE   DATE(S)  VALUE   FROM    VALUE  DATE(S)
                                          NORMAL
................................................................
TEMPERATURE (F)
RECORD
 HIGH             104   08/01/1988
                        08/04/1947
 LOW               36   08/30/1915
HIGHEST            90   08/15        90       0       87  08/24
                        08/14                             08/03
                                                          08/02
LOWEST             45   08/26        52      -7       47  08/14
AVG. MAXIMUM     77.5              80.3    -2.8     80.7
AVG. MINIMUM     57.4              58.3    -0.9     59.4
MEAN             67.4              69.3    -1.9     70.0
DAYS MAX >= 90      2               2.2    -0.2        0
DAYS MAX <= 32      0               0.0     0.0        0
DAYS MIN <= 32      0               0.0     0.0        0
DAYS MIN <= 0       0               0.0     0.0        0

PRECIPITATION (INCHES)
RECORD
 MAXIMUM        11.64   1980
 MINIMUM         0.00   2002
TOTALS           7.19              4.47    2.72     6.29
DAILY AVG.       0.23              0.14    0.09     0.20
DAYS >= .01        13              10.8     2.2       12
DAYS >= .10        10               6.8     3.2        9
DAYS >= .50         4               3.0     1.0        5
DAYS >= 1.00        2               1.3     0.7        3
GREATEST
 24 HR. TOTAL    3.09   08/06 TO 08/07

SNOWFALL (INCHES)
RECORDS
 TOTAL            0.0   MM
TOTALS            0.0               0.0     0.0      0.0
SINCE 7/1         0.0               0.0     0.0      0.0
SNOWDEPTH AVG.      0                MM      MM        0
DAYS >= 1.0         0               0.0     0.0        0
GREATEST
 SNOW DEPTH         0   MM                             0  MM
 24 HR TOTAL      0.0   08/31 TO 08/31

DEGREE_DAYS
HEATING TOTAL      39                28      11        5
 SINCE 7/1         55                39      16       23
COOLING TOTAL     122               161     -39      171
 SINCE 1/1        402               527    -125      478
.................................................................

WIND (MPH)
AVERAGE WIND SPEED              7.1
HIGHEST WIND SPEED/DIRECTION    28/180    DATE  08/22
HIGHEST GUST SPEED/DIRECTION    36/180    DATE  08/22

SKY COVER
POSSIBLE SUNSHINE (PERCENT)   MM
AVERAGE SKY COVER           0.40
NUMBER OF DAYS FAIR           16
NUMBER OF DAYS PC             10
NUMBER OF DAYS CLOUDY          5

AVERAGE RH (PERCENT)     74

WEATHER CONDITIONS. NUMBER OF DAYS WITH
THUNDERSTORM              0     MIXED PRECIP               0
HEAVY RAIN                8     RAIN                       6
LIGHT RAIN               13     FREEZING RAIN              0
LT FREEZING RAIN          0     HAIL                       0
HEAVY SNOW                0     SNOW                       0
LIGHT SNOW                0     SLEET                      0
FOG                      22     FOG W/VIS <= 1/4 MILE      2
HAZE                      1

-  INDICATES NEGATIVE NUMBERS.
R  INDICATES RECORD WAS SET OR TIED.
MM INDICATES DATA IS MISSING.
T  INDICATES TRACE AMOUNT.

$$
