000
CXUS52 KAKQ 011207
CLMECG


CLIMATE REPORT
NATIONAL WEATHER SERVICE WAKEFIELD, VA
806 AM EDT WED OCT 1 2014

...................................

...THE ELIZABETH CITY NC CLIMATE SUMMARY FOR THE MONTH OF SEPTEMBER 2014...

CLIMATE NORMAL PERIOD 1981 TO 2010
CLIMATE RECORD PERIOD 1934 TO 2014

WEATHER         OBSERVED          NORMAL  DEPART  LAST YEAR`S
                 VALUE   DATE(S)  VALUE   FROM    VALUE  DATE(S)
                                          NORMAL
................................................................
TEMPERATURE (F)
RECORD
 HIGH              98   09/08/1985
                        09/06/1954
                        09/04/1944
 LOW               40   09/27/1943
HIGHEST            93   09/02        85       8       MM  MM
LOWEST             55   09/28        59      -4       MM  MM
AVG. MAXIMUM     80.3              81.2    -0.9       MM
AVG. MINIMUM     66.6              63.1     3.5       MM
MEAN             73.4              72.2     1.2       MM
DAYS MAX >= 90      4               1.6     2.4       MM
DAYS MAX <= 32      0               0.0     0.0       MM
DAYS MIN <= 32      0               0.0     0.0       MM
DAYS MIN <= 0       0               0.0     0.0       MM

PRECIPITATION (INCHES)
RECORD
 MAXIMUM           MM   MM
 MINIMUM           MM   MM
TOTALS           6.00              3.93    2.07       MM
DAILY AVG.       0.20              0.13    0.07       MM
DAYS >= .01        12              11.4     0.6       MM
DAYS >= .10         7               5.9     1.1       MM
DAYS >= .50         3               2.5     0.5       MM
DAYS >= 1.00        1               1.4    -0.4       MM
GREATEST
 24 HR. TOTAL    2.90   09/13 TO 09/13
                        09/12 TO 09/13
                        09/13 TO 09/13

DEGREE_DAYS
HEATING TOTAL       1                12     -11       MM
 SINCE 7/1          1                12     -11       MM
COOLING TOTAL     260               226      34       MM
 SINCE 1/1       1503              1522     -19       MM
.................................................................

WIND (MPH)
AVERAGE WIND SPEED              8.1
HIGHEST WIND SPEED/DIRECTION    25/040    DATE  09/24
HIGHEST GUST SPEED/DIRECTION    30/040    DATE  09/24

SKY COVER
POSSIBLE SUNSHINE (PERCENT)   MM
AVERAGE SKY COVER           0.40

AVERAGE RH (PERCENT)     79

WEATHER CONDITIONS. NUMBER OF DAYS WITH
THUNDERSTORM              0     MIXED PRECIP               0
HEAVY RAIN                8     RAIN                       7
LIGHT RAIN               15     FREEZING RAIN              0
LT FREEZING RAIN          0     HAIL                       0
HEAVY SNOW                0     SNOW                       0
LIGHT SNOW                0     SLEET                      0
FOG                      18     FOG W/VIS <= 1/4 MILE      3
HAZE                      1

-  INDICATES NEGATIVE NUMBERS.
R  INDICATES RECORD WAS SET OR TIED.
MM INDICATES DATA IS MISSING.
T  INDICATES TRACE AMOUNT.

$$
