118
CXUS56 KEKA 020600
CLMEKA

CLIMATE REPORT
NATIONAL WEATHER SERVICE EUREKA CA
947 PM PST THU DEC 1 2016

...................................

...THE EUREKA CA CLIMATE SUMMARY FOR THE MONTH OF NOVEMBER 2016...

CLIMATE NORMAL PERIOD 1981 TO 2010
CLIMATE RECORD PERIOD 1886 TO 2016

WEATHER         OBSERVED          NORMAL  DEPART  LAST YEAR`S
                 VALUE   DATE(S)  VALUE   FROM    VALUE
                                          NORMAL
.............................................................
TEMPERATURE (F)
RECORD
 HIGH              81   11/11/1904
 LOW               27   11/27/1896
HIGHEST            72   11/07                MM
LOWEST             36   11/29                MM
AVG. MAXIMUM     61.8                       3.8
AVG. MINIMUM     46.7                       3.2
MEAN             54.2                       3.4

PRECIPITATION (INCHES)
RECORD
 MAXIMUM        16.58   1973
 MINIMUM         0.00   1929
TOTALS           6.98              5.61    1.37
DAYS >= .01        20              15.2     4.8       14
DAYS >= .10        14               9.9     4.1        8
DAYS >= .50         5               4.1     0.9        3
DAYS >= 1.00        1               1.5    -0.5        2
GREATEST
 24 HR. TOTAL    1.19   11/19 TO 11/20

SNOWFALL (INCHES)
 LIQUID 7/1        MM                        MM

DEGREE_DAYS
HEATING TOTAL     315               428    -113      453
 SINCE 7/1       1234              1422    -188     1082
COOLING TOTAL       0                 0       0        0
 SINCE 1/1          0                 0       0        6
..............................................................

WIND (MPH)
AVERAGE WIND SPEED              4.8
HIGHEST WIND SPEED/DIRECTION    23/180    DATE  11/22
HIGHEST GUST SPEED/DIRECTION    37/280    DATE  11/26

SKY COVER
POSSIBLE SUNSHINE (PERCENT)   MM
AVERAGE SKY COVER           0.70
NUMBER OF DAYS FAIR            3
NUMBER OF DAYS PC              8
NUMBER OF DAYS CLOUDY         19


WEATHER CONDITIONS. NUMBER OF DAYS WITH
THUNDERSTORM              0     HEAVY RAIN                 1
RAIN                      6     LIGHT RAIN                21
HAIL                      1     SLEET                      0
FOG                      18     FOG W/VIS <= 1/4 MILE      0
HAZE                      6

-  INDICATES NEGATIVE NUMBERS.
R  INDICATES RECORD WAS SET OR TIED.
MM INDICATES DATA IS MISSING.
T  INDICATES TRACE AMOUNT.

&&

TOTAL RAINFALL...............  6.98 DEPARTURE FROM NORMAL.....+ 1.37
TOTAL SINCE JANUARY 1ST...... 45.26 DEPARTURE FROM NORMAL.....+13.05
TOTAL SINCE OCT 1ST.......... 17.90 DEPARTURE FROM NORMAL.....+10.05

HIGHEST SLP......... 30.32 ON 23 LOWEST SLP........29.63 ON 18

...REMARKS...EUREKA REGISTERED RAINFALL ON 21 DAYS THIS MONTH WHICH
BROUGHT A 1.37 INCH HIGHER THAN NORMAL AMOUNT TO THE OFFICE. TWO
RECORD HIGH TEMPERATURES WERE SET THIS MONTH WITH 72 ON THE 7TH
BREAKING THE 1982 RECORD OF 70 DEGREES AND 70 ON THE 8TH BREAKING
THE 1987 RECORD OF 69.



$$
