000
CXUS55 KLKN 011020
CLMEKO


CLIMATE REPORT
NATIONAL WEATHER SERVICE ELKO NV
312 AM PDT WED NOV 1  2017

...................................

...THE ELKO AIRPORT NV CLIMATE SUMMARY FOR THE MONTH OF OCTOBER 2017...

CLIMATE NORMAL PERIOD 1981 TO 2010
CLIMATE RECORD PERIOD 1888 TO 2017

WEATHER         OBSERVED          NORMAL  DEPART  LAST YEAR`S
                 VALUE   DATE(S)  VALUE   FROM    VALUE  DATE(S)
                                          NORMAL
................................................................
TEMPERATURE (F)
RECORD
 HIGH              92   10/01/2010
 LOW                0   10/12/1891
HIGHEST            75   10/19        81      -6       78  10/09
                        10/07
LOWEST             19   10/21        13       6       25  10/04
AVG. MAXIMUM     64.0              64.5    -0.5     66.3
AVG. MINIMUM     26.0              28.7    -2.7     34.5
MEAN             45.0              46.6    -1.6     50.4
DAYS MAX >= 90      0               0.0     0.0        0
DAYS MAX <= 32      0               0.0     0.0        0
DAYS MIN <= 32     28              20.7     7.3       17
DAYS MIN <= 0       0               0.0     0.0        0

PRECIPITATION (INCHES)
RECORD
 MAXIMUM         2.90   1889
 MINIMUM         0.00   1917
                        1915
                        1893
TOTALS           0.13              0.75   -0.62     2.30
DAILY AVG.       0.00              0.02   -0.02     0.07
DAYS >= .01         3               5.3    -2.3        9
DAYS >= .10         0               2.3    -2.3        5
DAYS >= .50         0               0.2    -0.2        2
DAYS >= 1.00        0               0.0     0.0        0
GREATEST
 24 HR. TOTAL    0.08   10/04 TO 10/04              1.03

SNOWFALL (INCHES)
RECORDS
 TOTAL            9.0   1920
TOTALS              T               0.6    -0.6        T
SINCE 7/1           T               0.7    -0.7        T
SNOWDEPTH AVG.      0                                  0
DAYS >= TRACE       1               0.7     0.3        1
DAYS >= 1.0         0               0.2    -0.2        0
GREATEST
 SNOW DEPTH         0   MM                             0
 24 HR TOTAL        T   10/20 TO 10/20                 T

DEGREE_DAYS
HEATING TOTAL     613               571      42      446
 SINCE 7/1        868               829      39      621
COOLING TOTAL       0                 0       0        0
 SINCE 1/1        785               383     402      560
.................................................................

WIND (MPH)
AVERAGE WIND SPEED              4.7
HIGHEST WIND SPEED/DIRECTION    41/270    DATE  10/20
HIGHEST GUST SPEED/DIRECTION    52/270    DATE  10/20

AVERAGE RH (PERCENT)     47

WEATHER CONDITIONS. NUMBER OF DAYS WITH
THUNDERSTORM              0     MIXED PRECIP               0
HEAVY RAIN                0     RAIN                       0
LIGHT RAIN                4     FREEZING RAIN              0
LT FREEZING RAIN          0     HAIL                       0
HEAVY SNOW                0     SNOW                       0
LIGHT SNOW                1     SLEET                      0
FOG                       1     FOG W/VIS <= 1/4 MILE      0
HAZE                      5

-  INDICATES NEGATIVE NUMBERS.
R  INDICATES RECORD WAS SET OR TIED.
MM INDICATES DATA IS MISSING.
T  INDICATES TRACE AMOUNT.

$$

DS
