000
CXUS55 KLKN 031220
CLMEKO


CLIMATE REPORT
NATIONAL WEATHER SERVICE ELKO NV
445 AM PDT FRI JUL 3 2015

...................................

...THE ELKO AIRPORT NV CLIMATE SUMMARY FOR THE MONTH OF JUNE 2015...

CLIMATE NORMAL PERIOD 1981 TO 2010
CLIMATE RECORD PERIOD 1888 TO 2015

WEATHER         OBSERVED          NORMAL  DEPART  LAST YEAR`S
                 VALUE   DATE(S)  VALUE   FROM    VALUE  DATE(S)
                                          NORMAL
................................................................
TEMPERATURE (F)
RECORD
 HIGH             104   06/30/2013
                        06/24/1981
 LOW               12   06/06/1914
HIGHEST           103   06/28        93      10       91  06/25
                                                          06/24
                                                          06/12
LOWEST             41   06/06        32       9       30  06/18
AVG. MAXIMUM     89.2              80.0     9.2     82.3
AVG. MINIMUM     50.4              44.4     6.0     43.1
MEAN             69.8              62.2     7.6     62.7
DAYS MAX >= 90     17               4.1    12.9        5
DAYS MAX <= 32      0               0.0     0.0        0
DAYS MIN <= 32      0               1.0    -1.0        1
DAYS MIN <= 0       0               0.0     0.0        0

PRECIPITATION (INCHES)
RECORD
 MAXIMUM         4.08   1913
 MINIMUM         0.00   1924
                        1919
TOTALS           0.47              0.65   -0.18     0.14
DAILY AVG.       0.02              0.02    0.00     0.00
DAYS >= .01         8               4.8     3.2        3
DAYS >= .10         1               2.2    -1.2        0
DAYS >= .50         0               0.1    -0.1        0
DAYS >= 1.00        0               0.0     0.0        0
GREATEST
 24 HR. TOTAL    0.15   06/10 TO 06/10              0.13
                        06/09 TO 06/10
                        06/10 TO 06/10

SNOWFALL (INCHES)
RECORDS
 TOTAL            1.7   1914
TOTALS            0.0               0.0     0.0      0.0
SINCE 7/1        14.3              41.3   -27.0     20.5
SNOWDEPTH AVG.      0                                  0
DAYS >= TRACE       0               0.0     0.0        0
DAYS >= 1.0         0               0.0     0.0        0
DAYS >= 5.0         0                                  0
GREATEST
 SNOW DEPTH         0   MM                             0
 24 HR TOTAL      0.0   06/30 TO 06/30               0.0

DEGREE_DAYS
HEATING TOTAL      24               131    -107       92
 SINCE 7/1       5549              7066   -1517     6474
COOLING TOTAL     178                47     131       29
 SINCE 1/1        185                51     134       32
.................................................................

WIND (MPH)
AVERAGE WIND SPEED              5.7
HIGHEST WIND SPEED/DIRECTION    33/270    DATE  06/21
HIGHEST GUST SPEED/DIRECTION    44/210    DATE  06/04

AVERAGE RH (PERCENT)     39

WEATHER CONDITIONS. NUMBER OF DAYS WITH
THUNDERSTORM              0     MIXED PRECIP               0
HEAVY RAIN                1     RAIN                       3
LIGHT RAIN                7     FREEZING RAIN              0
LT FREEZING RAIN          0     HAIL                       0
HEAVY SNOW                0     SNOW                       0
LIGHT SNOW                0     SLEET                      0
FOG                       0     FOG W/VIS <= 1/4 MILE      0
HAZE                      0

-  INDICATES NEGATIVE NUMBERS.
R  INDICATES RECORD WAS SET OR TIED.
MM INDICATES DATA IS MISSING.
T  INDICATES TRACE AMOUNT.

$$

==============================================================

...2ND WARMEST JUNE ON RECORD IN ELKO...
...53RD DRIEST JUNE ON RECORD IN ELKO...

THE AVERAGE TEMPERATURE IN ELKO DURING JUNE 2015 WAS 69.8
DEGREES...WHICH IS 7.6 DEGREES ABOVE THE 1981-2010
CLIMATOLOGICAL NORMAL OF 62.2 DEGREES. THIS MAKES JUNE
2015 THE 2ND WARMEST ON RECORD. THE TOTAL PRECIPITATION
WAS 0.47...WHICH IS -0.18 INCHES OR 27 PERCENT BELOW THE
1981-2010 CLIMATOLOGICAL NORMAL OF 0.65 INCH. THIS MAKES JUNE
2015 THE 53RD DRIEST ON RECORD.

A RECORD HIGH TEMPERATURE OF 103 DEGREES WAS SET ON JUNE 28.
A RECORD HIGH TEMPERATURE OF 101 DEGREES WAS SET ON JUNE 27.


$$

JRM
