000
CXUS55 KLKN 021522 CCB
CLMELY

CLIMATE REPORT...CORRECTED
NATIONAL WEATHER SERVICE ELKO NV
823 AM PDT THU JUL 2 2015

...................................

...THE ELY AIRPORT NV CLIMATE SUMMARY FOR THE MONTH OF MAY 2015...

CLIMATE NORMAL PERIOD 1981 TO 2010
CLIMATE RECORD PERIOD 1893 TO 2015

WEATHER         OBSERVED          NORMAL  DEPART  LAST YEAR`S
                 VALUE   DATE(S)  VALUE   FROM    VALUE  DATE(S)
                                          NORMAL
................................................................
TEMPERATURE (F)
RECORD
 HIGH              95   05/31/1910
 LOW                7   05/04/1950
HIGHEST            85   05/31        82       3       87  05/27
LOWEST             30   05/17        21       9       22  05/13
                                                          05/12
AVG. MAXIMUM     64.5              67.8    -3.3     70.4
AVG. MINIMUM     37.1              33.6     3.5     33.8
MEAN             50.8              50.7     0.1     52.1
DAYS MAX >= 90      0               0.1    -0.1        0
DAYS MAX <= 32      0               0.0     0.0        0
DAYS MIN <= 32      7              12.9    -5.9       12
DAYS MIN <= 0       0               0.0     0.0        0

PRECIPITATION (INCHES)
RECORD
 MAXIMUM         3.55   1896
 MINIMUM            T   1948
TOTALS           1.78              1.10    0.68     0.96
DAILY AVG.       0.06              0.04    0.02     0.03
DAYS >= .01        14               7.3     6.7        6
DAYS >= .10         7               2.9     4.1        1
DAYS >= .50         1               0.5     0.5        1
DAYS >= 1.00        0               0.0     0.0        0
GREATEST
 24 HR. TOTAL    0.65   05/08 TO 05/08              0.83

SNOWFALL (INCHES)
RECORDS
 TOTAL           14.0   1899
                        1895
TOTALS              T               2.3    -2.3      1.7
SINCE 7/1        19.7              50.7   -31.0     51.8
SNOWDEPTH AVG.      0                                  0
DAYS >= TRACE       2               1.7     0.3        4
DAYS >= 1.0         0               0.8    -0.8        0
DAYS >= 5.0         0                                  0
GREATEST
 SNOW DEPTH         0   MM                             2
 24 HR TOTAL        T   05/15 TO 05/15               0.9

DEGREE_DAYS
HEATING TOTAL     439               444      -5      394
 SINCE 7/1       6038              7347   -1309     6876
COOLING TOTAL       3                 1       2        2
 SINCE 1/1          3                 1       2        2
.................................................................

WIND (MPH)
AVERAGE WIND SPEED              9.9
HIGHEST WIND SPEED/DIRECTION    39/150    DATE  05/14
HIGHEST GUST SPEED/DIRECTION    51/MM     DATE   MM

AVERAGE RH (PERCENT)     60

WEATHER CONDITIONS. NUMBER OF DAYS WITH
THUNDERSTORM              0     MIXED PRECIP               0
HEAVY RAIN                3     RAIN                       4
LIGHT RAIN               21     FREEZING RAIN              0
LT FREEZING RAIN          0     HAIL                       0
HEAVY SNOW                0     SNOW                       0
LIGHT SNOW                2     SLEET                      0
FOG                       7     FOG W/VIS <= 1/4 MILE      0
HAZE                      3

-  INDICATES NEGATIVE NUMBERS.
R  INDICATES RECORD WAS SET OR TIED.
MM INDICATES DATA IS MISSING.
T  INDICATES TRACE AMOUNT.

&&

==============================================================

...43RD WARMEST MAY ON RECORD IN ELY...
...20TH WETTEST MAY ON RECORD IN ELY...

THE AVERAGE TEMPERATURE IN ELY DURING MAY 2015 WAS 50.8
DEGREES...WHICH IS 0.1 DEGREES ABOVE THE 1981-2010
CLIMATOLOGICAL NORMAL OF 50.7 DEGREES. THIS MAKES MAY
2015 THE 43RD WARMEST ON RECORD. THE TOTAL PRECIPITATION
WAS 1.78 INCHES...WHICH IS 0.67 INCHES OR 162 PERCENT ABOVE THE
1981-2010 CLIMATOLOGICAL NORMAL OF 1.1 INCHES. THIS MAKES MAY
2015 THE 20TH WETTEST ON RECORD. THE TOTAL SNOWFALL WAS A TRACE
...WHICH IS 2.3 INCHES OR 100 PERCENT BELOW THE 1981-2010
CLIMATOLOGICAL NORMAL OF 2.3 INCHES.

NO DAILY RECORDS WERE SET IN ELY DURING MAY 2015.

$$

JRM/DTK/RLC
