000
CXUS56 KOTX 011142
CLMEPH


CLIMATE REPORT
NATIONAL WEATHER SERVICE SPOKANE, WA
327 AM PST FRI DEC 1 2017

...................................

...THE EPHRATA WA AIRPORT CLIMATE SUMMARY FOR THE MONTH OF NOVEMBER 2017...

CLIMATE NORMAL PERIOD 1981 TO 2010
CLIMATE RECORD PERIOD 9999 TO 9999

WEATHER         OBSERVED          NORMAL  DEPART  LAST YEAR`S
                 VALUE   DATE(S)  VALUE   FROM    VALUE  DATE(S)
                                          NORMAL
................................................................
TEMPERATURE (F)
RECORD
 HIGH              72   11/09/1989
 LOW              -15   11/23/1985
HIGHEST            58   11/23        MM      MM       64  11/12
                        11/01                             11/10
                                                          11/08
LOWEST             25   11/07        MM      MM       25  11/29
                        11/06
                        11/04
AVG. MAXIMUM     46.0              45.1     0.9     53.0
AVG. MINIMUM     31.4              29.0     2.4     37.3
MEAN             38.7              37.0     1.7     45.2
DAYS MAX >= 90      0               0.0     0.0        0
DAYS MAX <= 32      0               2.3    -2.3        0
DAYS MIN <= 32     19              19.4    -0.4        6
DAYS MIN <= 0       0               0.2    -0.2        0

PRECIPITATION (INCHES)
RECORD
 MAXIMUM         3.63   1983
 MINIMUM            T   2004
TOTALS           1.42              1.06    0.36     0.76
DAILY AVG.       0.05              0.04    0.01     0.03
DAYS >= .01        14               8.7     5.3       12
DAYS >= .10         4               3.5     0.5        3
DAYS >= .50         0               0.3    -0.3        0
DAYS >= 1.00        0               0.0     0.0        0
GREATEST
 24 HR. TOTAL    0.37   11/09 TO 11/09           11/14 TO 11/15

SNOWFALL (INCHES)
RECORDS
 TOTAL             MM   MM
TOTALS             MM                MM      MM       MM
SINCE 7/1          MM                MM      MM       MM
SNOWDEPTH AVG.     MM                MM      MM       MM
DAYS >= 1.0        MM                MM      MM       MM
GREATEST
 SNOW DEPTH        MM                                 MM  MM
 24 HR TOTAL       MM                                 MM

DEGREE_DAYS
HEATING TOTAL     779               838     -59      589
 SINCE 7/1       1380              1419     -39     1123
COOLING TOTAL       0                 0       0        0
 SINCE 1/1       1072               772     300      751
..........................................................

WIND (MPH)
AVERAGE WIND SPEED              6.9
HIGHEST WIND SPEED/DIRECTION    28/210    DATE  11/13
HIGHEST GUST SPEED/DIRECTION    38/190    DATE  11/13

SKY COVER
POSSIBLE SUNSHINE (PERCENT)   MM
AVERAGE SKY COVER           0.60
NUMBER OF DAYS FAIR           10
NUMBER OF DAYS PC              9
NUMBER OF DAYS CLOUDY         11

AVERAGE RH (PERCENT)     65

WEATHER CONDITIONS. NUMBER OF DAYS WITH
THUNDERSTORM              0     MIXED PRECIP               0
HEAVY RAIN                0     RAIN                       3
LIGHT RAIN               12     FREEZING RAIN              0
LT FREEZING RAIN          0     HAIL                       0
HEAVY SNOW                1     SNOW                       1
LIGHT SNOW                3     SLEET                      0
FOG                      11     FOG W/VIS <= 1/4 MILE      5
HAZE                      9

-  INDICATES NEGATIVE NUMBERS.
R  INDICATES RECORD WAS SET OR TIED.
MM INDICATES DATA IS MISSING.
T  INDICATES TRACE AMOUNT.

$$
