000
CXUS56 KOTX 011025
CLMEPH


CLIMATE REPORT
NATIONAL WEATHER SERVICE SPOKANE, WA
323 AM PDT TUE JUL 1 2014

...................................

...THE EPHRATA WA AIRPORT CLIMATE SUMMARY FOR THE MONTH OF JUNE 2014...

CLIMATE NORMAL PERIOD 1981 TO 2010
CLIMATE RECORD PERIOD 9999 TO 9999

WEATHER         OBSERVED          NORMAL  DEPART  LAST YEAR`S
                 VALUE   DATE(S)  VALUE   FROM    VALUE  DATE(S)
                                          NORMAL
................................................................
TEMPERATURE (F)
RECORD
 HIGH             105   06/22/1973
 LOW               33   06/28/1976
HIGHEST            90   06/23        MM      MM       97  06/30
LOWEST             48   06/17        MM      MM       43  06/12
AVG. MAXIMUM     80.9              79.7     1.2     78.9
AVG. MINIMUM     56.8              53.6     3.2     54.2
MEAN             68.8              66.6     2.2     66.6
DAYS MAX >= 90      1               3.3    -2.3        5
DAYS MAX <= 32      0               0.0     0.0        0
DAYS MIN <= 32      0               0.0     0.0        0
DAYS MIN <= 0       0               0.0     0.0        0

PRECIPITATION (INCHES)
RECORD
 MAXIMUM         1.90   1984
 MINIMUM            T   2003
TOTALS           0.26              0.61   -0.35     1.39
DAILY AVG.       0.01              0.02   -0.01     0.05
DAYS >= .01         4               4.7    -0.7        9
DAYS >= .10         1               2.0    -1.0        3
DAYS >= .50         0               0.2    -0.2        1
DAYS >= 1.00        0               0.0     0.0        0
GREATEST
 24 HR. TOTAL    0.20   06/16 TO 06/16           06/17 TO 06/18
                                                          06/18 TO 06/18
                                                          06/18 TO 06/18

SNOWFALL (INCHES)
RECORDS
 TOTAL              T   MM
 SNOW DEPTH        MM
TOTALS             MM               0.0      MM       MM
SINCE 7/1          MM              18.9      MM       MM
SNOWDEPTH AVG.     MM                MM      MM
DAYS >= 1.0         0               0.0     0.0        0
GREATEST
 SNOW DEPTH        MM                                 MM  MM
 24 HR TOTAL       MM                                 MM

DEGREE_DAYS
HEATING TOTAL      23                60     -37       58
 SINCE 7/1       5758              5969    -211     5554
COOLING TOTAL     146               110      36      112
 SINCE 1/1        190               147      43      169
.........................................................

WIND (MPH)
AVERAGE WIND SPEED              9.9
HIGHEST WIND SPEED/DIRECTION    31/300    DATE  06/20
HIGHEST GUST SPEED/DIRECTION    41/300    DATE  06/20

SKY COVER
POSSIBLE SUNSHINE (PERCENT)   MM
AVERAGE SKY COVER           0.20
NUMBER OF DAYS FAIR           23
NUMBER OF DAYS PC              5
NUMBER OF DAYS CLOUDY          2

AVERAGE RH (PERCENT)     37

WEATHER CONDITIONS. NUMBER OF DAYS WITH
THUNDERSTORM              0     MIXED PRECIP               0
HEAVY RAIN                0     RAIN                       1
LIGHT RAIN                6     FREEZING RAIN              0
LT FREEZING RAIN          0     HAIL                       0
HEAVY SNOW                0     SNOW                       0
LIGHT SNOW                0     SLEET                      0
FOG                       1     FOG W/VIS <= 1/4 MILE      0
HAZE                      0

-  INDICATES NEGATIVE NUMBERS.
R  INDICATES RECORD WAS SET OR TIED.
MM INDICATES DATA IS MISSING.
T  INDICATES TRACE AMOUNT.

$$
