000
CXUS53 KIND 011515
CLMEYE


CLIMATE REPORT
NATIONAL WEATHER SERVICE INDIANAPOLIS IN
1115 AM EDT FRI JUL 1 2016

...................................

...THE INDIANAPOLIS EAGLE CREEK IN CLIMATE SUMMARY FOR THE MONTH OF JUNE 2016...

CLIMATE NORMAL PERIOD 1981 TO 2010
CLIMATE RECORD PERIOD 9999 TO 9999

WEATHER         OBSERVED          NORMAL  DEPART  LAST YEAR`S
                 VALUE   DATE(S)  VALUE   FROM    VALUE  DATE(S)
                                          NORMAL
................................................................
TEMPERATURE (F)
HIGHEST            92   06/26                         90  06/11
                        06/11
LOWEST             53   06/08                         48  06/02
AVG. MAXIMUM     84.5              81.3     3.2     80.5
AVG. MINIMUM     65.0              63.4     1.6     63.5
MEAN             74.8              72.3     2.5     72.0
DAYS MAX >= 90      9               1.8     7.2        1
DAYS MAX <= 32      0               0.0     0.0        0
DAYS MIN <= 32      0               0.0     0.0        0
DAYS MIN <= 0       0               0.0     0.0        0

PRECIPITATION (INCHES)
TOTALS           8.86              4.39    4.47     5.17
DAILY AVG.       0.30              0.15    0.15     0.17
DAYS >= .01        10                MM      MM       15
DAYS >= .10         9                MM      MM       10
DAYS >= .50         4                MM      MM        5
DAYS >= 1.00        4                MM      MM        1
GREATEST
 24 HR. TOTAL    3.14   06/15 TO 06/15

DEGREE_DAYS
HEATING TOTAL       0                14     -14       18
 SINCE 7/1       4505              5348    -843     5940
COOLING TOTAL     301               234      67      235
 SINCE 1/1        403               318      85      362
.................................................................

WIND (MPH)
AVERAGE WIND SPEED              5.9
HIGHEST WIND SPEED/DIRECTION    52/330    DATE  06/15
HIGHEST GUST SPEED/DIRECTION    66/340    DATE  06/15

SKY COVER
POSSIBLE SUNSHINE (PERCENT)   MM
AVERAGE SKY COVER           0.20
NUMBER OF DAYS FAIR           22
NUMBER OF DAYS PC              7
NUMBER OF DAYS CLOUDY          1

AVERAGE RH (PERCENT)     63

WEATHER CONDITIONS. NUMBER OF DAYS WITH
THUNDERSTORM              9     MIXED PRECIP               0
HEAVY RAIN                6     RAIN                       6
LIGHT RAIN               10     FREEZING RAIN              0
LT FREEZING RAIN          0     HAIL                       0
HEAVY SNOW                0     SNOW                       0
LIGHT SNOW                0     SLEET                      0
FOG                      12     FOG W/VIS <= 1/4 MILE      0
HAZE                      3

-  INDICATES NEGATIVE NUMBERS.
R  INDICATES RECORD WAS SET OR TIED.
MM INDICATES DATA IS MISSING.
T  INDICATES TRACE AMOUNT.

$$
