000
CXAK59 PAFG 012135
CLMFAI


CLIMATE REPORT
NATIONAL WEATHER SERVICE FAIRBANKS, AK
126 PM AKDT SAT JUL 1 2017

...................................

...THE FAIRBANKS CLIMATE SUMMARY FOR THE MONTH OF JUNE 2017...

CLIMATE NORMAL PERIOD 1981 TO 2010
CLIMATE RECORD PERIOD 1904 TO 2017

WEATHER         OBSERVED          NORMAL  DEPART  LAST YEAR`S
                 VALUE   DATE(S)  VALUE   FROM    VALUE  DATE(S)
                                          NORMAL
................................................................
TEMPERATURE (F)
RECORD
 HIGH              96   06/15/1969
 LOW               28   06/29/1918
HIGHEST            90   06/09        84       6       85  06/17
LOWEST             43   06/15        38       5       40  06/03
                        06/13
                        06/01
AVG. MAXIMUM     73.3              71.6     1.7     69.8
AVG. MINIMUM     52.3              49.3     3.0     50.1
MEAN             62.8              60.4     2.4     60.0
DAYS MAX >= 90      1               0.2     0.8        0
DAYS MAX <= 32      0               0.0     0.0        0
DAYS MIN <= 32      0               0.1    -0.1        0
DAYS MIN <= 0       0               0.0     0.0        0

PRECIPITATION (INCHES)
RECORD
 MAXIMUM         3.56   2014
 MINIMUM         0.19   1966
TOTALS           1.73              1.37    0.36     3.29
DAILY AVG.       0.06              0.05    0.01     0.11
DAYS >= .01         8              10.9    -2.9       18
DAYS >= .10         4               4.1    -0.1        8
DAYS >= .50         1               0.4     0.6        1
DAYS >= 1.00        1               0.1     0.9        0
GREATEST
 24 HR. TOTAL    1.03   06/11 TO 06/11           06/11 TO 06/12

SNOWFALL (INCHES)
RECORDS
 TOTAL            1.2   1931
 24 HR TOTAL      1.2   06/02/1931 TO 06/02/1931
 SNOW DEPTH         0   MM
TOTALS            0.0               0.0     0.0      0.0
SINCE 7/1        83.1              65.0    18.1     60.0
SNOWDEPTH AVG.      0                MM      MM        0
DAYS >= TRACE       0               0.0     0.0        0
DAYS >= 1.0         0               0.0     0.0        0
GREATEST
 SNOW DEPTH         0   MM                             0  MM
 24 HR TOTAL      0.0   06/30 TO 06/30           06/30 TO 06/30


DEGREE_DAYS
HEATING TOTAL      94               160     -66      161
 SINCE 7/1      13648             13669     -21    11989
COOLING TOTAL      35                23      12       19
 SINCE 1/1         35                24      11       25
.................................................

WIND (MPH)
AVERAGE WIND SPEED              5.6
HIGHEST WIND SPEED/DIRECTION    23/070    DATE  06/06
HIGHEST GUST SPEED/DIRECTION    29/070    DATE  06/19

SKY COVER
AVERAGE SKY COVER           0.60


WEATHER CONDITIONS. NUMBER OF DAYS WITH
THUNDERSTORM              0     MIXED PRECIP               0
HEAVY RAIN                0     RAIN                       2
LIGHT RAIN               13     FREEZING RAIN              0
LT FREEZING RAIN          0     HAIL                       0
HEAVY SNOW                0     SNOW                       0
LIGHT SNOW                0     SLEET                      0
FOG                       4     FOG W/VIS <= 1/4 MILE      0
HAZE                      0

-  INDICATES NEGATIVE NUMBERS.
R  INDICATES RECORD WAS SET OR TIED.
MM INDICATES DATA IS MISSING.
T  INDICATES TRACE AMOUNT.

$$
