000
CXUS53 KFGF 011526
CLMFAR

BISCLMFAR 000
TTAA00 KFGF 011359


CLIMATE REPORT
NATIONAL WEATHER SERVICE EASTERN NORTH DAKOTA/GRAND FORKS
1025 AM CDT WED JUL 1 2015

...................................

...THE FARGO HECTOR INTL AP ND CLIMATE SUMMARY FOR THE MONTH OF JUNE 2015...

CLIMATE NORMAL PERIOD 1981 TO 2010
CLIMATE RECORD PERIOD 1881 TO 2015

WEATHER         OBSERVED          NORMAL  DEPART  LAST YEAR`S
                 VALUE   DATE(S)  VALUE   FROM    VALUE  DATE(S)
                                          NORMAL
................................................................
TEMPERATURE (F)
RECORD
 HIGH             104   06/18/1933
 LOW               28   06/01/1888
HIGHEST            92   06/09        77      15       89  06/21
LOWEST             44   06/16        55     -11       44  06/08
AVG. MAXIMUM     78.5              77.4     1.1     77.6
AVG. MINIMUM     55.8              54.9     0.9     56.9
MEAN             67.1              66.2     0.9     67.1
DAYS MAX >= 90      1               2.2    -1.2        0
DAYS MAX <= 32      0               0.0     0.0        0
DAYS MIN <= 32      0               0.0     0.0        0
DAYS MIN <= 0       0               0.0     0.0        0

PRECIPITATION (INCHES)
RECORD
 MAXIMUM        11.71   2000
 MINIMUM         0.30   1929
TOTALS           2.75              3.90   -1.15     5.55
DAILY AVG.       0.09              0.13   -0.04     0.19
DAYS >= .01        11              11.7    -0.7       14
DAYS >= .10         7               6.9     0.1       11
DAYS >= .50         2               2.4    -0.4        6
DAYS >= 1.00        0               0.9    -0.9        1
GREATEST
 24 HR. TOTAL    0.87   06/14 TO 06/14           06/14 TO 06/15
                                                          06/30 TO 06/30
                                                          06/30 TO 06/30
 STORM TOTAL       MM                                 MM
 (MM/DD(HH))            MM                    06/15(00) TO 06/15(00)
                                                 06/30(00) TO 06/30(00)0
                                                 06/30(00) TO 06/30(00)0

SNOWFALL (INCHES)
RECORDS
 TOTAL             MM   MM
TOTALS            0.0               0.0     0.0      0.0
SINCE 7/1        16.0              50.4   -34.4     34.9
SNOWDEPTH AVG.      0                MM      MM        0
DAYS >= 1.0         0               0.0     0.0        0
GREATEST
 SNOW DEPTH         0   MM                             0  MM
 24 HR TOTAL      0.0   06/30 TO 06/30
 STORM TOTAL       MM                                 MM
 (MM/DD(HH))            MM                    06/30(00) TO 06/30(00)
                                                 06/30(00) TO 06/30(00)0
                                                 06/30(00) TO 06/30(00)0

DEGREE_DAYS
HEATING TOTAL      23                73     -50       30
 SINCE 7/1       8255              8802    -547     9679
COOLING TOTAL      96               107     -11       97
 SINCE 1/1        111               138     -27      176
.................................................

WIND (MPH)
AVERAGE WIND SPEED              8.9
HIGHEST WIND SPEED/DIRECTION    37/130    DATE  06/02
HIGHEST GUST SPEED/DIRECTION    45/130    DATE  06/02

SKY COVER
POSSIBLE SUNSHINE (PERCENT)   MM
AVERAGE SKY COVER           0.30
NUMBER OF DAYS FAIR           18
NUMBER OF DAYS PC             10
NUMBER OF DAYS CLOUDY          2

AVERAGE RH (PERCENT)     69

WEATHER CONDITIONS. NUMBER OF DAYS WITH
THUNDERSTORM              0     MIXED PRECIP               0
HEAVY RAIN                5     RAIN                       5
LIGHT RAIN               13     FREEZING RAIN              0
LT FREEZING RAIN          0     HAIL                       0
HEAVY SNOW                0     SNOW                       0
LIGHT SNOW                0     SLEET                      0
FOG                      16     FOG W/VIS <= 1/4 MILE      2
HAZE                      5

-  INDICATES NEGATIVE NUMBERS.
R  INDICATES RECORD WAS SET OR TIED.
MM INDICATES DATA IS MISSING.
T  INDICATES TRACE AMOUNT.

&&

THE MONTH OF JUNE 2015 AT THE FARGO HECTOR INTERNATIONAL AIRPORT WAS
SLIGHTLY WARMER THAN NORMAL WITH AN AVERAGE TEMPERATURE OF 77.4
DEGREES...WHICH IS 1.1 DEGREES ABOVE NORMAL. IT WAS ALSO DRIER THAN
NORMAL WITH RAINFALL FOR THE MONTH AT 2.75 INCHES...WHICH IS 1.15
INCHES BELOW NORMAL.

REMEMBER...THIS DATA IS PROVISIONAL AND SUBJECT TO CHANGE. THE FINAL
AND OFFICIAL RECORDS WILL BE AVAILABLE FROM THE NATIONAL CENTERS FOR
ENVIRONMENTAL INFORMATION (FORMERLY THE NATIONAL CLIMATE DATA
CENTER).

$$
