000
CXUS53 KLMK 011545
CLMFFT


CLIMATE REPORT
NATIONAL WEATHER SERVICE LOUISVILLE KY
1137 AM EDT WED NOV 1 2017

...................................

...THE FRANKFORT KY CLIMATE SUMMARY FOR THE MONTH OF OCTOBER 2017...

CLIMATE NORMAL PERIOD 1981 TO 2010
CLIMATE RECORD PERIOD 1895 TO 2017

WEATHER         OBSERVED          NORMAL  DEPART  LAST YEAR`S
                 VALUE   DATE(S)  VALUE   FROM    VALUE  DATE(S)
                                          NORMAL
................................................................
TEMPERATURE (F)
RECORD
 HIGH              98   10/01/1953
 LOW               20   10/22/1952
                        10/23/1952
                        10/29/1925
HIGHEST            83   10/14        MM      MM       86  10/19
                        10/07
                        10/06
LOWEST             28   10/30        MM      MM       37  10/25
AVG. MAXIMUM     70.5              68.3     2.2     75.3
AVG. MINIMUM     47.3              44.4     2.9     50.8
MEAN             58.9              56.4     2.5     63.0
DAYS MAX >= 90      0               0.1    -0.1        0
DAYS MAX <= 32      0               0.0     0.0        0
DAYS MIN <= 32      4               2.6     1.4        0
DAYS MIN <= 0       0               0.0     0.0        0

PRECIPITATION (INCHES)
RECORD
 MAXIMUM         9.14   1919
 MINIMUM         0.08   1963
TOTALS           5.44              3.24    2.20     0.65
DAILY AVG.       0.18              0.10    0.08     0.02
DAYS >= .01         9                MM      MM        4
DAYS >= .10         5                MM      MM        2
DAYS >= .50         4                MM      MM        0
DAYS >= 1.00        1                MM      MM        0
GREATEST
 24 HR. TOTAL    2.76   10/08 TO 10/08

SNOWFALL (INCHES)
RECORDS
 TOTAL             MM   MM
TOTALS             MM                MM      MM       MM
SINCE 7/1          MM                MM      MM       MM
SNOWDEPTH AVG.     MM                MM      MM       MM
DAYS >= 1.0         0                MM      MM        0
GREATEST
 SNOW DEPTH        MM                                 MM  MM
 24 HR TOTAL       MM

DEGREE_DAYS
HEATING TOTAL     227               287     -60      127
 SINCE 7/1        259               341     -82      145
COOLING TOTAL      44                19      25       74
 SINCE 1/1       1273              1154     119     1627
.................................................................

WIND (MPH)
AVERAGE WIND SPEED              5.1
HIGHEST WIND SPEED/DIRECTION    24/330    DATE  10/15
HIGHEST GUST SPEED/DIRECTION    32/280    DATE  10/07

SKY COVER
POSSIBLE SUNSHINE (PERCENT)   MM
AVERAGE SKY COVER           0.40
NUMBER OF DAYS FAIR           16
NUMBER OF DAYS PC              6
NUMBER OF DAYS CLOUDY          9

AVERAGE RH (PERCENT)     68

WEATHER CONDITIONS. NUMBER OF DAYS WITH
THUNDERSTORM              0     MIXED PRECIP               0
HEAVY RAIN                6     RAIN                       6
LIGHT RAIN                9     FREEZING RAIN              0
LT FREEZING RAIN          0     HAIL                       0
HEAVY SNOW                0     SNOW                       0
LIGHT SNOW                1     SLEET                      0
FOG                      17     FOG W/VIS <= 1/4 MILE      4
HAZE                      5

-  INDICATES NEGATIVE NUMBERS.
R  INDICATES RECORD WAS SET OR TIED.
MM INDICATES DATA IS MISSING.
T  INDICATES TRACE AMOUNT.

$$

TENTH WETTEST OCTOBER.

CMC
