503
CXUS53 KFGF 010944
CLMFGF

CLIMATE REPORT
NATIONAL WEATHER SERVICE EASTERN NORTH DAKOTA/GRAND FORKS
445 AM CDT TUE AUG 1 2017

...................................

...THE GRAND FORKS UNIV. (NWS) CLIMATE SUMMARY FOR THE MONTH OF JULY 2017...

CLIMATE NORMAL PERIOD 1981 TO 2010
CLIMATE RECORD PERIOD 1893 TO 2017

WEATHER         OBSERVED          NORMAL  DEPART  LAST YEAR`S
                 VALUE   DATE(S)  VALUE   FROM    VALUE
                                          NORMAL
.............................................................
TEMPERATURE (F)
RECORD
 HIGH             109   07/12/1936
 LOW               36   07/06/1908
HIGHEST            91   07/04        82       9
LOWEST             49   07/02        58      -9
AVG. MAXIMUM     83.0              81.2     1.8
AVG. MINIMUM     60.2              58.4     1.8
MEAN             71.6              69.8     1.8
DAYS MAX >= 90      1               2.9    -1.9
DAYS MAX <= 32      0               0.0     0.0
DAYS MIN <= 32      0               0.0     0.0
DAYS MIN <= 0       0               0.0     0.0

PRECIPITATION (INCHES)
RECORD
 MAXIMUM         8.10   2001
 MINIMUM         0.38   1976
TOTALS           1.36              3.17   -1.81
DAILY AVG.       0.04              0.10   -0.06
DAYS >= .01        10               9.8     0.2
DAYS >= .10         4               6.0    -2.0
DAYS >= .50         0               2.0    -2.0
DAYS >= 1.00        0               0.8    -0.8
GREATEST
 24 HR. TOTAL    0.45   07/21 TO 07/21              1.70
 STORM TOTAL       MM                                 MM
 (MM/DD(HH))            MM

SNOWFALL (INCHES)
RECORDS
 TOTAL             MM   MM
TOTALS              T               0.0     0.0
 LIQUID EQUIV      MM              0.00      MM
SINCE 7/1           T               0.0     0.0
 LIQUID 7/1        MM
DAYS >= TRACE       1               0.0     1.0
DAYS >= 1.0         0               0.0     0.0
GREATEST
 SNOW DEPTH         0   MM

DEGREE_DAYS
HEATING TOTAL       9                23     -14
 SINCE 7/1          9                23     -14
COOLING TOTAL     221               171      50
 SINCE 1/1        314               288      26
..............................................................

SKY COVER
POSSIBLE SUNSHINE (PERCENT)   MM
AVERAGE SKY COVER             MM
NUMBER OF DAYS FAIR            0
NUMBER OF DAYS PC              0
NUMBER OF DAYS CLOUDY          0


WEATHER CONDITIONS. NUMBER OF DAYS WITH
THUNDERSTORM              0     MIXED PRECIP               0
HEAVY RAIN                1     RAIN                       1
LIGHT RAIN                4     FREEZING RAIN              0
LT FREEZING RAIN          0     HAIL                       0
HEAVY SNOW                0     SNOW                       0
LIGHT SNOW                0     SLEET                      0
FOG                       0     FOG W/VIS <= 1/4 MILE      0
HAZE                      0

-  INDICATES NEGATIVE NUMBERS.
R  INDICATES RECORD WAS SET OR TIED.
MM INDICATES DATA IS MISSING.
T  INDICATES TRACE AMOUNT.

&&

REMARKS...

THE MONTH OF JULY WAS SLIGHTLY ABOVE NORMAL WITH RESPECT TO
TEMPERATURES. THE AVERAGE TEMPERATURE FOR JULY WAS 71.6 DEGREES
WHICH IS 1.8 DEGREES ABOVE NORMAL.

PRECIPITATION FOR JULY WAS LESS THAN HALF OF NORMAL.  THE TOTAL
RAINFALL WAS 1.36 INCHES WHICH IS 1.81 INCHES BELOW NORMAL.

REMEMBER...THIS DATA IS PROVISIONAL AND SUBJECT TO CHANGE. THE FINAL
AND OFFICIAL RECORDS WILL BE AVAILABLE FROM THE NATIONAL CENTERS FOR
ENVIRONMENTAL INFORMATION (FORMERLY THE NATIONAL CLIMATE DATA
CENTER).

$$
