000
CXUS53 KFGF 011339 AAA
CLMFGF

CLIMATE REPORT
NATIONAL WEATHER SERVICE EASTERN NORTH DAKOTA/GRAND FORKS
648 AM CDT SAT OCT 1 2016

...................................

...THE GRAND FORKS UNIV. (NWS) CLIMATE SUMMARY FOR THE MONTH OF SEPTEMBER 2016...

CLIMATE NORMAL PERIOD 1981 TO 2010
CLIMATE RECORD PERIOD 1890 TO 2016

WEATHER         OBSERVED          NORMAL  DEPART  LAST YEAR`S
                 VALUE   DATE(S)  VALUE   FROM    VALUE
                                          NORMAL
.............................................................
TEMPERATURE (F)
RECORD
 HIGH             100   09/02/1983
                        09/05/1978
                        09/07/1931
 LOW               18   09/28/1942
HIGHEST            83   09/03        70      13
LOWEST             37   09/14        46      -9
AVG. MAXIMUM     70.0              69.7     0.3
AVG. MINIMUM     50.6              46.3     4.3
MEAN             60.3              58.0     2.3
DAYS MAX >= 90      0               0.4    -0.4
DAYS MAX <= 32      0               0.0     0.0
DAYS MIN <= 32      0               1.2    -1.2
DAYS MIN <= 0       0               0.0     0.0

PRECIPITATION (INCHES)
RECORD
 MAXIMUM         7.54   1957
 MINIMUM         0.10   1897
TOTALS           4.97              2.05    2.92
DAILY AVG.       0.17              0.07    0.10
DAYS >= .01        10               8.2     1.8
DAYS >= .10         4               4.6    -0.6
DAYS >= .50         2               1.2     0.8
DAYS >= 1.00        1               0.4     0.6
GREATEST
 24 HR. TOTAL    3.73   09/04 TO 09/04              0.31
 STORM TOTAL       MM                                 MM
 (MM/DD(HH))            MM

SNOWFALL (INCHES)
RECORDS
 TOTAL            0.5   1972
TOTALS            0.0               0.0     0.0
 LIQUID EQUIV    0.00              0.00    0.00
SINCE 7/1           T               0.0     0.0
 LIQUID 7/1        MM
DAYS >= TRACE       0               0.0     0.0
DAYS >= 1.0         0               0.0     0.0
GREATEST
 SNOW DEPTH         0   MM

DEGREE_DAYS
HEATING TOTAL     155               240     -85
 SINCE 7/1        173               304    -131
COOLING TOTAL      22                30      -8
 SINCE 1/1        456               462      -6
..............................................................

SKY COVER
POSSIBLE SUNSHINE (PERCENT)   MM
AVERAGE SKY COVER             MM
NUMBER OF DAYS FAIR            0
NUMBER OF DAYS PC              0
NUMBER OF DAYS CLOUDY          0


WEATHER CONDITIONS. NUMBER OF DAYS WITH
THUNDERSTORM              0     MIXED PRECIP               0
HEAVY RAIN                1     RAIN                       1
LIGHT RAIN                4     FREEZING RAIN              0
LT FREEZING RAIN          0     HAIL                       0
HEAVY SNOW                0     SNOW                       0
LIGHT SNOW                0     SLEET                      0
FOG                       1     FOG W/VIS <= 1/4 MILE      0
HAZE                      0

-  INDICATES NEGATIVE NUMBERS.
R  INDICATES RECORD WAS SET OR TIED.
MM INDICATES DATA IS MISSING.
T  INDICATES TRACE AMOUNT.

&&

REMARKS...

ANOTHER WARM AND WET MONTH OCCURRED IN SEPTEMBER. THE AVERAGE
MONTHLY TEMPERATURE WAS 60.3 DEGREES OR 2.3 DEGREES ABOVE NORMAL. NO
DAILY RECORD TEMPERATURES OCCURRED DURING THE MONTH.

RAINFALL WAS WELL ABOVE NORMAL. 4.97 INCHES OF RAIN FELL IN
SEPTEMBER AND WAS 2.92 INCHES ABOVE NORMAL. A DAILY RECORD RAINFALL
OCCURRED ON SEPTEMBER 4. A RECORD RAINFALL OF 3.73 INCHES OCCURRED.
THE OLD RECORD WAS 1.49 INCHES SET IN 1912. THE MONTHLY RAIN TOTAL
WAS THE 6TH WETTEST SEPTEMBER.

REMEMBER...THIS DATA IS PROVISIONAL AND SUBJECT TO CHANGE. THE FINAL
AND OFFICIAL RECORDS WILL BE AVAILABLE FROM THE NATIONAL CENTERS FOR
ENVIRONMENTAL INFORMATION (FORMERLY THE NATIONAL CLIMATE DATA
CENTER).

$$
