000
CXUS52 KILM 011527
CLMFLO


CLIMATE REPORT
NATIONAL WEATHER SERVICE WILMINGTON NC
1025 AM EST FRI DEC 1 2017

...................................

...THE FLORENCE SOUTH  CAROLINA CLIMATE SUMMARY FOR THE SEASON, FROM
9/1/2017 TO 11/30/2017...

CLIMATE NORMAL PERIOD 1981 TO 2010
CLIMATE RECORD PERIOD 1948 TO 2017

WEATHER         OBSERVED          NORMAL  DEPART  LAST YEAR`S
                 VALUE   DATE(S)  VALUE   FROM    VALUE
                                          NORMAL
.............................................................
TEMPERATURE (F)
RECORD
 HIGH             102   10/06/1954
 LOW               16   11/26/1950
HIGHEST            93   09/28        MM      MM       MM
LOWEST             29   11/28        MM      MM       MM
AVG. MAXIMUM     76.7              75.6     1.1       MM
AVG. MINIMUM     53.8              53.7     0.1       MM
MEAN             65.2              64.6     0.6       MM
DAYS MAX >= 90      5               5.9    -0.9       MM
DAYS MAX <= 32      0               0.0     0.0       MM
DAYS MIN <= 32      3               4.0    -1.0       MM
DAYS MIN <= 0       0               0.0     0.0       MM

PRECIPITATION (INCHES)
RECORD
 MAXIMUM           MM   MM
 MINIMUM           MM   MM
TOTALS           6.39              9.42   -3.03       MM
DAILY AVG.       0.07              0.10   -0.03       MM
DAYS >= .01        16              22.0    -6.0       MM
DAYS >= .10        10              14.2    -4.2       MM
DAYS >= .50         5               5.9    -0.9       MM
DAYS >= 1.00        1               2.8    -1.8       MM
GREATEST
 24 HR. TOTAL    2.11   MM                            MM

DEGREE_DAYS
HEATING TOTAL     405               421     -16       MM
 SINCE 7/1        405               422     -17       MM
COOLING TOTAL     466               389      77       MM
 SINCE 1/1       2248              2059     189       MM
..............................................................

WIND (MPH)
AVERAGE WIND SPEED              6.1
RESULTANT WIND SPEED/DIRECTION   2/034
HIGHEST WIND SPEED/DIRECTION    35/070    DATE  09/11
HIGHEST GUST SPEED/DIRECTION    45/070    DATE  09/11

SKY COVER
POSSIBLE SUNSHINE (PERCENT)   MM
AVERAGE SKY COVER           0.20
NUMBER OF DAYS FAIR           67
NUMBER OF DAYS PC             18
NUMBER OF DAYS CLOUDY          6

AVERAGE RH (PERCENT)     73

WEATHER CONDITIONS. NUMBER OF DAYS WITH
THUNDERSTORM              7     MIXED PRECIP              MM
HEAVY RAIN                8     RAIN                       9
LIGHT RAIN               20     FREEZING RAIN              0
LT FREEZING RAIN          0     HAIL                      MM
HEAVY SNOW                0     SNOW                       0
LIGHT SNOW                0     SLEET                     MM
FOG                      35     FOG W/VIS <= 1/4 MILE      7
HAZE                     13

-  INDICATES NEGATIVE NUMBERS.
R  INDICATES RECORD WAS SET OR TIED.
MM INDICATES DATA IS MISSING.
T  INDICATES TRACE AMOUNT.

$$
