000
CXUS53 KDDC 011455
CLMGCK


CLIMATE REPORT
NATIONAL WEATHER SERVICE DODGE CITY KS
946 AM CDT TUE SEP 1 2015

...................................

...THE GARDEN CITY REGIONAL ARPT KS CLIMATE SUMMARY FOR THE MONTH OF AUGUST 2015...

CLIMATE NORMAL PERIOD 1981 TO 2010
CLIMATE RECORD PERIOD 1948 TO 2015

WEATHER         OBSERVED          NORMAL  DEPART  LAST YEAR`S
                 VALUE   DATE(S)  VALUE   FROM    VALUE  DATE(S)
                                          NORMAL
................................................................
TEMPERATURE (F)
RECORD
 HIGH             109   08/10/1964
 LOW               46   08/28/1976
                        08/20/1950
HIGHEST            99   08/08        MM      MM      100  08/31
                        08/07                             08/18
LOWEST             52   08/30        MM      MM       57  08/30
                        08/24                             08/29
                                                          08/01
AVG. MAXIMUM     88.8              89.7    -0.9     91.8
AVG. MINIMUM     63.0              63.7    -0.7     63.5
MEAN             75.9              76.7    -0.8     77.6
DAYS MAX >= 90     20              16.7     3.3       21
DAYS MAX <= 32      0               0.0     0.0        0
DAYS MIN <= 32      0               0.0     0.0        0
DAYS MIN <= 0       0               0.0     0.0        0

PRECIPITATION (INCHES)
RECORD
 MAXIMUM         6.91   1979
 MINIMUM         0.10   1984
TOTALS           1.89              2.45   -0.56     1.85
DAYS >= .01        10               7.7     2.3        9
DAYS >= .10         3               4.8    -1.8        3
DAYS >= .50         1               1.7    -0.7        2
DAYS >= 1.00        0               0.5    -0.5        0
GREATEST
 24 HR. TOTAL    1.20   08/16 TO 08/17           08/26 TO 08/27

DEGREE_DAYS
HEATING TOTAL       0                 3      -3        0
 SINCE 7/1          0                 4      -4       10
COOLING TOTAL     349               365     -16      401
 SINCE 1/1       1135              1116      19     1160
........................................................

WIND (MPH)
AVERAGE WIND SPEED              10.4
HIGHEST WIND SPEED/DIRECTION    31/030    DATE  08/22
HIGHEST GUST SPEED/DIRECTION    39/030    DATE  08/22


WEATHER CONDITIONS. NUMBER OF DAYS WITH
THUNDERSTORM             11     MIXED PRECIP               0
HEAVY RAIN                2     RAIN                       5
LIGHT RAIN                9     FREEZING RAIN              0
LT FREEZING RAIN          0     HAIL                       0
HEAVY SNOW                0     SNOW                       0
LIGHT SNOW                0     SLEET                      0
FOG                      18     FOG W/VIS <= 1/4 MILE      3
HAZE                      4

-  INDICATES NEGATIVE NUMBERS.
R  INDICATES RECORD WAS SET OR TIED.
MM INDICATES DATA IS MISSING.
T  INDICATES TRACE AMOUNT.

$$
