000
CXUS53 KDDC 011453
CLMGCK


CLIMATE REPORT
NATIONAL WEATHER SERVICE DODGE CITY KS
842 AM CST WED FEB 1 2017

...................................

...THE GARDEN CITY REGIONAL ARPT KS CLIMATE SUMMARY FOR THE MONTH OF JANUARY 2017...

CLIMATE NORMAL PERIOD 1981 TO 2010
CLIMATE RECORD PERIOD 1948 TO 2017

WEATHER         OBSERVED          NORMAL  DEPART  LAST YEAR`S
                 VALUE   DATE(S)  VALUE   FROM    VALUE  DATE(S)
                                          NORMAL
................................................................
TEMPERATURE (F)
RECORD
 HIGH              79   01/27/2015
                        01/31/1989
                        01/12/1953
 LOW              -19   01/14/1979
HIGHEST            70   01/30        MM      MM       66  01/29
LOWEST             -4   01/07        MM      MM        7  01/10
AVG. MAXIMUM     43.4              44.1    -0.7     46.9
AVG. MINIMUM     19.5              17.7     1.8     19.0
MEAN             31.5              30.9     0.6     33.0
DAYS MAX >= 90      0               0.0     0.0        0
DAYS MAX <= 32      8               7.0     1.0        3
DAYS MIN <= 32     30              30.3    -0.3       31
DAYS MIN <= 0       3               1.3     1.7        0

PRECIPITATION (INCHES)
RECORD
 MAXIMUM         1.43   1999
 MINIMUM         0.00   1986
TOTALS           1.28              0.34    0.94     0.03
DAYS >= .01         5               2.9     2.1        1
DAYS >= .10         4               1.3     2.7        0
DAYS >= .50         1               0.1     0.9        0
DAYS >= 1.00        0               0.0     0.0        0
GREATEST
 24 HR. TOTAL    0.72   01/15 TO 01/16           01/07 TO 01/07

DEGREE_DAYS
HEATING TOTAL    1033              1057     -24      987
 SINCE 7/1       2862              3180    -318     2726
COOLING TOTAL       0                 0       0        0
 SINCE 1/1          0                 0       0        0
........................................................

WIND (MPH)
AVERAGE WIND SPEED              10.6
HIGHEST WIND SPEED/DIRECTION    33/330    DATE  01/29
HIGHEST GUST SPEED/DIRECTION    42/340    DATE  01/29


WEATHER CONDITIONS. NUMBER OF DAYS WITH
THUNDERSTORM              0     MIXED PRECIP               0
HEAVY RAIN                1     RAIN                       1
LIGHT RAIN                4     FREEZING RAIN              3
LT FREEZING RAIN          3     HAIL                       0
HEAVY SNOW                1     SNOW                       1
LIGHT SNOW                3     SLEET                      0
FOG                       9     FOG W/VIS <= 1/4 MILE      2
HAZE                      2

-  INDICATES NEGATIVE NUMBERS.
R  INDICATES RECORD WAS SET OR TIED.
MM INDICATES DATA IS MISSING.
T  INDICATES TRACE AMOUNT.

$$
