000
CXUS53 KDDC 021258 CCA
CLMGCK

CLIMATE REPORT
NATIONAL WEATHER SERVICE DODGE CITY KS
730 AM CDT SUN MAY 1 2016

...................................

...THE GARDEN CITY REGIONAL ARPT KS CLIMATE SUMMARY FOR THE MONTH OF APRIL 2016...

CLIMATE NORMAL PERIOD 1981 TO 2010
CLIMATE RECORD PERIOD 1948 TO 2016

WEATHER         OBSERVED          NORMAL  DEPART  LAST YEAR`S
                 VALUE   DATE(S)  VALUE   FROM    VALUE  DATE(S)
                                          NORMAL
................................................................
TEMPERATURE (F)
RECORD
 HIGH             100   04/22/1989
 LOW               10   04/12/1997
HIGHEST            85   04/23        MM      MM       88  04/06
                        04/05
LOWEST             23   04/02        MM      MM       24  04/10
AVG. MAXIMUM     68.0              67.3     0.7     69.3
AVG. MINIMUM     40.1              38.6     1.5     39.5
MEAN             54.1              53.0     1.1     54.4
DAYS MAX >= 90      0               0.6    -0.6        0
DAYS MAX <= 32      0               0.0     0.0        0
DAYS MIN <= 32      3               6.9    -3.9        6
DAYS MIN <= 0       0               0.0     0.0        0

PRECIPITATION (INCHES)
RECORD
 MAXIMUM           MM   MM
 MINIMUM           MM   MM
TOTALS           4.54              1.72    2.82     0.36
DAYS >= .01         8               6.8     1.2        8
DAYS >= .10         7               4.0     3.0        2
DAYS >= .50         4               1.1     2.9        0
DAYS >= 1.00        2               0.3     1.7        0
GREATEST
 24 HR. TOTAL    2.09   04/15 TO 04/16           04/11 TO 04/12
                                                          04/29 TO 04/29
                                                          04/29 TO 04/29

DEGREE_DAYS
HEATING TOTAL     330               374     -44      317
 SINCE 7/1       4262              5062    -800     4788
COOLING TOTAL       5                12      -7        7
 SINCE 1/1          6                12      -6        7
..........................................................

WIND (MPH)
AVERAGE WIND SPEED              13.7
HIGHEST WIND SPEED/DIRECTION    52/360    DATE  04/05
HIGHEST GUST SPEED/DIRECTION    62/360    DATE  04/05


WEATHER CONDITIONS. NUMBER OF DAYS WITH
THUNDERSTORM              0     MIXED PRECIP               0
HEAVY RAIN                4     RAIN                       5
LIGHT RAIN                8     FREEZING RAIN              0
LT FREEZING RAIN          0     HAIL                       0
HEAVY SNOW                0     SNOW                       0
LIGHT SNOW                0     SLEET                      0
FOG                      10     FOG W/VIS <= 1/4 MILE      2
HAZE                      4

-  INDICATES NEGATIVE NUMBERS.
R  INDICATES RECORD WAS SET OR TIED.
MM INDICATES DATA IS MISSING.
T  INDICATES TRACE AMOUNT.

$$
