000
CXUS51 KALY 010737
CLMGFL


CLIMATE REPORT
NATIONAL WEATHER SERVICE ALBANY NY
334 AM EDT TUE SEP 1 2015

...................................

...THE GLENS FALLS NY CLIMATE SUMMARY FOR THE MONTH OF AUGUST 2015...

CLIMATE NORMAL PERIOD 1981 TO 2010
CLIMATE RECORD PERIOD 1949 TO 2015

WEATHER         OBSERVED          NORMAL  DEPART  LAST YEAR`S
                 VALUE   DATE(S)  VALUE   FROM    VALUE  DATE(S)
                                          NORMAL
................................................................
TEMPERATURE (F)
HIGHEST            89   08/20                         85  08/27
                        08/18                             08/11
                        08/17
LOWEST             49   08/29                         46  08/19
AVG. MAXIMUM     81.9              78.9     3.0     77.7
AVG. MINIMUM     59.0              55.1     3.9     56.4
MEAN             70.5              67.0     3.5     67.1
DAYS MAX >= 90      0               1.0    -1.0        0
DAYS MAX <= 32      0               0.0     0.0        0
DAYS MIN <= 32      0               0.0     0.0        0
DAYS MIN <= 0       0               0.0     0.0        0

PRECIPITATION (INCHES)
RECORD
 MAXIMUM         9.03   2011
 MINIMUM         0.75   1957
TOTALS           1.77              3.68   -1.91     2.83
DAILY AVG.       0.06              0.12   -0.06     0.09
DAYS >= .01         7              10.9    -3.9       13
DAYS >= .10         4               6.9    -2.9        6
DAYS >= .50         1               2.4    -1.4        3
DAYS >= 1.00        0               0.9    -0.9        1
GREATEST
 24 HR. TOTAL    0.79   08/11 TO 08/11

DEGREE_DAYS
HEATING TOTAL       2                45     -43       14
 SINCE 7/1         13                66     -53       15
COOLING TOTAL     180               107      73       85
 SINCE 1/1        499               327     172      338

FREEZE DATES
RECORD
 EARLIEST     08/29/1982
 LATEST       06/01/2009
EARLIEST                        09/29
LATEST                          05/13
.................................................................

WIND (MPH)
AVERAGE WIND SPEED              4.5
HIGHEST WIND SPEED/DIRECTION    30/030    DATE  08/15
HIGHEST GUST SPEED/DIRECTION    39/030    DATE  08/15

SKY COVER
AVERAGE SKY COVER           0.40

AVERAGE RH (PERCENT)     69

WEATHER CONDITIONS. NUMBER OF DAYS WITH
THUNDERSTORM              2     MIXED PRECIP               0
HEAVY RAIN                5     RAIN                       2
LIGHT RAIN                9     FREEZING RAIN              0
LT FREEZING RAIN          0     HAIL                       0
HEAVY SNOW                0     SNOW                       0
LIGHT SNOW                0     SLEET                      0
FOG                      18     FOG W/VIS <= 1/4 MILE      4
HAZE                      2

-  INDICATES NEGATIVE NUMBERS.
R  INDICATES RECORD WAS SET OR TIED.
MM INDICATES DATA IS MISSING.
T  INDICATES TRACE AMOUNT.

$$
