000
CXUS54 KJAN 011606
CLMGLH


CLIMATE REPORT
NATIONAL WEATHER SERVICE JACKSON MS
1104 AM CDT TUE JUL 1 2014

...................................

...THE GREENVILLE CLIMATE SUMMARY FOR THE MONTH OF JUNE 2014...

CLIMATE NORMAL PERIOD 1981 TO 2010
CLIMATE RECORD PERIOD 1920 TO 2014

WEATHER         OBSERVED          NORMAL  DEPART  LAST YEAR`S
                 VALUE   DATE(S)  VALUE   FROM    VALUE  DATE(S)
                                          NORMAL
................................................................
TEMPERATURE (F)
RECORD
 HIGH             105   06/20/1936
 LOW               49   06/03/1956
HIGHEST            95   06/20        MM      MM       97  06/28
                                                          06/27
LOWEST             64   06/14        MM      MM       57  06/08
AVG. MAXIMUM     89.1              89.1     0.0     90.6
AVG. MINIMUM     71.3              68.9     2.4     69.4
MEAN             80.2              79.0     1.2     80.0
DAYS MAX >= 90     15              13.8     1.2       20
DAYS MAX <= 32      0               0.0     0.0        0
DAYS MIN <= 32      0               0.0     0.0        0
DAYS MIN <= 0       0               0.0     0.0        0

PRECIPITATION (INCHES)
RECORD
 MAXIMUM         9.63   1957
 MINIMUM            T   1952
TOTALS           6.37              4.04    2.33     1.25
DAILY AVG.       0.21              0.13    0.08     0.04
DAYS >= .01        11                MM      MM        3
DAYS >= .10         5                MM      MM        1
DAYS >= .50         3                MM      MM        1
DAYS >= 1.00        3                MM      MM        1
GREATEST
 24 HR. TOTAL    3.26   06/09 TO 06/10              1.14

SNOWFALL (INCHES)
TOTALS            0.0

DEGREE_DAYS
HEATING TOTAL       0                 0       0        0
 SINCE 7/1       3207              2774     433     2695
COOLING TOTAL     462               420      42      459
 SINCE 1/1        777               742      35      742
.................................................................

WIND (MPH)
AVERAGE WIND SPEED              7.1
HIGHEST WIND SPEED/DIRECTION    31/240    DATE  06/28
HIGHEST GUST SPEED/DIRECTION    43/250    DATE  06/28

SKY COVER
POSSIBLE SUNSHINE (PERCENT)   MM
AVERAGE SKY COVER           0.30
NUMBER OF DAYS FAIR           23
NUMBER OF DAYS PC              7
NUMBER OF DAYS CLOUDY          0

AVERAGE RH (PERCENT)     74

WEATHER CONDITIONS. NUMBER OF DAYS WITH
THUNDERSTORM             11     MIXED PRECIP               0
HEAVY RAIN                3     RAIN                       5
LIGHT RAIN               13     FREEZING RAIN              0
LT FREEZING RAIN          0     HAIL                       0
HEAVY SNOW                0     SNOW                       0
LIGHT SNOW                0     SLEET                      0
FOG                      18     FOG W/VIS <= 1/4 MILE      2
HAZE                      7

-  INDICATES NEGATIVE NUMBERS.
R  INDICATES RECORD WAS SET OR TIED.
MM INDICATES DATA IS MISSING.
T  INDICATES TRACE AMOUNT.

$$
