000
CXUS55 KMSO 011233
CLMGPI


CLIMATE REPORT
NATIONAL WEATHER SERVICE MISSOULA, MT
633 AM MDT WED JUL 1 2015

...................................

...THE KALISPELL MT CLIMATE SUMMARY FOR THE MONTH OF JUNE 2015...

CLIMATE NORMAL PERIOD 1981 TO 2010
CLIMATE RECORD PERIOD 1894 TO 2015

WEATHER         OBSERVED          NORMAL  DEPART  LAST YEAR`S
                 VALUE   DATE(S)  VALUE   FROM    VALUE
                                          NORMAL
.............................................................
TEMPERATURE (F)
RECORD
 HIGH             102   06/28/2015
 LOW               26   06/07/1999
HIGHEST           102R  06/28        MM      MM       82
LOWEST             34   06/13        MM      MM       35
AVG. MAXIMUM     82.9              72.0    10.9     69.4
AVG. MINIMUM     47.0              44.5     2.5     43.1
MEAN             65.0              58.3     6.7
DAYS MAX >= 90      8               0.4     7.6        0
DAYS MAX <= 32      0               0.0     0.0        0
DAYS MIN <= 32      0               0.5    -0.5        0
DAYS MIN <= 0       0               0.0     0.0        0

PRECIPITATION (INCHES)
RECORD
 MAXIMUM         6.20   2012
 MINIMUM         0.40   1910
TOTALS           0.60              2.56   -1.96
DAILY AVG.       0.02              0.09   -0.07     0.17
DAYS >= .01         3              12.5    -9.5       13
DAYS >= .10         2               6.6    -4.6       10
DAYS >= .50         0               1.4    -1.4        2
DAYS >= 1.00        0               0.3    -0.3        2
GREATEST
 24 HR. TOTAL    0.56   06/01 TO 06/02              1.74

SNOWFALL (INCHES)
TOTALS            0.0               0.3    -0.3      0.0
SINCE 7/1        59.4              55.7     3.7     71.7
DAYS >= TRACE       0               0.1    -0.1        0
DAYS >= 1.0         0               0.1    -0.1        0
GREATEST
 SNOW DEPTH         0   MM
 24 HR TOTAL      0.0   06/30 TO 06/30               0.0

DEGREE_DAYS
HEATING TOTAL      81               216    -135
 SINCE 7/1       7294              8039    -745
COOLING TOTAL      86                13      73
 SINCE 1/1         86                16      70
..............................................................

WIND (MPH)
AVERAGE WIND SPEED              5.4
HIGHEST WIND SPEED/DIRECTION    25/240    DATE  06/12
HIGHEST GUST SPEED/DIRECTION    35/250    DATE  06/12

SKY COVER
POSSIBLE SUNSHINE (PERCENT)   MM
AVERAGE SKY COVER           0.10
NUMBER OF DAYS FAIR           27
NUMBER OF DAYS PC              2
NUMBER OF DAYS CLOUDY          1

AVERAGE RH (PERCENT)     55

WEATHER CONDITIONS. NUMBER OF DAYS WITH
THUNDERSTORM              0     MIXED PRECIP               0
HEAVY RAIN                0     RAIN                       2
LIGHT RAIN                8     FREEZING RAIN              0
LT FREEZING RAIN          0     HAIL                       0
HEAVY SNOW                0     SNOW                       0
LIGHT SNOW                0     SLEET                      0
FOG                       4     FOG W/VIS <= 1/4 MILE      2
HAZE                      0

-  INDICATES NEGATIVE NUMBERS.
R  INDICATES RECORD WAS SET OR TIED.
MM INDICATES DATA IS MISSING.
T  INDICATES TRACE AMOUNT.

$$
