000
CXUS53 KGID 011625
CLMGRI


CLIMATE REPORT
NATIONAL WEATHER SERVICE HASTINGS NE
1024 AM CST WED MAR 1 2017

...................................

...THE GRAND ISLAND NE CLIMATE SUMMARY FOR THE MONTH OF FEBRUARY 2017...

CLIMATE NORMAL PERIOD 1981 TO 2010
CLIMATE RECORD PERIOD 1895 TO 2017

WEATHER         OBSERVED          NORMAL  DEPART  LAST YEAR`S
                 VALUE   DATE(S)  VALUE   FROM    VALUE  DATE(S)
                                          NORMAL
................................................................
TEMPERATURE (F)
RECORD
 HIGH              80   02/25/1995
 LOW              -34   02/12/1899
HIGHEST            77   02/21        65      12       76  02/27
                        02/10
LOWEST             10   02/25        -4      14       10  02/04
                                                          02/03
AVG. MAXIMUM     50.8              39.8    11.0     45.6
AVG. MINIMUM     24.8              18.4     6.4     25.0
MEAN             37.8              29.1     8.7     35.3
DAYS MAX >= 90      0               0.0     0.0        0
DAYS MAX <= 32      5               8.5    -3.5        7
DAYS MIN <= 32     22              25.6    -3.6       23
DAYS MIN <= 0       0               2.3    -2.3        0

PRECIPITATION (INCHES)
RECORD
 MAXIMUM         4.39   1903
 MINIMUM         0.01   1904
TOTALS           0.25              0.68   -0.43     1.86
DAILY AVG.       0.01              0.02   -0.01     0.06
DAYS >= .01         5               5.1    -0.1        4
DAYS >= .10         1               2.1    -1.1        2
DAYS >= .50         0               0.2    -0.2        1
DAYS >= 1.00        0               0.0     0.0        1
GREATEST
 24 HR. TOTAL    0.14   02/24 TO 02/24

SNOWFALL (INCHES)
RECORDS
 TOTAL           29.7   1915
TOTALS            3.5               6.3    -2.8     18.6
SINCE 7/1         7.7              22.1   -14.4     31.2
SNOWDEPTH AVG.      0                 3      -3        5
DAYS >= 1.0         1               2.1    -1.1        2
GREATEST
 SNOW DEPTH         2   02/25                         17  02/03

DEGREE_DAYS
HEATING TOTAL     754              1005    -251      854
 SINCE 7/1       4066              4761    -695     3998
COOLING TOTAL       0                 0       0        0
 SINCE 1/1          0                 0       0        0
.................................................................

WIND (MPH)
AVERAGE WIND SPEED              11.6
HIGHEST WIND SPEED/DIRECTION    33/350    DATE  02/24
HIGHEST GUST SPEED/DIRECTION    41/350    DATE  02/24

SKY COVER
POSSIBLE SUNSHINE (PERCENT)   MM
NUMBER OF DAYS FAIR           20
NUMBER OF DAYS PC              6
NUMBER OF DAYS CLOUDY          2

AVERAGE RH (PERCENT)     66

WEATHER CONDITIONS. NUMBER OF DAYS WITH
THUNDERSTORM              0     MIXED PRECIP               0
HEAVY RAIN                0     RAIN                       0
LIGHT RAIN                1     FREEZING RAIN              1
LT FREEZING RAIN          2     HAIL                       0
HEAVY SNOW                0     SNOW                       0
LIGHT SNOW                6     SLEET                      0
FOG                       7     FOG W/VIS <= 1/4 MILE      1
HAZE                      2

-  INDICATES NEGATIVE NUMBERS.
R  INDICATES RECORD WAS SET OR TIED.
MM INDICATES DATA IS MISSING.
T  INDICATES TRACE AMOUNT.

$$
