000
CXUS54 KJAN 030232
CLMGWO


CLIMATE REPORT
NATIONAL WEATHER SERVICE JACKSON MS
930 PM CDT TUE SEP 2 2014

...................................

...THE GREENWOOD CLIMATE SUMMARY FOR THE MONTH OF AUGUST 2014...

CLIMATE NORMAL PERIOD 1981 TO 2010
CLIMATE RECORD PERIOD 1948 TO 2014

WEATHER         OBSERVED          NORMAL  DEPART  LAST YEAR`S
                 VALUE   DATE(S)  VALUE   FROM    VALUE  DATE(S)
                                          NORMAL
................................................................
TEMPERATURE (F)
RECORD
 HIGH             106   08/15/2007
                        08/30/2000
 LOW               52   08/14/2004
                        08/13/2004
                        08/29/1986
HIGHEST            96   08/24        MM      MM       97  08/07
                        08/23
LOWEST             59   08/14        MM      MM       58  08/16
AVG. MAXIMUM     90.3              92.2    -1.9     91.9
AVG. MINIMUM     69.2              69.7    -0.5     69.1
MEAN             79.7              81.0    -1.3     80.5
DAYS MAX >= 90     19              22.3    -3.3       24
DAYS MAX <= 32      0               0.0     0.0        0
DAYS MIN <= 32      0               0.0     0.0        0
DAYS MIN <= 0       0               0.0     0.0        0

PRECIPITATION (INCHES)
RECORD
 MAXIMUM         7.69   1964
 MINIMUM         0.09   1990
TOTALS           3.02              2.83    0.19     2.53
DAILY AVG.       0.10              0.09    0.01     0.08
DAYS >= .01        11               7.1     3.9        7
DAYS >= .10         6               4.5     1.5        4
DAYS >= .50         3               1.8     1.2        2
DAYS >= 1.00        0               0.8    -0.8        1
GREATEST
 24 HR. TOTAL    1.39   08/10 TO 08/11              1.86

SNOWFALL (INCHES)
TOTALS            0.0

DEGREE_DAYS
HEATING TOTAL       0                 0       0        0
 SINCE 7/1          0                 0       0        0
COOLING TOTAL     466               494     -28      488
 SINCE 1/1       1556              1742    -186     1622
.................................................................

WIND (MPH)
AVERAGE WIND SPEED              3.9
HIGHEST WIND SPEED/DIRECTION    25/080    DATE  08/03
HIGHEST GUST SPEED/DIRECTION    36/080    DATE  08/03

SKY COVER
POSSIBLE SUNSHINE (PERCENT)   MM
AVERAGE SKY COVER           0.20
NUMBER OF DAYS FAIR           24
NUMBER OF DAYS PC              7
NUMBER OF DAYS CLOUDY          0

AVERAGE RH (PERCENT)     74

WEATHER CONDITIONS. NUMBER OF DAYS WITH
THUNDERSTORM              0     MIXED PRECIP               0
HEAVY RAIN                5     RAIN                       7
LIGHT RAIN               10     FREEZING RAIN              0
LT FREEZING RAIN          0     HAIL                       0
HEAVY SNOW                0     SNOW                       0
LIGHT SNOW                0     SLEET                      0
FOG                      25     FOG W/VIS <= 1/4 MILE      2
HAZE                      3

-  INDICATES NEGATIVE NUMBERS.
R  INDICATES RECORD WAS SET OR TIED.
MM INDICATES DATA IS MISSING.
T  INDICATES TRACE AMOUNT.

$$
