000
CXUS56 KHNX 020220
CLMHJO


CLIMATE REPORT
NATIONAL WEATHER SERVICE SAN JOAQUIN VALLEY - HANFORD CA
720 PM PDT SAT NOV 1 2014

...................................

...THE HANFORD CA AIRPORT CLIMATE SUMMARY FOR THE MONTH OF OCTOBER 2014...

CLIMATE NORMAL PERIOD 1981 TO 2010
CLIMATE RECORD PERIOD 1998 TO 2014

WEATHER         OBSERVED          NORMAL  DEPART  LAST YEAR`S
                 VALUE   DATE(S)  VALUE   FROM    VALUE  DATE(S)
                                          NORMAL
................................................................
TEMPERATURE (F)
RECORD
 HIGH             100   10/03/2012
 LOW               31   10/29/2009
HIGHEST            97   10/06        MM      MM       89  10/06
LOWEST             43   10/27        MM      MM       39  10/31
                                                          10/29
AVG. MAXIMUM     84.6              79.2     5.4     79.9
AVG. MINIMUM     51.7              47.9     3.8     45.8
MEAN             68.1              63.5     4.6     62.9
DAYS MAX >= 90     10               3.4     6.6        0
DAYS MIN <= 32      0               0.1    -0.1        0

PRECIPITATION (INCHES)
RECORD
 MAXIMUM         2.09   2004
TOTALS           0.58              0.50    0.08        T
DAYS >= .01         1                MM      MM        0
DAYS >= .10         1                MM      MM        0
DAYS >= .50         1                MM      MM        0
DAYS >= 1.00        0                MM      MM        0
GREATEST
 24 HR. TOTAL    0.58   10/31 TO 10/31

SNOWFALL (INCHES)
RECORDS
 TOTAL             MM   MM
TOTALS            0.0                MM

DEGREE_DAYS
HEATING TOTAL      25                99     -74       79
 SINCE 7/1         25               105     -80       86
COOLING TOTAL     128                54      74       22
 SINCE 1/1       2274              1642     632     2057
.................................................................

WIND (MPH)
AVERAGE WIND SPEED              4.3
HIGHEST WIND SPEED/DIRECTION    26/320    DATE  10/31
HIGHEST GUST SPEED/DIRECTION    34/320    DATE  10/31

AVERAGE RH (PERCENT)     54

WEATHER CONDITIONS. NUMBER OF DAYS WITH
THUNDERSTORM              0     RAIN                       2
HAIL                      0     FOG                       12
FOG W/VIS <= 1/4 MILE     0     HAZE                      27

-  INDICATES NEGATIVE NUMBERS.
R  INDICATES RECORD WAS SET OR TIED.
MM INDICATES DATA IS MISSING.
T  INDICATES TRACE AMOUNT.

$$

SANGER/OCHS

WEATHER.GOV/HANFORD
