000
CXUS54 KHGX 011454
CLMHOU

CLIMATE REPORT
NATIONAL WEATHER SERVICE HOUSTON/GALVESTON TX
845 AM CST THU DEC 1 2016

...................................

...THE HOUSTON INTERCONTINENTAL CLIMATE SUMMARY FOR THE MONTH OF NOVEMBER 2016...

CLIMATE NORMAL PERIOD 1981 TO 2010
CLIMATE RECORD PERIOD 1892 TO 2016

WEATHER         OBSERVED          NORMAL  DEPART  LAST YEAR`S
                 VALUE   DATE(S)  VALUE   FROM    VALUE  DATE(S)
                                          NORMAL
................................................................
TEMPERATURE (F)
RECORD
 HIGH              89   11/01/2010
                        11/08/1989
                        11/08/1988
 LOW               19   11/30/1976
HIGHEST            88   11/03        72      16       84  11/11
                        11/02
LOWEST             36   11/20        50     -14       35  11/23
AVG. MAXIMUM     77.9              72.5     5.4     72.5
AVG. MINIMUM     55.5              52.1     3.4     53.8
MEAN             66.7              62.3     4.4     63.1
DAYS MAX >= 90      0               0.1    -0.1        0
DAYS MAX <= 32      0               0.0     0.0        0
DAYS MIN <= 32      0               0.4    -0.4        0
DAYS MIN <= 0       0               0.0     0.0        0

PRECIPITATION (INCHES)
RECORD
 MAXIMUM        14.10   1943
 MINIMUM         0.09   1949
TOTALS           1.99              4.34   -2.35     3.80
DAILY AVG.       0.07              0.14   -0.07     0.13
DAYS >= .01         7               8.2    -1.2        8
DAYS >= .10         3               5.3    -2.3        6
DAYS >= .50         1               2.6    -1.6        2
DAYS >= 1.00        1               1.3    -0.3        1

SNOWFALL (INCHES)
RECORDS
 TOTAL            0.0   2002
                        2001
TOTALS            0.0               0.0     0.0      0.0
SINCE 7/1         0.0               0.0     0.0      0.0
SNOWDEPTH AVG.      0                                  0
DAYS >= 1.0         0               0.0     0.0        0
GREATEST
 SNOW DEPTH         0                                  0
 24 HR TOTAL      0.0   11/30 TO 11/30

DEGREE_DAYS
HEATING TOTAL      55               155    -100      112
 SINCE 7/1         58               185    -127      113
COOLING TOTAL     113                74      39       64
 SINCE 1/1       3377              3128     249     3290
.................................................................

WIND (MPH)
AVERAGE WIND SPEED              6.8
RESULTANT WIND SPEED/DIRECTION   2/084
HIGHEST WIND SPEED/DIRECTION    25/220    DATE  11/28
HIGHEST GUST SPEED/DIRECTION    36/210    DATE  11/28

SKY COVER
AVERAGE SKY COVER           0.50

AVERAGE RH (PERCENT)     69

WEATHER CONDITIONS. NUMBER OF DAYS WITH
THUNDERSTORM              4     MIXED PRECIP               0
HEAVY RAIN                2     RAIN                       1
LIGHT RAIN                9     FREEZING RAIN              0
LT FREEZING RAIN          0     HAIL                       0
HEAVY SNOW                0     SNOW                       0
LIGHT SNOW                0     SLEET                      0
FOG                      18     FOG W/VIS <= 1/4 MILE      2
HAZE                      4

-  INDICATES NEGATIVE NUMBERS.
R  INDICATES RECORD WAS SET OR TIED.
MM INDICATES DATA IS MISSING.
T  INDICATES TRACE AMOUNT.
...................................

...THE HOUSTON/HOBBY AIRPORT CLIMATE SUMMARY FOR THE MONTH OF NOVEMBER 2016...

CLIMATE NORMAL PERIOD 1981 TO 2010
CLIMATE RECORD PERIOD 1930 TO 2016

WEATHER         OBSERVED          NORMAL  DEPART  LAST YEAR`S
                 VALUE   DATE(S)  VALUE   FROM    VALUE  DATE(S)
                                          NORMAL
................................................................
TEMPERATURE (F)
RECORD
 HIGH              90   11/03/1973
 LOW               24   11/25/1938
HIGHEST            88   11/02                         86  11/05
LOWEST             40   11/20                         37  11/23
AVG. MAXIMUM     78.0              72.4     5.6     74.2
AVG. MINIMUM     59.2              53.9     5.3     57.1
MEAN             68.6              63.2     5.4     65.7
DAYS MAX >= 90      0               0.0     0.0        0
DAYS MAX <= 32      0               0.0     0.0        0
DAYS MIN <= 32      0               0.1    -0.1        0
DAYS MIN <= 0       0               0.0     0.0        0

PRECIPITATION (INCHES)
RECORD
 MAXIMUM        10.48   2004
 MINIMUM         0.80   2012
TOTALS           2.53              4.32   -1.79     3.07
DAILY AVG.       0.08              0.14   -0.06     0.10
DAYS >= .01         6               8.5    -2.5        9
DAYS >= .10         5               5.3    -0.3        6
DAYS >= .50         1               2.6    -1.6        2
DAYS >= 1.00        0               1.4    -1.4        1

SNOWFALL (INCHES)
RECORDS
 TOTAL            0.0   2002
                        2001
TOTALS            0.0               0.0     0.0      0.0
SINCE 7/1         0.0               0.0     0.0      0.0
SNOWDEPTH AVG.      0                                  0
DAYS >= 1.0         0               0.0     0.0        0
GREATEST
 SNOW DEPTH         0                                  0
 24 HR TOTAL      0.0   11/30 TO 11/30

DEGREE_DAYS
HEATING TOTAL      36               135     -99       74
 SINCE 7/1         37               156    -119       74
COOLING TOTAL     153                79      74      100
 SINCE 1/1       3709              3115     594     3454
.................................................................

WIND (MPH)
AVERAGE WIND SPEED              7.1
RESULTANT WIND SPEED/DIRECTION   3/070
HIGHEST WIND SPEED/DIRECTION    30/220    DATE  11/28
HIGHEST GUST SPEED/DIRECTION    42/240    DATE  11/28

SKY COVER
AVERAGE SKY COVER           0.50

AVERAGE RH (PERCENT)     69

WEATHER CONDITIONS. NUMBER OF DAYS WITH
THUNDERSTORM              4     MIXED PRECIP               0
HEAVY RAIN                5     RAIN                       3
LIGHT RAIN                7     FREEZING RAIN              0
LT FREEZING RAIN          0     HAIL                       0
HEAVY SNOW                0     SNOW                       0
LIGHT SNOW                0     SLEET                      0
FOG                      14     FOG W/VIS <= 1/4 MILE      2
HAZE                      1

-  INDICATES NEGATIVE NUMBERS.
R  INDICATES RECORD WAS SET OR TIED.
MM INDICATES DATA IS MISSING.
T  INDICATES TRACE AMOUNT.

$$
