000
CXUS56 KSEW 011033
CLMHQM


CLIMATE REPORT
NATIONAL WEATHER SERVICE SEATTLE WA
232 AM PST SUN JAN 1 2017

...................................

...THE HOQUIAM WA AIRPORT CLIMATE SUMMARY FOR THE MONTH OF DECEMBER 2016...

CLIMATE NORMAL PERIOD 1981 TO 2010
CLIMATE RECORD PERIOD 1953 TO 2016

WEATHER         OBSERVED          NORMAL  DEPART  LAST YEAR`S
                 VALUE   DATE(S)  VALUE   FROM    VALUE  DATE(S)
                                          NORMAL
................................................................
TEMPERATURE (F)
RECORD
 HIGH              60   12/10/2014
                        12/18/2004
                        02/28/1990
 LOW                9   12/08/1972
HIGHEST            51   12/20        MM      MM       56  12/08
                        12/02
LOWEST             26   12/17        MM      MM       30  12/31
                        12/16                             12/25
AVG. MAXIMUM     43.8              46.2    -2.4     47.6
AVG. MINIMUM     33.5              36.9    -3.4     38.9
MEAN             38.6              41.6    -3.0     43.2
DAYS MAX >= 90      0               0.0     0.0        0
DAYS MAX <= 32      0               0.7    -0.7        0
DAYS MIN <= 32     14               6.3     7.7        8
DAYS MIN <= 0       0               0.0     0.0        0

PRECIPITATION (INCHES)
RECORD
 MAXIMUM        19.64   1996
 MINIMUM         2.11   1985
TOTALS           9.77              9.96   -0.19    16.19
DAILY AVG.       0.32              0.32    0.00     0.52
DAYS >= .01        21              21.2    -0.2       25
DAYS >= .10        18              16.0     2.0       23
DAYS >= .50        11               6.4     4.6       14
DAYS >= 1.00        1               2.8    -1.8        6
GREATEST
 24 HR. TOTAL    1.55   12/19 TO 12/19

DEGREE_DAYS
HEATING TOTAL     808               727      81      666
COOLING TOTAL       0                 0       0        0
 SINCE 1/1         50                23      27       35
.................................................................

WIND (MPH)
AVERAGE WIND SPEED              9.0
HIGHEST WIND SPEED/DIRECTION    37/180    DATE  12/19
HIGHEST GUST SPEED/DIRECTION    45/170    DATE  12/19

SKY COVER
POSSIBLE SUNSHINE (PERCENT)   MM
AVERAGE SKY COVER           0.60
NUMBER OF DAYS FAIR            5
NUMBER OF DAYS PC             15
NUMBER OF DAYS CLOUDY         11

AVERAGE RH (PERCENT)     87

WEATHER CONDITIONS. NUMBER OF DAYS WITH
THUNDERSTORM              0     MIXED PRECIP               0
HEAVY RAIN                7     RAIN                      14
LIGHT RAIN               23     FREEZING RAIN              2
LT FREEZING RAIN          2     HAIL                       0
HEAVY SNOW                0     SNOW                       1
LIGHT SNOW                2     SLEET                      0
FOG                      27     FOG W/VIS <= 1/4 MILE      4
HAZE                      1

-  INDICATES NEGATIVE NUMBERS.
R  INDICATES RECORD WAS SET OR TIED.
MM INDICATES DATA IS MISSING.
T  INDICATES TRACE AMOUNT.

$$
