000
CXUS56 KSEW 011134
CLMHQM


CLIMATE REPORT
NATIONAL WEATHER SERVICE SEATTLE WA
434 AM PDT FRI JUL 1 2016

...................................

...THE HOQUIAM WA AIRPORT CLIMATE SUMMARY FOR THE MONTH OF JUNE 2016...

CLIMATE NORMAL PERIOD 1981 TO 2010
CLIMATE RECORD PERIOD 1953 TO 2016

WEATHER         OBSERVED          NORMAL  DEPART  LAST YEAR`S
                 VALUE   DATE(S)  VALUE   FROM    VALUE  DATE(S)
                                          NORMAL
................................................................
TEMPERATURE (F)
RECORD
 HIGH              96   06/18/1982
 LOW               36   06/21/1956
HIGHEST            87   06/04        MM      MM       79  06/27
LOWEST             42   06/17        MM      MM       46  06/13
                        06/16
AVG. MAXIMUM     65.3              63.2     2.1     66.9
AVG. MINIMUM     50.8              50.5     0.3     52.1
MEAN             58.1              56.8     1.3     59.5
DAYS MAX >= 90      0               0.1    -0.1        0
DAYS MAX <= 32      0               0.0     0.0        0
DAYS MIN <= 32      0               0.0     0.0        0
DAYS MIN <= 0       0               0.0     0.0        0

PRECIPITATION (INCHES)
RECORD
 MAXIMUM         5.25   1956
 MINIMUM         0.33   2009
TOTALS           1.14              2.24   -1.10     0.38
DAILY AVG.       0.04              0.07   -0.03     0.01
DAYS >= .01        11              12.0    -1.0        3
DAYS >= .10         5               5.7    -0.7        2
DAYS >= .50         0               1.0    -1.0        0
DAYS >= 1.00        0               0.2    -0.2        0
GREATEST
 24 HR. TOTAL    0.24   06/10 TO 06/10

DEGREE_DAYS
HEATING TOTAL     213               246     -33      160
COOLING TOTAL      13                 2      11        3
 SINCE 1/1         18                 3      15        3
.................................................................

WIND (MPH)
AVERAGE WIND SPEED              8.4
HIGHEST WIND SPEED/DIRECTION    25/170    DATE  06/10
HIGHEST GUST SPEED/DIRECTION    29/270    DATE  06/29

SKY COVER
POSSIBLE SUNSHINE (PERCENT)   MM
AVERAGE SKY COVER           0.50
NUMBER OF DAYS FAIR            8
NUMBER OF DAYS PC             14
NUMBER OF DAYS CLOUDY          8

AVERAGE RH (PERCENT)     82

WEATHER CONDITIONS. NUMBER OF DAYS WITH
THUNDERSTORM              0     MIXED PRECIP               0
HEAVY RAIN                1     RAIN                       2
LIGHT RAIN               15     FREEZING RAIN              0
LT FREEZING RAIN          0     HAIL                       0
HEAVY SNOW                0     SNOW                       0
LIGHT SNOW                0     SLEET                      0
FOG                      30     FOG W/VIS <= 1/4 MILE      2
HAZE                      0

-  INDICATES NEGATIVE NUMBERS.
R  INDICATES RECORD WAS SET OR TIED.
MM INDICATES DATA IS MISSING.
T  INDICATES TRACE AMOUNT.

$$
