671
CXUS56 KSEW 011112
CLMHQM


CLIMATE REPORT
NATIONAL WEATHER SERVICE SEATTLE WA
312 AM PST MON FEB 1 2016

...................................

...THE HOQUIAM WA AIRPORT CLIMATE SUMMARY FOR THE MONTH OF JANUARY 2016...

CLIMATE NORMAL PERIOD 1981 TO 2010
CLIMATE RECORD PERIOD 1953 TO 2016

WEATHER         OBSERVED          NORMAL  DEPART  LAST YEAR`S
                 VALUE   DATE(S)  VALUE   FROM    VALUE  DATE(S)
                                          NORMAL
................................................................
TEMPERATURE (F)
RECORD
 HIGH              63   01/20/1961
 LOW               16   01/07/1974
                        01/27/1957
HIGHEST            56   01/26        MM      MM       60  01/25
LOWEST             28   01/02        MM      MM       26  01/01
AVG. MAXIMUM     49.0              47.2     1.8     52.1
AVG. MINIMUM     39.1              38.0     1.1     40.3
MEAN             44.0              42.6     1.4     46.2
DAYS MAX >= 90      0               0.0     0.0        0
DAYS MAX <= 32      0               0.2    -0.2        0
DAYS MIN <= 32      3               5.2    -2.2        2
DAYS MIN <= 0       0               0.0     0.0        0

PRECIPITATION (INCHES)
RECORD
 MAXIMUM        23.46   2006
 MINIMUM         0.41   1985
TOTALS          14.30             10.33    3.97    11.00
DAILY AVG.       0.46              0.33    0.13     0.35
DAYS >= .01        21              21.9    -0.9       12
DAYS >= .10        19              16.7     2.3        9
DAYS >= .50         9               7.7     1.3        4
DAYS >= 1.00        3               2.9     0.1        3
GREATEST
 24 HR. TOTAL    3.97   01/21 TO 01/21

DEGREE_DAYS
HEATING TOTAL     643               694     -51      576
COOLING TOTAL       0                 0       0        0
 SINCE 1/1          0                 0       0        0
.................................................................

WIND (MPH)
AVERAGE WIND SPEED              10.6
HIGHEST WIND SPEED/DIRECTION    41/160    DATE  01/28
HIGHEST GUST SPEED/DIRECTION    52/160    DATE  01/28

SKY COVER
POSSIBLE SUNSHINE (PERCENT)   MM
AVERAGE SKY COVER           0.70
NUMBER OF DAYS FAIR            4
NUMBER OF DAYS PC              8
NUMBER OF DAYS CLOUDY         19

AVERAGE RH (PERCENT)     87

WEATHER CONDITIONS. NUMBER OF DAYS WITH
THUNDERSTORM              0     MIXED PRECIP               0
HEAVY RAIN                3     RAIN                      13
LIGHT RAIN               25     FREEZING RAIN              0
LT FREEZING RAIN          0     HAIL                       0
HEAVY SNOW                0     SNOW                       0
LIGHT SNOW                0     SLEET                      0
FOG                      30     FOG W/VIS <= 1/4 MILE      0
HAZE                      1

-  INDICATES NEGATIVE NUMBERS.
R  INDICATES RECORD WAS SET OR TIED.
MM INDICATES DATA IS MISSING.
T  INDICATES TRACE AMOUNT.

$$
