000
CXUS44 KBRO 011351
CLMHRL


CLIMATE REPORT
NATIONAL WEATHER SERVICE BROWNSVILLE TX
847 AM CDT SAT JUL 1 2017

...................................

...THE HARLINGEN CLIMATE SUMMARY FOR THE MONTH OF JUNE 2017...

CLIMATE NORMAL PERIOD 1981 TO 2010
CLIMATE RECORD PERIOD 1912 TO 2017

WEATHER         OBSERVED          NORMAL  DEPART  LAST YEAR`S
                 VALUE   DATE(S)  VALUE   FROM    VALUE  DATE(S)
                                          NORMAL
................................................................
TEMPERATURE (F)
HIGHEST           105   06/22        97       8       98  06/28
LOWEST             69   06/08        67       2       68  06/03
AVG. MAXIMUM     96.2              93.7     2.5     93.6
AVG. MINIMUM     74.1              74.2    -0.1     75.1
MEAN             85.2              83.9     1.3     84.3
DAYS MAX >= 90     30              26.6     3.4       26
DAYS MAX <= 32      0               0.0     0.0        0
DAYS MIN <= 32      0               0.0     0.0        0
DAYS MIN <= 0       0               0.0     0.0        0

PRECIPITATION (INCHES)
TOTALS           1.26              2.50   -1.24     5.13
DAILY AVG.       0.04              0.08   -0.04     0.17
DAYS >= .01         5                MM      MM       11
DAYS >= .10         1                MM      MM
DAYS >= .50         1                MM      MM
DAYS >= 1.00        1                MM      MM
GREATEST
 24 HR. TOTAL    1.05   06/25 TO 06/25

DEGREE_DAYS
HEATING TOTAL       0                 0       0        0
 SINCE 7/1        234               622    -388      389
COOLING TOTAL     614               568      46      585
 SINCE 1/1       2149              1669     480     1946
................................................

WIND (MPH)
AVERAGE WIND SPEED              10.8
HIGHEST WIND SPEED/DIRECTION    38/010    DATE  06/05
HIGHEST GUST SPEED/DIRECTION    49/360    DATE  06/05

SKY COVER
POSSIBLE SUNSHINE (PERCENT)   MM
AVERAGE SKY COVER           0.20
NUMBER OF DAYS FAIR           28
NUMBER OF DAYS PC              2
NUMBER OF DAYS CLOUDY          0

AVERAGE RH (PERCENT)     74

WEATHER CONDITIONS. NUMBER OF DAYS WITH
THUNDERSTORM              0     MIXED PRECIP               0
HEAVY RAIN                2     RAIN                       2
LIGHT RAIN                8     FREEZING RAIN              0
LT FREEZING RAIN          0     HAIL                       0
HEAVY SNOW                0     SNOW                       0
LIGHT SNOW                0     SLEET                      0
FOG                       9     FOG W/VIS <= 1/4 MILE      0
HAZE                      0

-  INDICATES NEGATIVE NUMBERS.
R  INDICATES RECORD WAS SET OR TIED.
MM INDICATES DATA IS MISSING.
T  INDICATES TRACE AMOUNT.

$$
