000
CXUS53 KGID 021355 CCA
CLMHSI

CLIMATE REPORT...CORRECTED
NATIONAL WEATHER SERVICE HASTINGS NE
350 PM CST SUN MAR 1 2015

...CORRECTED GREATEST 24 HOUR PRECIPITATION AMOUNT...

...................................

...THE HASTINGS NE CLIMATE SUMMARY FOR THE MONTH OF FEBRUARY 2015...

CLIMATE NORMAL PERIOD 1981 TO 2010
CLIMATE RECORD PERIOD 1894 TO 2015

WEATHER         OBSERVED          NORMAL  DEPART  LAST YEAR`S
                 VALUE   DATE(S)  VALUE   FROM    VALUE  DATE(S)
                                          NORMAL
................................................................
TEMPERATURE (F)
RECORD
 HIGH              80   02/28/2006
                        02/25/1995
 LOW              -21   02/02/1917
HIGHEST            63   02/08        70      -7       66  02/18
                        02/07
LOWEST             -6   02/02        -7       1      -14  02/06
AVG. MAXIMUM     37.7              40.2    -2.5     33.6
AVG. MINIMUM     12.9              19.7    -6.8     13.2
MEAN             25.3              29.9    -4.6     23.4
DAYS MAX >= 90      0               0.0     0.0        0
DAYS MAX <= 32     13               8.1     4.9       16
DAYS MIN <= 32     24              25.1    -1.1       27
DAYS MIN <= 0       7               1.4     5.6        3

PRECIPITATION (INCHES)
RECORD
 MAXIMUM         2.80   1971
 MINIMUM            T   1921
                        1896
TOTALS           0.34              0.49   -0.15     0.34
DAILY AVG.       0.01              0.02   -0.01     0.01
DAYS >= .01         4                MM      MM        8
DAYS >= .10         3                MM      MM        2
DAYS >= .50         0                MM      MM        0
DAYS >= 1.00        0                MM      MM        0
GREATEST
 24 HR. TOTAL    0.76   01/31 TO 02/01

SNOWFALL (INCHES)
RECORDS
 TOTAL           25.5   1903
TOTALS            5.4               6.5    -1.1      7.5
SINCE 7/1        16.2              22.4    -6.2     18.3
SNOWDEPTH AVG.      1                MM      MM        1
DAYS >= 1.0         3                MM      MM        3
GREATEST
 SNOW DEPTH         6   02/01                          3  02/12
                                                          02/11
                                                          02/10

DEGREE_DAYS
HEATING TOTAL    1102               981     121     1158
 SINCE 7/1       4623              4630      -7     4880
COOLING TOTAL       0                 0       0        0
 SINCE 1/1          0                 0       0        0
.................................................................

WIND (MPH)
AVERAGE WIND SPEED              10.9
HIGHEST WIND SPEED/DIRECTION    38/340    DATE  02/01
HIGHEST GUST SPEED/DIRECTION    47/340    DATE  02/01

SKY COVER
POSSIBLE SUNSHINE (PERCENT)   MM
AVERAGE SKY COVER           0.40
NUMBER OF DAYS FAIR           14
NUMBER OF DAYS PC             11
NUMBER OF DAYS CLOUDY          3

AVERAGE RH (PERCENT)     66

WEATHER CONDITIONS. NUMBER OF DAYS WITH
THUNDERSTORM              1     MIXED PRECIP               0
HEAVY RAIN                0     RAIN                       0
LIGHT RAIN                1     FREEZING RAIN              0
LT FREEZING RAIN          0     HAIL                       0
HEAVY SNOW                1     SNOW                       3
LIGHT SNOW                8     SLEET                      0
FOG                       6     FOG W/VIS <= 1/4 MILE      4
HAZE                      5

-  INDICATES NEGATIVE NUMBERS.
R  INDICATES RECORD WAS SET OR TIED.
MM INDICATES DATA IS MISSING.
T  INDICATES TRACE AMOUNT.

$$
