000
CXUS53 KAPX 010642
CLMHTL


CLIMATE REPORT
NATIONAL WEATHER SERVICE GAYLORD MI
140 AM EST SUN MAR 1 2015

...................................

...THE HOUGHTON LAKE MI CLIMATE SUMMARY FOR THE MONTH OF FEBRUARY 2015...

CLIMATE NORMAL PERIOD 1981 TO 2010
CLIMATE RECORD PERIOD 1913 TO 2015

WEATHER         OBSERVED          NORMAL  DEPART  LAST YEAR`S
                 VALUE   DATE(S)  VALUE   FROM    VALUE  DATE(S)
                                          NORMAL
................................................................
TEMPERATURE (F)
RECORD
 HIGH              64   02/22/1930
 LOW              -44   02/05/1918
HIGHEST            28   02/07        MM      MM       42  02/19
LOWEST            -29   02/20        MM      MM      -29  02/28
AVG. MAXIMUM     17.1              29.4   -12.3     20.5
AVG. MINIMUM     -5.5              10.6   -16.1      0.8
MEAN              5.8              20.0   -14.2     10.6
DAYS MAX >= 90      0               0.0     0.0        0
DAYS MAX <= 32     28              17.5    10.5       25
DAYS MIN <= 32     28              27.0     1.0       28
DAYS MIN <= 0      18               6.5    11.5       15

PRECIPITATION (INCHES)
RECORD
 MAXIMUM           MM   MM
 MINIMUM           MM   MM
TOTALS           0.62              1.21   -0.59     1.19
DAILY AVG.       0.02              0.04   -0.02     0.04
DAYS >= .01        11              10.4     0.6       14
DAYS >= .10         1               3.6    -2.6        4
DAYS >= .50         0               0.4    -0.4        0
DAYS >= 1.00        0               0.1    -0.1        0
GREATEST
 24 HR. TOTAL    0.21   02/24 TO 02/24
 STORM TOTAL       MM
 (MM/DD(HH))            MM

SNOWFALL (INCHES)
RECORDS
 TOTAL             MM   MM
 24 HR TOTAL       MM
 SNOW DEPTH        MM   MM
TOTALS           10.9              12.4    -1.5     12.0
SINCE 7/1        41.6              54.5   -12.9     52.3
SNOWDEPTH AVG.     12                 8       4       21
DAYS >= TRACE      19              10.9     8.1       26
DAYS >= 1.0         5               4.3     0.7        4
GREATEST
 SNOW DEPTH        16   02/25                         24  02/19
                                                          02/18
 24 HR TOTAL      3.8   MM                           4.5

DEGREE_DAYS
HEATING TOTAL    1651              1260     391     1513
 SINCE 7/1       6367              5872     495     6448
COOLING TOTAL       0                 0       0        0
 SINCE 1/1          0                 0       0        0
.................................................................

WIND (MPH)
AVERAGE WIND SPEED              8.2
HIGHEST WIND SPEED/DIRECTION    29/320    DATE  02/14
HIGHEST GUST SPEED/DIRECTION    40/330    DATE  02/14

SKY COVER
POSSIBLE SUNSHINE (PERCENT)   MM
AVERAGE SKY COVER           0.60
NUMBER OF DAYS FAIR            9
NUMBER OF DAYS PC              8
NUMBER OF DAYS CLOUDY         11

AVERAGE RH (PERCENT)     69

WEATHER CONDITIONS. NUMBER OF DAYS WITH
THUNDERSTORM              0     MIXED PRECIP               0
HEAVY RAIN                0     RAIN                       0
LIGHT RAIN                0     FREEZING RAIN              0
LT FREEZING RAIN          0     HAIL                       0
HEAVY SNOW                2     SNOW                       3
LIGHT SNOW               19     SLEET                      0
FOG                       6     FOG W/VIS <= 1/4 MILE      0
HAZE                      5

-  INDICATES NEGATIVE NUMBERS.
R  INDICATES RECORD WAS SET OR TIED.
MM INDICATES DATA IS MISSING.
T  INDICATES TRACE AMOUNT.

$$
