000
CXUS53 KAPX 010749
CLMHTL


CLIMATE REPORT
NATIONAL WEATHER SERVICE GAYLORD MI
344 AM EDT SUN OCT 1 2017

...................................

...THE HOUGHTON LAKE MI CLIMATE SUMMARY FOR THE MONTH OF SEPTEMBER 2017...

CLIMATE NORMAL PERIOD 1981 TO 2010
CLIMATE RECORD PERIOD 1913 TO 2017

WEATHER         OBSERVED          NORMAL  DEPART  LAST YEAR`S
                 VALUE   DATE(S)  VALUE   FROM    VALUE  DATE(S)
                                          NORMAL
................................................................
TEMPERATURE (F)
RECORD
 HIGH             100   09/11/1931
 LOW               20   09/19/1929
HIGHEST            92   09/22        MM      MM       90  09/06
LOWEST             30   09/30        MM      MM       38  09/25
AVG. MAXIMUM     75.4              68.9     6.5     73.1
AVG. MINIMUM     47.4              45.5     1.9     51.3
MEAN             61.4              57.2     4.2     62.2
DAYS MAX >= 90      3               0.0     3.0        1
DAYS MAX <= 32      0               0.0     0.0        0
DAYS MIN <= 32      3               1.8     1.2        0
DAYS MIN <= 0       0               0.0     0.0        0

PRECIPITATION (INCHES)
RECORD
 MAXIMUM           MM   MM
 MINIMUM           MM   MM
TOTALS           0.73              3.10   -2.37     2.93
DAILY AVG.       0.02              0.10   -0.08     0.10
DAYS >= .01         6              11.3    -5.3       15
DAYS >= .10         1               6.4    -5.4       10
DAYS >= .50         1               1.9    -0.9        1
DAYS >= 1.00        0               0.7    -0.7        0
GREATEST
 24 HR. TOTAL    0.57   09/05 TO 09/05
 STORM TOTAL       MM
 (MM/DD(HH))            MM

SNOWFALL (INCHES)
RECORDS
 TOTAL             MM   MM
 24 HR TOTAL       MM
 SNOW DEPTH        MM   MM
TOTALS            0.0               0.0     0.0      0.0
SINCE 7/1         0.0               0.0     0.0      0.0
SNOWDEPTH AVG.      0                MM      MM        0
DAYS >= TRACE       0               0.0     0.0        0
DAYS >= 1.0         0               0.0     0.0        0
GREATEST
 SNOW DEPTH         0   MM                             0  MM
 24 HR TOTAL      0.0   09/30 TO 09/30               0.0

DEGREE_DAYS
HEATING TOTAL     172               254     -82      124
 SINCE 7/1        262               381    -119      157
COOLING TOTAL      72                20      52       48
 SINCE 1/1        316               285      31      457
.................................................................

WIND (MPH)
AVERAGE WIND SPEED              5.4
HIGHEST WIND SPEED/DIRECTION    24/350    DATE  09/22
HIGHEST GUST SPEED/DIRECTION    32/360    DATE  09/22

SKY COVER
POSSIBLE SUNSHINE (PERCENT)   MM
AVERAGE SKY COVER           0.30
NUMBER OF DAYS FAIR           19
NUMBER OF DAYS PC             10
NUMBER OF DAYS CLOUDY          1

AVERAGE RH (PERCENT)     71

WEATHER CONDITIONS. NUMBER OF DAYS WITH
THUNDERSTORM              2     MIXED PRECIP               0
HEAVY RAIN                1     RAIN                       3
LIGHT RAIN                7     FREEZING RAIN              0
LT FREEZING RAIN          0     HAIL                       0
HEAVY SNOW                0     SNOW                       0
LIGHT SNOW                0     SLEET                      0
FOG                      24     FOG W/VIS <= 1/4 MILE     11
HAZE                      0

-  INDICATES NEGATIVE NUMBERS.
R  INDICATES RECORD WAS SET OR TIED.
MM INDICATES DATA IS MISSING.
T  INDICATES TRACE AMOUNT.

$$
