000
CXUS51 KRLX 012341
CLMHTS


CLIMATE REPORT
NATIONAL WEATHER SERVICE CHARLESTON WV
740 PM EDT FRI APR 1 2016

...................................

...THE HUNTINGTON CLIMATE SUMMARY FOR THE MONTH OF MARCH 2016...

CLIMATE NORMAL PERIOD 1981 TO 2010
CLIMATE RECORD PERIOD 1897 TO 2016

WEATHER         OBSERVED          NORMAL  DEPART  LAST YEAR`S
                 VALUE   DATE(S)  VALUE   FROM    VALUE  DATE(S)
                                          NORMAL
................................................................
TEMPERATURE (F)
RECORD
 HIGH              92   03/25/1929
 LOW               -2   03/03/1980
HIGHEST            78   03/10        MM      MM       76  03/16
LOWEST             24   03/03        MM      MM        0  03/06
AVG. MAXIMUM     64.0              56.6     7.4     55.3
AVG. MINIMUM     42.0              35.3     6.7     33.6
MEAN             53.0              45.9     7.1     44.5
DAYS MAX >= 90      0               0.0     0.0        0
DAYS MAX <= 32      0               0.5    -0.5        2
DAYS MIN <= 32      8              12.4    -4.4       13
DAYS MIN <= 0       0               0.0     0.0        1

PRECIPITATION (INCHES)
RECORD
 MAXIMUM         8.88   2002
 MINIMUM         0.56   1910
TOTALS           2.67              3.90   -1.23     6.33
DAILY AVG.       0.09              0.13   -0.04     0.20
DAYS >= .01        12              13.3    -1.3       12
DAYS >= .10         9               8.0     1.0        9
DAYS >= .50         0               2.4    -2.4        4
DAYS >= 1.00        0               0.6    -0.6        2
GREATEST
 24 HR. TOTAL    0.45   03/10 TO 03/11              1.95

SNOWFALL (INCHES)
RECORDS
 TOTAL           23.6   1993
TOTALS            3.0               3.8    -0.8     12.8
SINCE 7/1        23.8              22.7     1.1     36.6
DAYS >= 1.0         1               1.0     0.0        1
GREATEST
 SNOW DEPTH         3   03/04                         11  03/06
 24 HR TOTAL      3.0   03/03 TO 03/03           03/04 TO 03/04
                                                          03/04 TO 03/04
                                                          03/04 TO 03/04

DEGREE_DAYS
HEATING TOTAL     375               596    -221      629
 SINCE 7/1       3410              4097    -687     4645
COOLING TOTAL       9                 5       4        0
 SINCE 1/1          9                 5       4        0
.....................................................

WIND (MPH)
AVERAGE WIND SPEED              6.3
HIGHEST WIND SPEED/DIRECTION    29/190    DATE  03/31
HIGHEST GUST SPEED/DIRECTION    48/280    DATE  03/01

SKY COVER
POSSIBLE SUNSHINE (PERCENT)   MM
AVERAGE SKY COVER           0.50
NUMBER OF DAYS FAIR           15
NUMBER OF DAYS PC              8
NUMBER OF DAYS CLOUDY          8

AVERAGE RH (PERCENT)     60

WEATHER CONDITIONS. NUMBER OF DAYS WITH
THUNDERSTORM              0     MIXED PRECIP               0
HEAVY RAIN                2     RAIN                       9
LIGHT RAIN               15     FREEZING RAIN              0
LT FREEZING RAIN          0     HAIL                       0
HEAVY SNOW                1     SNOW                       1
LIGHT SNOW                3     SLEET                      0
FOG                      16     FOG W/VIS <= 1/4 MILE      3
HAZE                      3

-  INDICATES NEGATIVE NUMBERS.
R  INDICATES RECORD WAS SET OR TIED.
MM INDICATES DATA IS MISSING.
T  INDICATES TRACE AMOUNT.

$$
