000
CXUS51 KRLX 031815
CLMHTS


CLIMATE REPORT
NATIONAL WEATHER SERVICE CHARLESTON WV
115 PM EST TUE JAN 3 2017

...................................

...THE HUNTINGTON CLIMATE SUMMARY FOR THE MONTH OF DECEMBER 2016...

CLIMATE NORMAL PERIOD 1981 TO 2010
CLIMATE RECORD PERIOD 1897 TO 2016

WEATHER         OBSERVED          NORMAL  DEPART  LAST YEAR`S
                 VALUE   DATE(S)  VALUE   FROM    VALUE  DATE(S)
                                          NORMAL
................................................................
TEMPERATURE (F)
RECORD
 HIGH              80   12/03/1982
                        12/31/1951
 LOW              -14   12/31/1917
                        12/30/1917
HIGHEST            74   12/26        MM      MM       74  12/27
LOWEST             11   12/16        MM      MM       21  12/20
                        12/15
AVG. MAXIMUM     46.5              45.4     1.1     57.1
AVG. MINIMUM     30.8              28.6     2.2     38.9
MEAN             38.6              37.0     1.6     48.0
DAYS MAX >= 90      0               0.0     0.0        0
DAYS MAX <= 32      3               3.9    -0.9        0
DAYS MIN <= 32     17              19.9    -2.9       10
DAYS MIN <= 0       0               0.3    -0.3        0

PRECIPITATION (INCHES)
RECORD
 MAXIMUM         8.69   1978
 MINIMUM         1.53   2010
TOTALS           4.01              3.31    0.70     6.41
DAILY AVG.       0.13              0.11    0.02     0.21
DAYS >= .01        13              12.9     0.1       14
DAYS >= .10         8               7.2     0.8       11
DAYS >= .50         4               2.2     1.8        3
DAYS >= 1.00        1               0.6     0.4        2
GREATEST
 24 HR. TOTAL    1.28   12/18 TO 12/18              1.98

SNOWFALL (INCHES)
RECORDS
 TOTAL           21.7   1935
TOTALS            1.8               3.8    -2.0        T
SINCE 7/1         1.8               4.6    -2.8        T
DAYS >= 1.0         1               1.0     0.0        0
GREATEST
 SNOW DEPTH         T   12/30                          0  MM
 24 HR TOTAL      1.3   MM                       12/31 TO 12/31
                                                          12/31 TO 12/31
                                                          12/31 TO 12/31

DEGREE_DAYS
HEATING TOTAL     809               868     -59      520
 SINCE 7/1       1407              1755    -348     1240
COOLING TOTAL       0                 1      -1        0
 SINCE 1/1       1589              1135     454     1137
..................................................

WIND (MPH)
AVERAGE WIND SPEED              6.0
HIGHEST WIND SPEED/DIRECTION    31/210    DATE  12/18
HIGHEST GUST SPEED/DIRECTION    48/210    DATE  12/18

SKY COVER
POSSIBLE SUNSHINE (PERCENT)   MM
AVERAGE SKY COVER           0.60
NUMBER OF DAYS FAIR            5
NUMBER OF DAYS PC             15
NUMBER OF DAYS CLOUDY         11

AVERAGE RH (PERCENT)     66

WEATHER CONDITIONS. NUMBER OF DAYS WITH
THUNDERSTORM              0     MIXED PRECIP               0
HEAVY RAIN                5     RAIN                       6
LIGHT RAIN               15     FREEZING RAIN              1
LT FREEZING RAIN          0     HAIL                       0
HEAVY SNOW                1     SNOW                       1
LIGHT SNOW                4     SLEET                      0
FOG                      14     FOG W/VIS <= 1/4 MILE      3
HAZE                      6

-  INDICATES NEGATIVE NUMBERS.
R  INDICATES RECORD WAS SET OR TIED.
MM INDICATES DATA IS MISSING.
T  INDICATES TRACE AMOUNT.

$$
