000
CXUS51 KRLX 011506
CLMHTS


CLIMATE REPORT
NATIONAL WEATHER SERVICE CHARLESTON WV
1100 AM EDT SAT JUL 1 2017

...................................

...THE HUNTINGTON CLIMATE SUMMARY FOR THE MONTH OF JUNE 2017...

CLIMATE NORMAL PERIOD 1981 TO 2010
CLIMATE RECORD PERIOD 1897 TO 2017

WEATHER         OBSERVED          NORMAL  DEPART  LAST YEAR`S
                 VALUE   DATE(S)  VALUE   FROM    VALUE  DATE(S)
                                          NORMAL
................................................................
TEMPERATURE (F)
RECORD
 HIGH             105   06/24/1930
 LOW               39   06/06/1945
HIGHEST            91   06/18        MM      MM       92  06/16
                        06/12                             06/11
LOWEST             51   06/28        MM      MM       50  06/09
AVG. MAXIMUM     83.0              82.8     0.2     84.8
AVG. MINIMUM     61.1              61.4    -0.3     63.5
MEAN             72.0              72.1    -0.1     74.2
DAYS MAX >= 90      3               3.4    -0.4        5
DAYS MAX <= 32      0               0.0     0.0        0
DAYS MIN <= 32      0               0.0     0.0        0
DAYS MIN <= 0       0               0.0     0.0        0

PRECIPITATION (INCHES)
RECORD
 MAXIMUM         8.88   1946
 MINIMUM         0.41   1966
TOTALS           4.86              3.88    0.98     7.25
DAILY AVG.       0.16              0.13    0.03     0.24
DAYS >= .01         9              12.1    -3.1       12
DAYS >= .10         5               8.0    -3.0        9
DAYS >= .50         3               2.9     0.1        4
DAYS >= 1.00        1               0.7     0.3        2
GREATEST
 24 HR. TOTAL    2.66   06/23 TO 06/23              2.17

SNOWFALL (INCHES)
RECORDS
 TOTAL             MM   MM
TOTALS            0.0               0.0     0.0      0.0
SINCE 7/1         5.9              23.6   -17.7     23.8
DAYS >= 1.0         0               0.0     0.0        0
GREATEST
 SNOW DEPTH         0   MM                             0  MM
 24 HR TOTAL      0.0   06/30 TO 06/30           06/30 TO 06/30
                                                          06/15 TO 06/15
                                                          06/15 TO 06/15

DEGREE_DAYS
HEATING TOTAL       4                12      -8        1
 SINCE 7/1       3446              4512   -1066     3789
COOLING TOTAL     223               225      -2      280
 SINCE 1/1        395               338      57      420
......................................................

WIND (MPH)
AVERAGE WIND SPEED              4.7
HIGHEST WIND SPEED/DIRECTION    20/210    DATE  06/23
HIGHEST GUST SPEED/DIRECTION    32/220    DATE  06/23

SKY COVER
POSSIBLE SUNSHINE (PERCENT)   MM
AVERAGE SKY COVER           0.30
NUMBER OF DAYS FAIR           19
NUMBER OF DAYS PC             11
NUMBER OF DAYS CLOUDY          0

AVERAGE RH (PERCENT)     70

WEATHER CONDITIONS. NUMBER OF DAYS WITH
THUNDERSTORM              0     MIXED PRECIP               0
HEAVY RAIN                4     RAIN                       7
LIGHT RAIN                9     FREEZING RAIN              0
LT FREEZING RAIN          0     HAIL                       0
HEAVY SNOW                0     SNOW                       0
LIGHT SNOW                0     SLEET                      0
FOG                      13     FOG W/VIS <= 1/4 MILE      6
HAZE                      1

-  INDICATES NEGATIVE NUMBERS.
R  INDICATES RECORD WAS SET OR TIED.
MM INDICATES DATA IS MISSING.
T  INDICATES TRACE AMOUNT.

$$
