000
CXUS55 KTFX 210023
CLMHVR


CLIMATE REPORT
NATIONAL WEATHER SERVICE GREAT FALLS MT
622 PM MDT MON MAR 20 2017

...................................

...THE HAVRE MT CLIMATE SUMMARY FOR THE MONTH OF FEBRUARY 2017...

CLIMATE NORMAL PERIOD 1981 TO 2010
CLIMATE RECORD PERIOD 1880 TO 2017

WEATHER         OBSERVED          NORMAL  DEPART  LAST YEAR`S
                 VALUE   DATE(S)  VALUE   FROM    VALUE
                                          NORMAL
.............................................................
TEMPERATURE (F)
RECORD
 HIGH              74   02/27/1992
 LOW              -55   02/03/1887
HIGHEST            64   02/16        38      26       67
LOWEST            -23   02/08         6     -29       12
AVG. MAXIMUM     34.0              33.6     0.4     47.2
AVG. MINIMUM     15.3              10.9     4.4     22.7
MEAN             24.7              22.2     2.5     34.9
DAYS MAX >= 90      0               0.0     0.0        0
DAYS MAX <= 32     13              11.5     1.5        0
DAYS MIN <= 32     25              26.5    -1.5       26
DAYS MIN <= 0       5               6.6    -1.6        0

PRECIPITATION (INCHES)
RECORD
 MAXIMUM           MM   MM
 MINIMUM           MM   MM
TOTALS           0.69              0.28    0.41     0.10
DAYS >= .01        13               5.6     7.4
DAYS >= .10         3               1.0     2.0
DAYS >= .50         0               0.0     0.0
DAYS >= 1.00        0               0.0     0.0
GREATEST
 24 HR. TOTAL    0.18   02/03 TO 02/04

SNOWFALL (INCHES)
RECORDS
 TOTAL             MM   5
 24 HR TOTAL       MM
 SNOW DEPTH        MM   MM
TOTALS            9.2               5.8     3.4      0.5
SNOWDEPTH AVG.      1
DAYS >= TRACE      17               5.6    11.4
DAYS >= 1.0         6               2.3     3.7
GREATEST
 SNOW DEPTH         4   02/09                          0
                        02/08
                        02/07
 24 HR TOTAL      2.0   02/04 TO 02/04

DEGREE_DAYS
HEATING TOTAL    1122              1197     -75      865
 SINCE 7/1       5999              6120    -121     5425
COOLING TOTAL       0                 0       0        0
 SINCE 1/1          0                 0       0        0
..............................................................

WIND (MPH)
AVERAGE WIND SPEED              9.8
HIGHEST WIND SPEED/DIRECTION    33/220    DATE  02/10
HIGHEST GUST SPEED/DIRECTION    47/250    DATE  02/09

SKY COVER
AVERAGE SKY COVER           0.50

AVERAGE RH (PERCENT)     76

WEATHER CONDITIONS. NUMBER OF DAYS WITH
THUNDERSTORM              0     MIXED PRECIP               1
HEAVY RAIN                0     RAIN                       0
LIGHT RAIN                1     FREEZING RAIN              0
LT FREEZING RAIN          1     HAIL                       0
HEAVY SNOW                0     SNOW                       2
LIGHT SNOW               16     SLEET                      0
FOG                      15     FOG W/VIS <= 1/4 MILE      2
HAZE                      6

-  INDICATES NEGATIVE NUMBERS.
R  INDICATES RECORD WAS SET OR TIED.
MM INDICATES DATA IS MISSING.
T  INDICATES TRACE AMOUNT.

$$
