000
CXUS55 KTFX 011238
CLMHVR


CLIMATE REPORT
NATIONAL WEATHER SERVICE GREAT FALLS MT
622 AM MDT FRI AUG 1 2014

...................................

...THE HAVRE MT CLIMATE SUMMARY FOR THE MONTH OF JULY 2014...

CLIMATE NORMAL PERIOD 1981 TO 2010
CLIMATE RECORD PERIOD 1880 TO 2014

WEATHER         OBSERVED          NORMAL  DEPART  LAST YEAR`S
                 VALUE   DATE(S)  VALUE   FROM    VALUE
                                          NORMAL
.............................................................
TEMPERATURE (F)
RECORD
 HIGH             108   07/12/1886
 LOW               31   07/28/1892
HIGHEST            98   07/31        86      12       95
                        07/30
LOWEST             46   07/27        51      -5       47
                        07/08
AVG. MAXIMUM     88.3              84.9     3.4     84.1
AVG. MINIMUM     54.2              53.6     0.6     54.5
MEAN             71.2              69.2     2.0     69.3
DAYS MAX >= 90     14               9.7     4.3        6
DAYS MAX <= 32      0               0.0     0.0        0
DAYS MIN <= 32      0               0.0     0.0        0
DAYS MIN <= 0       0               0.0     0.0        0

PRECIPITATION (INCHES)
RECORD
 MAXIMUM         9.67   1884
 MINIMUM         0.01   1967
TOTALS           0.26              1.64   -1.38     2.75
DAYS >= .01         3               8.0    -5.0
DAYS >= .10         1               3.6    -2.6
DAYS >= .50         0               0.8    -0.8
DAYS >= 1.00        0               0.3    -0.3
GREATEST
 24 HR. TOTAL    0.26   06/30 TO 07/01

SNOWFALL (INCHES)
RECORDS
 TOTAL              T   1992
 24 HR TOTAL        T   7/23 1992
TOTALS            0.0               0.0     0.0      0.0
SNOWDEPTH AVG.      0
DAYS >= TRACE       0               0.0     0.0
DAYS >= 1.0         0               0.0     0.0
GREATEST
 SNOW DEPTH         0                                  0
 24 HR TOTAL      0.0

DEGREE_DAYS
HEATING TOTAL       0                30     -30        8
 SINCE 7/1          0                30     -30        8
COOLING TOTAL     201               162      39      146
 SINCE 1/1        214               221      -7      196
..............................................................

WIND (MPH)
AVERAGE WIND SPEED              9.7
HIGHEST WIND SPEED/DIRECTION    51/270    DATE  07/24
HIGHEST GUST SPEED/DIRECTION    62/270    DATE  07/24

SKY COVER
AVERAGE SKY COVER           0.10

AVERAGE RH (PERCENT)     51

WEATHER CONDITIONS. NUMBER OF DAYS WITH
THUNDERSTORM              0     MIXED PRECIP               0
HEAVY RAIN                2     RAIN                       2
LIGHT RAIN                8     FREEZING RAIN              0
LT FREEZING RAIN          0     HAIL                       0
HEAVY SNOW                0     SNOW                       0
LIGHT SNOW                0     SLEET                      0
FOG                       3     FOG W/VIS <= 1/4 MILE      0
HAZE                      2

-  INDICATES NEGATIVE NUMBERS.
R  INDICATES RECORD WAS SET OR TIED.
MM INDICATES DATA IS MISSING.
T  INDICATES TRACE AMOUNT.

&&

A PERSISTENT RIDGE OF HIGH PRESSURE KEPT CONDITIONS MOSTLY DRY FOR
THE MONTH OF JULY FOR MUCH OF THE STATE. HAVRE ENDED THE MONTH
BELOW NORMAL ON PRECIPITATION AND ABOVE NORMAL ON TEMPERATURE. THE
PRECIPITATION DEFICIT WAS 1.38 INCHES. THE AVERAGE HIGH TEMPERATURE
SURPLUS WAS 3.4 DEGREES FAHRENHEIT AND THE AVERAGE LOW TEMPERATURE
SURPLUS WAS 0.6 DEGREES FAHRENHEIT. NO RECORDS WERE BROKEN DURING JULY.

$$
