000
CXUS52 KILM 012226
CLMILM


CLIMATE REPORT
NATIONAL WEATHER SERVICE WILMINGTON NC
623 PM EDT SAT OCT 1 2016

...................................

...THE WILMINGTON NC CLIMATE SUMMARY FOR THE MONTH OF SEPTEMBER 2016...

CLIMATE NORMAL PERIOD 1981 TO 2010
CLIMATE RECORD PERIOD 1871 TO 2016

WEATHER         OBSERVED          NORMAL  DEPART  LAST YEAR`S
                 VALUE   DATE(S)  VALUE   FROM    VALUE  DATE(S)
                                          NORMAL
................................................................
TEMPERATURE (F)
RECORD
 HIGH             100   09/04/1925
 LOW               42   09/25/1887
HIGHEST            94   09/08                         94  09/02
                        09/07
LOWEST             62   09/05                         53  09/15
AVG. MAXIMUM     84.8              83.7     1.1     84.6
AVG. MINIMUM     69.8              65.6     4.2     69.1
MEAN             77.3              74.6     2.7     76.8
DAYS MAX >= 90      6               3.4     2.6        4
DAYS MAX <= 32      0               0.0     0.0        0
DAYS MIN <= 32      0               0.0     0.0        0
DAYS MIN <= 0       0               0.0     0.0        0

PRECIPITATION (INCHES)
RECORD
 MAXIMUM        23.41   1999
 MINIMUM         0.12   1931
                        1899
TOTALS          15.86              7.84    8.02     5.47
DAILY AVG.       0.53              0.26    0.27     0.18
DAYS >= .01        12              12.8    -0.8       15
DAYS >= .10         9               6.3     2.7       10
DAYS >= .50         7               3.7     3.3        5
DAYS >= 1.00        6               2.3     3.7        2
GREATEST
 24 HR. TOTAL    7.82   09/02 TO 09/03

SNOWFALL (INCHES)
RECORDS
 TOTAL             MM   MM
 24 HR TOTAL       MM
TOTALS            0.0               0.0     0.0      0.0
SINCE 7/1         0.0               0.0     0.0      0.0
DAYS >= TRACE       0               0.0     0.0        0
DAYS >= 1.0         0               0.0     0.0        0
GREATEST
 SNOW DEPTH         0   MM                             0  MM
 24 HR TOTAL      0.0   09/30 TO 09/30

DEGREE_DAYS
HEATING TOTAL       0                 5      -5        0
COOLING TOTAL     379               294      85      359
.................................................

WIND (MPH)
AVERAGE WIND SPEED              6.9
RESULTANT WIND SPEED/DIRECTION   1/047
HIGHEST WIND SPEED/DIRECTION    26/030    DATE  09/02
HIGHEST GUST SPEED/DIRECTION    37/230    DATE  09/02

SKY COVER
POSSIBLE SUNSHINE (PERCENT)   MM
AVERAGE SKY COVER           0.40
NUMBER OF DAYS FAIR           17
NUMBER OF DAYS PC              7
NUMBER OF DAYS CLOUDY          5

AVERAGE RH (PERCENT)     80

WEATHER CONDITIONS. NUMBER OF DAYS WITH
THUNDERSTORM              8     MIXED PRECIP               0
HEAVY RAIN                9     RAIN                       9
LIGHT RAIN               11     FREEZING RAIN              0
LT FREEZING RAIN          0     HAIL                       0
HEAVY SNOW                0     SNOW                       0
LIGHT SNOW                0     SLEET                      0
FOG                      14     FOG W/VIS <= 1/4 MILE      3
HAZE                      1

-  INDICATES NEGATIVE NUMBERS.
R  INDICATES RECORD WAS SET OR TIED.
MM INDICATES DATA IS MISSING.
T  INDICATES TRACE AMOUNT.

$$
