000
CXUS52 KILM 042138
CLMILM


CLIMATE REPORT
NATIONAL WEATHER SERVICE WILMINGTON NC
535 PM EDT FRI JUL 4 2014

...................................

...THE WILMINGTON NC CLIMATE SUMMARY FOR THE MONTH OF JUNE 2014...

CLIMATE NORMAL PERIOD 1981 TO 2010
CLIMATE RECORD PERIOD 1871 TO 2014

WEATHER         OBSERVED          NORMAL  DEPART  LAST YEAR`S
                 VALUE   DATE(S)  VALUE   FROM    VALUE  DATE(S)
                                          NORMAL
................................................................
TEMPERATURE (F)
RECORD
 HIGH             104   06/27/1952
 LOW               48   06/02/1983
HIGHEST            97   06/20                         95  06/13
LOWEST             54   06/02                         60  06/15
AVG. MAXIMUM     88.6              86.9     1.7     85.3
AVG. MINIMUM     70.0              68.7     1.3     69.6
MEAN             79.3              77.8     1.5     77.4
DAYS MAX >= 90     14               8.8     5.2        2
DAYS MAX <= 32      0               0.0     0.0        0
DAYS MIN <= 32      0               0.0     0.0        0
DAYS MIN <= 0       0               0.0     0.0        0

PRECIPITATION (INCHES)
RECORD
 MAXIMUM        12.87   1962
 MINIMUM         0.89   1984
TOTALS           2.48              5.18   -2.70    11.46
DAILY AVG.       0.08              0.17   -0.09     0.38
DAYS >= .01         8              12.8    -4.8       19
DAYS >= .10         5               7.0    -2.0       14
DAYS >= .50         2               3.4    -1.4        9
DAYS >= 1.00        0               1.5    -1.5        2
GREATEST
 24 HR. TOTAL    0.74   06/11 TO 06/12

SNOWFALL (INCHES)
RECORDS
 TOTAL             MM   MM
 24 HR TOTAL       MM
TOTALS            0.0               0.0     0.0      0.0
SINCE 7/1         1.0               1.7    -0.7        T
DAYS >= TRACE       0               0.0     0.0        0
DAYS >= 1.0         0               0.0     0.0        0
GREATEST
 SNOW DEPTH         0   MM                             0

DEGREE_DAYS
HEATING TOTAL       0                 2      -2        0
COOLING TOTAL     440               385      55      380
.................................................

WIND (MPH)
AVERAGE WIND SPEED              7.4
RESULTANT WIND SPEED/DIRECTION   2/182
HIGHEST WIND SPEED/DIRECTION    23/210    DATE  06/05
HIGHEST GUST SPEED/DIRECTION    29/210    DATE  06/05

SKY COVER
POSSIBLE SUNSHINE (PERCENT)   MM
AVERAGE SKY COVER           0.20
NUMBER OF DAYS FAIR           24
NUMBER OF DAYS PC              6
NUMBER OF DAYS CLOUDY          0

AVERAGE RH (PERCENT)     71

WEATHER CONDITIONS. NUMBER OF DAYS WITH
THUNDERSTORM             11     MIXED PRECIP               0
HEAVY RAIN                4     RAIN                       6
LIGHT RAIN               11     FREEZING RAIN              0
LT FREEZING RAIN          0     HAIL                       0
HEAVY SNOW                0     SNOW                       0
LIGHT SNOW                0     SLEET                      0
FOG                      14     FOG W/VIS <= 1/4 MILE      0
HAZE                      3

-  INDICATES NEGATIVE NUMBERS.
R  INDICATES RECORD WAS SET OR TIED.
MM INDICATES DATA IS MISSING.
T  INDICATES TRACE AMOUNT.

$$
