000
CXUS53 KIND 011617
CLMIND


CLIMATE REPORT
NATIONAL WEATHER SERVICE INDIANAPOLIS IN
1111 AM EST SUN MAR 1 2015

...................................

...THE INDIANAPOLIS IN CLIMATE SUMMARY FOR THE MONTH OF FEBRUARY 2015...

CLIMATE NORMAL PERIOD 1981 TO 2010
CLIMATE RECORD PERIOD 1871 TO 2015

WEATHER         OBSERVED          NORMAL  DEPART  LAST YEAR`S
                 VALUE   DATE(S)  VALUE   FROM    VALUE  DATE(S)
                                          NORMAL
................................................................
TEMPERATURE (F)
RECORD
 HIGH              76   02/25/2000
 LOW              -21   02/10/1982
HIGHEST            57   02/08                         62  02/20
LOWEST             -6   02/24                         -7  02/07
                        02/20
AVG. MAXIMUM     29.5              40.2   -10.7     30.8
AVG. MINIMUM     11.0              23.9   -12.9     13.9
MEAN             20.2              32.1   -11.9     22.3
DAYS MAX >= 90      0               0.0     0.0        0
DAYS MAX <= 32     17               6.8    10.2       18
DAYS MIN <= 32     27              21.8     5.2       26
DAYS MIN <= 0       4               0.9     3.1        4

PRECIPITATION (INCHES)
RECORD
 MAXIMUM         7.28   1882
 MINIMUM         0.18   1907
TOTALS           1.34              2.32   -0.98     2.45
DAILY AVG.       0.05              0.08   -0.03     0.09
DAYS >= .01        10              10.0     0.0       12
DAYS >= .10         4               5.2    -1.2        7
DAYS >= .50         0               1.4    -1.4        1
DAYS >= 1.00        0               0.4    -0.4        0
GREATEST
 24 HR. TOTAL    0.47   02/21 TO 02/21

SNOWFALL (INCHES)
RECORDS
 TOTAL           21.7   2003
 SNOW DEPTH        16   02/17/1910
TOTALS           13.8               6.5     7.3     16.5
SINCE 7/1        19.7              23.1    -3.4     52.3
SNOWDEPTH AVG.      2
DAYS >= 1.0         6               2.0     4.0        3
DAYS >= 0.1        10                                 10
GREATEST
 SNOW DEPTH         7   02/22                         11  02/16
                                                          02/15
 24 HR TOTAL      5.3   02/20 TO 02/21               6.8  02/04 TO 02/04


DEGREE_DAYS
HEATING TOTAL    1249               922     327     1187
 SINCE 7/1       4726              4143     583     4797
COOLING TOTAL       0                 0       0        0
 SINCE 1/1          0                 0       0        0
.....................................................

WIND (MPH)
AVERAGE WIND SPEED              11.0
HIGHEST WIND SPEED/DIRECTION    38/310    DATE  02/14
HIGHEST GUST SPEED/DIRECTION    51/310    DATE  02/14

SKY COVER
POSSIBLE SUNSHINE (PERCENT)   MM
AVERAGE SKY COVER           357.80
NUMBER OF DAYS FAIR            5
NUMBER OF DAYS PC              8
NUMBER OF DAYS CLOUDY         15

AVERAGE RH (PERCENT)     68

WEATHER CONDITIONS. NUMBER OF DAYS WITH
THUNDERSTORM              0     MIXED PRECIP               1
HEAVY RAIN                0     RAIN                       1
LIGHT RAIN                4     FREEZING RAIN              0
LT FREEZING RAIN          1     HAIL                       0
HEAVY SNOW                1     SNOW                       4
LIGHT SNOW               16     SLEET                      2
FOG                      16     FOG W/VIS <= 1/4 MILE      2
HAZE                      9

-  INDICATES NEGATIVE NUMBERS.
R  INDICATES RECORD WAS SET OR TIED.
MM INDICATES DATA IS MISSING.
T  INDICATES TRACE AMOUNT.

$$
