000
CXUS51 KCTP 011514
CLMIPT

CLIMATE REPORT
NATIONAL WEATHER SERVICE STATE COLLEGE PA
1007 AM EST SUN FEB 1 2015

...................................

...THE WILLIAMSPORT PA CLIMATE SUMMARY FOR THE MONTH OF JANUARY 2015...

CLIMATE NORMAL PERIOD 1981 TO 2010
CLIMATE RECORD PERIOD 1895 TO 2015

WEATHER         OBSERVED          NORMAL  DEPART  LAST YEAR`S
                 VALUE   DATE(S)  VALUE   FROM    VALUE  DATE(S)
                                          NORMAL
................................................................
TEMPERATURE (F)
RECORD
 HIGH              70   01/14/1932
                        01/13/1932
 LOW              -20   01/21/1994
HIGHEST            48   01/04                         50  01/11
LOWEST              2   01/29                         -5  01/07
AVG. MAXIMUM     32.5              34.2    -1.7     29.9
AVG. MINIMUM     16.0              19.3    -3.3     12.1
MEAN             24.2              26.8    -2.6     21.0
DAYS MAX >= 90      0               0.0     0.0        0
DAYS MAX <= 32     13              12.7     0.3       19
DAYS MIN <= 32     30              27.7     2.3       30
DAYS MIN <= 0       0               1.5    -1.5        6

PRECIPITATION (INCHES)
RECORD
 MAXIMUM         8.25   1978
 MINIMUM         0.52   1985
TOTALS           1.71              2.70   -0.99     1.25
DAILY AVG.       0.06              0.09   -0.03     0.04
DAYS >= .01        15              11.0     4.0       15
DAYS >= .10         5               5.4    -0.4        6
DAYS >= .50         1               1.7    -0.7        0
DAYS >= 1.00        0               0.4    -0.4        0
GREATEST
 24 HR. TOTAL    0.65   01/03 TO 01/04


SNOWFALL (INCHES)
RECORDS
 TOTAL           40.1   1987
TOTALS           14.7              10.5     4.2      7.9
SINCE 7/1        23.8              19.2     4.6     24.2
SNOWDEPTH AVG.      2                 3      -1        0
DAYS >= 1.0         4               3.1     0.9        3
GREATEST
 SNOW DEPTH         6   01/31                          4  01/03
                        01/30
                        01/28
 24 HR TOTAL      4.5   01/26 TO 01/26

DEGREE_DAYS
HEATING TOTAL    1257              1186      71     1354
 SINCE 7/1       3330              3479    -149     3670
COOLING TOTAL       0                 0       0        0
 SINCE 1/1          0                 0       0        0
..................................................

WIND (MPH)
AVERAGE WIND SPEED              7.4
HIGHEST WIND SPEED/DIRECTION    36/270    DATE  01/04
HIGHEST GUST SPEED/DIRECTION    47/290    DATE  01/05

SKY COVER
POSSIBLE SUNSHINE (PERCENT)   MM
AVERAGE SKY COVER           0.60
NUMBER OF DAYS FAIR            7
NUMBER OF DAYS PC             14
NUMBER OF DAYS CLOUDY         10

AVERAGE RH (PERCENT)     63

WEATHER CONDITIONS. NUMBER OF DAYS WITH
THUNDERSTORM              0     MIXED PRECIP               0
HEAVY RAIN                0     RAIN                       2
LIGHT RAIN                4     FREEZING RAIN              2
LT FREEZING RAIN          2     HAIL                       0
HEAVY SNOW                1     SNOW                       4
LIGHT SNOW               18     SLEET                      1
FOG                      12     FOG W/VIS <= 1/4 MILE      0
HAZE                      7

-  INDICATES NEGATIVE NUMBERS.
R  INDICATES RECORD WAS SET OR TIED.
MM INDICATES DATA IS MISSING.
T  INDICATES TRACE AMOUNT.

$$

EVANEGO
