000
CXUS53 KEAX 010649
CLMIRK

STLCLMWK2 000
TTAA00 KEAX 010647


CLIMATE REPORT
NATIONAL WEATHER SERVICE KANSAS CITY/PLEASANT HILL MO
144 AM CDT TUE APR 1 2014

...................................

...THE KIRKSVILLE CLIMATE SUMMARY FOR THE MONTH OF MARCH 2014...

CLIMATE NORMAL PERIOD 1981 TO 2010
CLIMATE RECORD PERIOD 9999 TO 9999

WEATHER         OBSERVED          NORMAL  DEPART  LAST YEAR`S
                 VALUE   DATE(S)  VALUE   FROM    VALUE  DATE(S)
                                          NORMAL
................................................................
TEMPERATURE (F)
HIGHEST            73   03/31        75      -2       72  03/15
LOWEST             -7R  03/03        11     -18        8  03/03
AVG. MAXIMUM     48.7              50.9    -2.2     42.0
AVG. MINIMUM     22.7              30.5    -7.8     24.1
MEAN             35.7              40.7    -5.0     33.0
DAYS MAX >= 90      0               0.0     0.0        0
DAYS MAX <= 32      3               2.2     0.8        7
DAYS MIN <= 32     26              18.4     7.6       27
DAYS MIN <= 0       2               0.2     1.8        0

PRECIPITATION (INCHES)
TOTALS           1.07              2.55   -1.48     3.34
DAILY AVG.       0.03              0.08   -0.05     0.11
DAYS >= .01         8               9.5    -1.5       12
DAYS >= .10         6               5.9     0.1        6
DAYS >= .50         0               1.6    -1.6        2
DAYS >= 1.00        0               0.6    -0.6        1
GREATEST
 24 HR. TOTAL    0.33   03/11 TO 03/11

DEGREE_DAYS
HEATING TOTAL     902               754     148      982
 SINCE 7/1       5872              5287     585     5362
COOLING TOTAL       0                 0       0        0
 SINCE 1/1          0                 0       0        0
.................................................................

WIND (MPH)
AVERAGE WIND SPEED              10.9
HIGHEST WIND SPEED/DIRECTION    37/030    DATE  03/11
HIGHEST GUST SPEED/DIRECTION    47/030    DATE  03/11

SKY COVER
POSSIBLE SUNSHINE (PERCENT)   MM
AVERAGE SKY COVER           0.30
NUMBER OF DAYS FAIR           18
NUMBER OF DAYS PC              8
NUMBER OF DAYS CLOUDY          5

AVERAGE RH (PERCENT)     63

WEATHER CONDITIONS. NUMBER OF DAYS WITH
THUNDERSTORM              0     MIXED PRECIP               0
HEAVY RAIN                1     RAIN                       0
LIGHT RAIN                6     FREEZING RAIN              0
LT FREEZING RAIN          0     HAIL                       0
HEAVY SNOW                0     SNOW                       3
LIGHT SNOW                6     SLEET                      0
FOG                      16     FOG W/VIS <= 1/4 MILE      0
HAZE                     10

-  INDICATES NEGATIVE NUMBERS.
R  INDICATES RECORD WAS SET OR TIED.
MM INDICATES DATA IS MISSING.
T  INDICATES TRACE AMOUNT.

$$
