459
CXCA52 TJSJ 020444
CLMIST


CLIMATE REPORT
NATIONAL WEATHER SERVICE SAN JUAN, PR
1244 AM AST FRI SEP 2 2016

...................................

...THE CYRIL E. KING AP/ST THOMAS  CLIMATE SUMMARY FOR THE MONTH OF AUGUST 2016...

CLIMATE NORMAL PERIOD 1981 TO 2010
CLIMATE RECORD PERIOD 1953 TO 2016

WEATHER         OBSERVED          NORMAL  DEPART  LAST YEAR`S
                 VALUE   DATE(S)  VALUE   FROM    VALUE  DATE(S)
                                          NORMAL
................................................................
TEMPERATURE (F)
RECORD
 HIGH              99   08/04/1994
                        08/08/1979
 LOW               65   08/07/2001
HIGHEST            94   08/31        90       4       95  08/29
                                                          08/01
LOWEST             79   08/28        78       1       74  08/17
                        08/26
                        08/24
AVG. MAXIMUM     90.0              90.2    -0.2     90.7
AVG. MINIMUM     81.1              78.2     2.9     80.2
MEAN             85.6              84.2     1.4     85.4
DAYS MAX >= 90     21              15.4     5.6       20
DAYS MAX <= 32      0               0.0     0.0        0
DAYS MIN <= 32      0               0.0     0.0        0
DAYS MIN <= 0       0               0.0     0.0        0

PRECIPITATION (INCHES)
RECORD
 MAXIMUM         9.14   2011
 MINIMUM         0.70   1993
TOTALS           5.57              3.74    1.83     1.75
DAILY AVG.       0.18              0.13    0.05     0.06
DAYS >= .01        18              14.5     3.5       13
DAYS >= .10        10               6.9     3.1        4
DAYS >= .50         4               2.2     1.8        1
DAYS >= 1.00        1               0.8     0.2        0
GREATEST
 24 HR. TOTAL    2.16   08/05 TO 08/05

SNOWFALL (INCHES)
TOTALS            0.0               0.0     0.0      0.0

DEGREE_DAYS
HEATING TOTAL       0                 0       0        0
COOLING TOTAL     643               595      48      641
.................................................................

WIND (MPH)
AVERAGE WIND SPEED              9.8
HIGHEST WIND SPEED/DIRECTION    23/060    DATE  08/31
HIGHEST GUST SPEED/DIRECTION    40/160    DATE  08/24

SKY COVER
AVERAGE SKY COVER           0.20

AVERAGE RH (PERCENT)     77

WEATHER CONDITIONS. NUMBER OF DAYS WITH
THUNDERSTORM              0     MIXED PRECIP               0
HEAVY RAIN                3     RAIN                       2
LIGHT RAIN               10     FREEZING RAIN              0
LT FREEZING RAIN          0     HAIL                       0
HEAVY SNOW                0     SNOW                       0
LIGHT SNOW                0     SLEET                      0
FOG                       9     FOG W/VIS <= 1/4 MILE      0
HAZE                      1

-  INDICATES NEGATIVE NUMBERS.
R  INDICATES RECORD WAS SET OR TIED.
MM INDICATES DATA IS MISSING.
T  INDICATES TRACE AMOUNT.

$$
