000
CXHW53 PHFO 011625
CLMITO


CLIMATE REPORT
NATIONAL WEATHER SERVICE HONOLULU HI
625 AM HST THU DEC 1 2016

...................................

...THE HILO HI CLIMATE SUMMARY FOR THE MONTH OF NOVEMBER 2016...

CLIMATE NORMAL PERIOD 1981 TO 2010
CLIMATE RECORD PERIOD 1946 TO 2016

WEATHER         OBSERVED          NORMAL  DEPART  LAST YEAR`S
                 VALUE   DATE(S)  VALUE   FROM    VALUE  DATE(S)
                                          NORMAL
................................................................
TEMPERATURE (F)
RECORD
 HIGH              92   11/07/1996
 LOW               58   11/28/1985
HIGHEST            85   11/13        81       4       88  11/03
                                                          11/01
LOWEST             64   11/07        67      -3       67  11/30
                                                          11/15
AVG. MAXIMUM     81.0              80.8     0.2     84.0
AVG. MINIMUM     67.4              67.3     0.1     69.7
MEAN             74.2              74.1     0.1     76.9
DAYS MAX >= 90      0               0.0     0.0        0
DAYS MAX <= 32      0               0.0     0.0        0
DAYS MIN <= 32      0               0.0     0.0        0
DAYS MIN <= 0       0               0.0     0.0        0

PRECIPITATION (INCHES)
RECORD
 MAXIMUM        45.90   2000
 MINIMUM         1.01   1989
TOTALS          10.04             15.50   -5.46    22.81
DAILY AVG.       0.33              0.52   -0.19     0.76
DAYS >= .01        21              23.0    -2.0       24
DAYS >= .10        16              16.9    -0.9       22
DAYS >= .50         7               7.9    -0.9       13
DAYS >= 1.00        3               4.1    -1.1        6
GREATEST
 24 HR. TOTAL    1.88   11/30 TO 11/30              6.23

SNOWFALL (INCHES)
RECORDS
 TOTAL             MM   5
TOTALS            0.0               0.0     0.0      0.0
SINCE 7/1         0.0               0.0     0.0      0.0
SNOWDEPTH AVG.      0                MM      MM        0
DAYS >= 1.0         0               0.0     0.0        0
GREATEST
 SNOW DEPTH         0   MM                             0  MM
 24 HR TOTAL      0.0   11/30 TO 11/30               0.0

DEGREE_DAYS
HEATING TOTAL       0                 0       0        0
 SINCE 7/1          0                 0       0        0
COOLING TOTAL     284               272      12      352
 SINCE 1/1       3761              3007     754     3665
.................................................................

WIND (MPH)
AVERAGE WIND SPEED              5.9
HIGHEST WIND SPEED/DIRECTION    22/040    DATE  11/30
HIGHEST GUST SPEED/DIRECTION    28/120    DATE  11/27

SKY COVER
POSSIBLE SUNSHINE (PERCENT)   MM
AVERAGE SKY COVER           0.60
NUMBER OF DAYS FAIR            4
NUMBER OF DAYS PC             19
NUMBER OF DAYS CLOUDY          7

AVERAGE RH (PERCENT)     78

WEATHER CONDITIONS. NUMBER OF DAYS WITH
THUNDERSTORM              0     MIXED PRECIP               0
HEAVY RAIN               10     RAIN                      14
LIGHT RAIN               21     FREEZING RAIN              0
LT FREEZING RAIN          0     HAIL                       0
HEAVY SNOW                0     SNOW                       0
LIGHT SNOW                0     SLEET                      0
FOG                      21     FOG W/VIS <= 1/4 MILE      0
HAZE                      9

-  INDICATES NEGATIVE NUMBERS.
R  INDICATES RECORD WAS SET OR TIED.
MM INDICATES DATA IS MISSING.
T  INDICATES TRACE AMOUNT.

$$
