000
CXHW53 PHFO 011609
CLMITO


CLIMATE REPORT
NATIONAL WEATHER SERVICE HONOLULU HI
607 AM HST SAT JUL 1 2017

...................................

...THE HILO HI CLIMATE SUMMARY FOR THE MONTH OF JUNE 2017...

CLIMATE NORMAL PERIOD 1981 TO 2010
CLIMATE RECORD PERIOD 1946 TO 2017

WEATHER         OBSERVED          NORMAL  DEPART  LAST YEAR`S
                 VALUE   DATE(S)  VALUE   FROM    VALUE  DATE(S)
                                          NORMAL
................................................................
TEMPERATURE (F)
RECORD
 HIGH              90   06/24/1969
 LOW               61   06/26/1956
HIGHEST            87   06/26        82       5       86  06/30
                                                          06/29
                                                          06/28
LOWEST             65   06/09        68      -3       67  06/20
                                                          06/09
AVG. MAXIMUM     83.9              82.2     1.7     83.4
AVG. MINIMUM     69.2              68.2     1.0     70.3
MEAN             76.6              75.2     1.4     76.9
DAYS MAX >= 90      0               0.0     0.0        0
DAYS MAX <= 32      0               0.0     0.0        0
DAYS MIN <= 32      0               0.0     0.0        0
DAYS MIN <= 0       0               0.0     0.0        0

PRECIPITATION (INCHES)
RECORD
 MAXIMUM        22.70   1997
 MINIMUM         1.80   1985
TOTALS           2.96              7.37   -4.41    11.19
DAILY AVG.       0.10              0.25   -0.15     0.37
DAYS >= .01        22              25.1    -3.1       26
DAYS >= .10        10              16.5    -6.5       21
DAYS >= .50         2               4.4    -2.4        7
DAYS >= 1.00        0               1.3    -1.3        2
GREATEST
 24 HR. TOTAL    0.69   06/14 TO 06/14              3.12

SNOWFALL (INCHES)
RECORDS
 TOTAL             MM   0
TOTALS            0.0               0.0     0.0      0.0
SINCE 7/1         0.0               0.0     0.0      0.0
SNOWDEPTH AVG.      0                MM      MM        0
DAYS >= 1.0         0               0.0     0.0        0
GREATEST
 SNOW DEPTH         0   MM                             0  MM
 24 HR TOTAL      0.0   06/30 TO 06/30               0.0

DEGREE_DAYS
HEATING TOTAL       0                 0       0        0
 SINCE 7/1          0                 0       0        0
COOLING TOTAL     352               306      46      366
 SINCE 1/1       1656              1374     282     1912
.................................................................

WIND (MPH)
AVERAGE WIND SPEED              6.4
HIGHEST WIND SPEED/DIRECTION    21/100    DATE  06/16
HIGHEST GUST SPEED/DIRECTION    25/100    DATE  06/16

SKY COVER
POSSIBLE SUNSHINE (PERCENT)   MM
AVERAGE SKY COVER             MM
NUMBER OF DAYS FAIR            0
NUMBER OF DAYS PC              0
NUMBER OF DAYS CLOUDY          0

AVERAGE RH (PERCENT)     MM

WEATHER CONDITIONS. NUMBER OF DAYS WITH
THUNDERSTORM              0     MIXED PRECIP               0
HEAVY RAIN                0     RAIN                       0
LIGHT RAIN                0     FREEZING RAIN              0
LT FREEZING RAIN          0     HAIL                       0
HEAVY SNOW                0     SNOW                       0
LIGHT SNOW                0     SLEET                      0
FOG                      18     FOG W/VIS <= 1/4 MILE      0
HAZE                      3

-  INDICATES NEGATIVE NUMBERS.
R  INDICATES RECORD WAS SET OR TIED.
MM INDICATES DATA IS MISSING.
T  INDICATES TRACE AMOUNT.

$$
