000
CXHW53 PHFO 011612
CLMITO


CLIMATE REPORT
NATIONAL WEATHER SERVICE HONOLULU HI
608 AM HST THU FEB 1 2018

...................................

...THE HILO HI CLIMATE SUMMARY FOR THE MONTH OF JANUARY 2018...

CLIMATE NORMAL PERIOD 1981 TO 2010
CLIMATE RECORD PERIOD 1946 TO 2018

WEATHER         OBSERVED          NORMAL  DEPART  LAST YEAR`S
                 VALUE   DATE(S)  VALUE   FROM    VALUE  DATE(S)
                                          NORMAL
................................................................
TEMPERATURE (F)
RECORD
 HIGH              92   01/28/1997
 LOW               54   01/10/1995
                        01/19/1980
                        01/21/1980
HIGHEST            89   01/31        79      10       82  01/18
                                                          01/16
                                                          01/13
LOWEST             60   01/02        64      -4       60  01/07
AVG. MAXIMUM     80.4              79.0     1.4     78.7
AVG. MINIMUM     65.6              63.8     1.8     64.5
MEAN             73.0              71.4     1.6     71.6
DAYS MAX >= 90      0               0.0     0.0        0
DAYS MAX <= 32      0               0.0     0.0        0
DAYS MIN <= 32      0               0.0     0.0        0
DAYS MIN <= 0       0               0.0     0.0        0

PRECIPITATION (INCHES)
RECORD
 MAXIMUM        32.24   1979
 MINIMUM         0.13   1998
TOTALS          14.63              9.26    5.37    12.34
DAILY AVG.       0.47              0.30    0.17     0.40
DAYS >= .01        19              16.3     2.7       17
DAYS >= .10        15              11.2     3.8        7
DAYS >= .50         8               5.1     2.9        4
DAYS >= 1.00        4               2.7     1.3        1
GREATEST
 24 HR. TOTAL    3.85   01/23 TO 01/23              9.19

SNOWFALL (INCHES)
RECORDS
 TOTAL            0.0   5
                        0
                        -26215
TOTALS            0.0               0.0     0.0      0.0
SINCE 7/1         0.0               0.0     0.0      0.0
SNOWDEPTH AVG.     MM                MM      MM        0
DAYS >= 1.0         0               0.0     0.0        0
GREATEST
 SNOW DEPTH        MM                                  0  MM
 24 HR TOTAL      0.0   01/31 TO 01/31               0.0

DEGREE_DAYS
HEATING TOTAL       0                 0       0        0
 SINCE 7/1          0                 0       0        0
COOLING TOTAL     253               198      55      210
 SINCE 1/1        253               197      56      210
.................................................................

WIND (MPH)
AVERAGE WIND SPEED              5.8
HIGHEST WIND SPEED/DIRECTION    23/340    DATE  01/31
HIGHEST GUST SPEED/DIRECTION    29/330    DATE  01/12

SKY COVER
POSSIBLE SUNSHINE (PERCENT)   MM
AVERAGE SKY COVER             MM
NUMBER OF DAYS FAIR            0
NUMBER OF DAYS PC              0
NUMBER OF DAYS CLOUDY          0

AVERAGE RH (PERCENT)     MM

WEATHER CONDITIONS. NUMBER OF DAYS WITH
THUNDERSTORM              0     MIXED PRECIP               0
HEAVY RAIN                0     RAIN                       0
LIGHT RAIN                0     FREEZING RAIN              0
LT FREEZING RAIN          0     HAIL                       0
HEAVY SNOW                0     SNOW                       0
LIGHT SNOW                0     SLEET                      0
FOG                      15     FOG W/VIS <= 1/4 MILE      0
HAZE                      9

-  INDICATES NEGATIVE NUMBERS.
R  INDICATES RECORD WAS SET OR TIED.
MM INDICATES DATA IS MISSING.
T  INDICATES TRACE AMOUNT.

$$
