000
CXUS53 KGLD 020127
CLMITR

CLIMATE REPORT
NATIONAL WEATHER SERVICE GOODLAND
723 PM MDT FRI SEP 1 2017

...................................

...THE BURLINGTON CLIMATE SUMMARY FOR THE MONTH OF AUGUST 2017...

CLIMATE NORMAL PERIOD 1981 TO 2010
CLIMATE RECORD PERIOD 1896 TO 2017

WEATHER         OBSERVED          NORMAL  DEPART  LAST YEAR`S
                 VALUE   DATE(S)  VALUE   FROM    VALUE  DATE(S)
                                          NORMAL
................................................................
TEMPERATURE (F)
RECORD
 HIGH             107   08/23/1919
 LOW               38   08/06/1972
HIGHEST            93   08/20        98      -5       99  08/10
                        08/19
LOWEST             52   08/29        51       1       48  08/20
                        08/28
AVG. MAXIMUM     84.1              85.9    -1.8     86.1
AVG. MINIMUM     57.1              58.2    -1.1     57.5
MEAN             70.6              72.1    -1.5     71.8
DAYS MAX >= 90      4              10.5    -6.5       12
DAYS MAX <= 32      0               0.0     0.0        0
DAYS MIN <= 32      0               0.0     0.0        0
DAYS MIN <= 0       0               0.0     0.0        0

PRECIPITATION (INCHES)
RECORD
 MAXIMUM         8.73   1915
 MINIMUM         0.00   1960
TOTALS           3.67              2.41    1.26     0.53
DAILY AVG.       0.12              0.08    0.04     0.02
DAYS >= .01         8                MM      MM        9
DAYS >= .10         6                MM      MM        1
DAYS >= .50         2                MM      MM        0
DAYS >= 1.00        1                MM      MM        0
GREATEST
 24 HR. TOTAL    2.03   08/06 TO 08/06              0.16


.................................................................



-  INDICATES NEGATIVE NUMBERS.
R  INDICATES RECORD WAS SET OR TIED.
MM INDICATES DATA IS MISSING.
T  INDICATES TRACE AMOUNT.

$$
