000
CXUS54 KJAN 011828
CLMJAN


CLIMATE REPORT
NATIONAL WEATHER SERVICE JACKSON MS
126 PM CDT SAT APR 1 2017

...................................

...THE JACKSON CLIMATE SUMMARY FOR THE MONTH OF MARCH 2017...

CLIMATE NORMAL PERIOD 1981 TO 2010
CLIMATE RECORD PERIOD 1896 TO 2017

WEATHER         OBSERVED          NORMAL  DEPART  LAST YEAR`S
                 VALUE   DATE(S)  VALUE   FROM    VALUE  DATE(S)
                                          NORMAL
................................................................
TEMPERATURE (F)
RECORD
 HIGH              95   03/24/1929
 LOW               15   03/03/1980
HIGHEST            87   03/21        84       3       87  03/15
LOWEST             34   03/16        27       7       34  03/21
                        03/15
AVG. MAXIMUM     74.0              68.5     5.5     73.0
AVG. MINIMUM     50.4              45.3     5.1     50.5
MEAN             62.2              56.9     5.3     61.8
DAYS MAX >= 90      0               0.0     0.0        0
DAYS MAX <= 32      0               0.0     0.0        0
DAYS MIN <= 32      0               2.8    -2.8        0
DAYS MIN <= 0       0               0.0     0.0        0

PRECIPITATION (INCHES)
RECORD
 MAXIMUM        15.13   1976
 MINIMUM         0.90   2007
TOTALS           4.52              5.04   -0.52    12.24
DAILY AVG.       0.15              0.16   -0.01     0.39
DAYS >= .01        11               9.4     1.6       12
DAYS >= .10         9               6.7     2.3       10
DAYS >= .50         4               3.5     0.5        5
DAYS >= 1.00        1               1.7    -0.7        4
GREATEST
 24 HR. TOTAL    1.16   03/07 TO 03/07              7.06

SNOWFALL (INCHES)
RECORDS
 TOTAL            5.3   1968
TOTALS            0.0               0.1    -0.1      0.0
SINCE 7/1         0.8               0.8     0.0        T
DAYS >= TRACE       0
DAYS >= 1.0         0               0.0     0.0        0
GREATEST
 24 HR TOTAL      0.0   03/31 TO 03/31

DEGREE_DAYS
HEATING TOTAL     164               278    -114      144
 SINCE 7/1       1282              2270    -988     1535
COOLING TOTAL      85                27      58       52
 SINCE 1/1        143                37     106       61
.................................................................

WIND (MPH)
AVERAGE WIND SPEED              8.1
HIGHEST WIND SPEED/DIRECTION    30/150    DATE  03/24
HIGHEST GUST SPEED/DIRECTION    42/280    DATE  03/27

SKY COVER
POSSIBLE SUNSHINE (PERCENT)   MM
AVERAGE SKY COVER           0.50
NUMBER OF DAYS FAIR           10
NUMBER OF DAYS PC             15
NUMBER OF DAYS CLOUDY          6

AVERAGE RH (PERCENT)     65

WEATHER CONDITIONS. NUMBER OF DAYS WITH
THUNDERSTORM              7     MIXED PRECIP               0
HEAVY RAIN                5     RAIN                       9
LIGHT RAIN               17     FREEZING RAIN              0
LT FREEZING RAIN          0     HAIL                       0
HEAVY SNOW                0     SNOW                       0
LIGHT SNOW                0     SLEET                      0
FOG                      16     FOG W/VIS <= 1/4 MILE      0
HAZE                      2

-  INDICATES NEGATIVE NUMBERS.
R  INDICATES RECORD WAS SET OR TIED.
MM INDICATES DATA IS MISSING.
T  INDICATES TRACE AMOUNT.

$$
