221
CXUS54 KJAN 011235
CLMJAN


CLIMATE REPORT
NATIONAL WEATHER SERVICE JACKSON MS
733 AM CDT FRI JUL 1 2016

...................................

...THE JACKSON CLIMATE SUMMARY FOR THE MONTH OF JUNE 2016...

CLIMATE NORMAL PERIOD 1981 TO 2010
CLIMATE RECORD PERIOD 1896 TO 2016

WEATHER         OBSERVED          NORMAL  DEPART  LAST YEAR`S
                 VALUE   DATE(S)  VALUE   FROM    VALUE  DATE(S)
                                          NORMAL
................................................................
TEMPERATURE (F)
RECORD
 HIGH             105   06/29/1988
                        06/20/1936
 LOW               48   06/03/1956
HIGHEST            99   06/27        96       3       97  06/23
LOWEST             64   06/10        56       8       61  06/03
                        06/09
AVG. MAXIMUM     92.2              89.5     2.7     90.6
AVG. MINIMUM     71.6              68.6     3.0     70.9
MEAN             81.9              79.0     2.9     80.8
DAYS MAX >= 90     24              15.1     8.9       20
DAYS MAX <= 32      0               0.0     0.0        0
DAYS MIN <= 32      0               0.0     0.0        0
DAYS MIN <= 0       0               0.0     0.0        0

PRECIPITATION (INCHES)
RECORD
 MAXIMUM         9.69   1909
 MINIMUM            T   1930
TOTALS           3.03              4.12   -1.09     6.44
DAILY AVG.       0.10              0.14   -0.04     0.21
DAYS >= .01        11               9.4     1.6        8
DAYS >= .10         6               6.3    -0.3        7
DAYS >= .50         2               2.7    -0.7        5
DAYS >= 1.00        0               1.2    -1.2        3
GREATEST
 24 HR. TOTAL    1.05   06/27 TO 06/28              1.96

SNOWFALL (INCHES)
RECORDS
 TOTAL            0.0   MM
TOTALS            0.0               0.0     0.0      0.0
SINCE 7/1           T               0.8    -0.8      0.3
DAYS >= TRACE       0
DAYS >= 1.0         0               0.0     0.0        0
GREATEST
 24 HR TOTAL      0.0   06/30 TO 06/30

DEGREE_DAYS
HEATING TOTAL       0                 0       0        0
 SINCE 7/1       1587              2391    -804     2353
COOLING TOTAL     516               422      94      482
 SINCE 1/1        904               780     124      935
.................................................................

WIND (MPH)
AVERAGE WIND SPEED              4.6
HIGHEST WIND SPEED/DIRECTION    33/030    DATE  06/17
HIGHEST GUST SPEED/DIRECTION    42/040    DATE  06/17

SKY COVER
POSSIBLE SUNSHINE (PERCENT)   MM
AVERAGE SKY COVER           0.40
NUMBER OF DAYS FAIR            9
NUMBER OF DAYS PC             21
NUMBER OF DAYS CLOUDY          0

AVERAGE RH (PERCENT)     69

WEATHER CONDITIONS. NUMBER OF DAYS WITH
THUNDERSTORM              8     MIXED PRECIP               0
HEAVY RAIN                6     RAIN                       8
LIGHT RAIN               16     FREEZING RAIN              0
LT FREEZING RAIN          0     HAIL                       0
HEAVY SNOW                0     SNOW                       0
LIGHT SNOW                0     SLEET                      0
FOG                      11     FOG W/VIS <= 1/4 MILE      0
HAZE                      3

-  INDICATES NEGATIVE NUMBERS.
R  INDICATES RECORD WAS SET OR TIED.
MM INDICATES DATA IS MISSING.
T  INDICATES TRACE AMOUNT.

$$
