000
CXUS54 KMEG 161929
CLMJBR


CLIMATE REPORT...REISSUED
NATIONAL WEATHER SERVICE MEMPHIS TN
227 PM CDT THU JUL 16 2015

...................................

...THE JONESBORO CLIMATE SUMMARY FOR THE MONTH OF JUNE 2015...

CLIMATE NORMAL PERIOD 1981 TO 2010
CLIMATE RECORD PERIOD 1897 TO 2015

WEATHER         OBSERVED          NORMAL  DEPART  LAST YEAR`S
                 VALUE   DATE(S)  VALUE   FROM    VALUE  DATE(S)
                                          NORMAL
................................................................
TEMPERATURE (F)
RECORD
 HIGH             110   06/29/1901
 LOW               41   06/05/1897
                        06/01/1897
HIGHEST            97   06/24        MM      MM       93  06/21
LOWEST             56   06/03        MM      MM       56  06/14
AVG. MAXIMUM     89.4              88.7     0.7     86.3
AVG. MINIMUM     68.9              66.8     2.1     69.3
MEAN             79.1              77.8     1.3     77.8
DAYS MAX >= 90     20              13.8     6.2       10
DAYS MAX <= 32      0               0.0     0.0        0
DAYS MIN <= 32      0               0.0     0.0        0
DAYS MIN <= 0       0               0.0     0.0        0

PRECIPITATION (INCHES)
RECORD
 MAXIMUM        11.02   1928
 MINIMUM         0.08   1952
TOTALS           2.09              3.75   -1.66     8.84
DAILY AVG.       0.07              0.12   -0.05     0.29
DAYS >= .01         7                MM      MM       13
DAYS >= .10         4                MM      MM        9
DAYS >= .50         2                MM      MM        8
DAYS >= 1.00        0                MM      MM        4
GREATEST
 24 HR. TOTAL    1.02   06/18 TO 06/19

SNOWFALL (INCHES)
RECORDS
 TOTAL             MM   MM
TOTALS            0.0               0.0     0.0      0.0
SINCE 7/1         9.4               4.8     4.6      5.2
SNOWDEPTH AVG.      0                MM      MM        0
DAYS >= 1.0         0                MM      MM        0
GREATEST
 SNOW DEPTH         0   MM                             0  MM
 24 HR TOTAL      0.0   06/30 TO 06/30

DEGREE_DAYS
HEATING TOTAL       0                 1      -1        0
 SINCE 7/1       4014              3653     361     4150
COOLING TOTAL     430               383      47      393
 SINCE 1/1        605               596       9      640
.................................................................

WIND (MPH)
AVERAGE WIND SPEED              7.4
HIGHEST WIND SPEED/DIRECTION    38/290    DATE  06/26
HIGHEST GUST SPEED/DIRECTION    53/300    DATE  06/26

SKY COVER
POSSIBLE SUNSHINE (PERCENT)   MM
AVERAGE SKY COVER           0.20
NUMBER OF DAYS FAIR           24
NUMBER OF DAYS PC              4
NUMBER OF DAYS CLOUDY          2

AVERAGE RH (PERCENT)     73

WEATHER CONDITIONS. NUMBER OF DAYS WITH
THUNDERSTORM              0     MIXED PRECIP               0
HEAVY RAIN                4     RAIN                       2
LIGHT RAIN                9     FREEZING RAIN              0
LT FREEZING RAIN          0     HAIL                       0
HEAVY SNOW                0     SNOW                       0
LIGHT SNOW                0     SLEET                      0
FOG                      10     FOG W/VIS <= 1/4 MILE      0
HAZE                      2

-  INDICATES NEGATIVE NUMBERS.
R  INDICATES RECORD WAS SET OR TIED.
MM INDICATES DATA IS MISSING.
T  INDICATES TRACE AMOUNT.

$$
