000
CXUS51 KCTP 010658
CLMJST

CLIMATE REPORT
NATIONAL WEATHER SERVICE STATE COLLEGE PA
241 AM EDT TUE AUG 1 2017

...................................

...THE JOHNSTOWN CLIMATE SUMMARY FOR THE MONTH OF JULY 2017...

CLIMATE NORMAL PERIOD 1981 TO 2010
CLIMATE RECORD PERIOD 1892 TO 2017

WEATHER         OBSERVED          NORMAL  DEPART  LAST YEAR`S
                 VALUE   DATE(S)  VALUE   FROM    VALUE  DATE(S)
                                          NORMAL
................................................................
TEMPERATURE (F)
RECORD
 HIGH             104   07/09/1936
 LOW               39   07/01/1943
HIGHEST            85   07/19                         90  07/25
LOWEST             52   07/29                         51  07/03
AVG. MAXIMUM     77.9              78.5    -0.6     80.2
AVG. MINIMUM     62.5              60.0     2.5     63.5
MEAN             70.2              69.3     0.9     71.9
DAYS MAX >= 90      0                MM      MM        1
DAYS MAX <= 32      0                MM      MM        0
DAYS MIN <= 32      0                MM      MM        0
DAYS MIN <= 0       0                MM      MM        0

PRECIPITATION (INCHES)
RECORD
 MAXIMUM        14.01   1977
 MINIMUM         0.80   1966
TOTALS           4.29              3.85    0.44     4.52
DAILY AVG.       0.14              0.12    0.02     0.15
DAYS >= .01        18                MM      MM       15
DAYS >= .10        13                MM      MM        9
DAYS >= .50         2                MM      MM        2
DAYS >= 1.00        1                MM      MM        1
GREATEST
 24 HR. TOTAL    1.06   07/28 TO 07/28

DEGREE_DAYS
HEATING TOTAL       4                13      -9       11
 SINCE 7/1          4                13      -9       11
COOLING TOTAL     171               145      26      232
 SINCE 1/1        306               243      63      364
.................................................

WIND (MPH)
AVERAGE WIND SPEED              7.3
HIGHEST WIND SPEED/DIRECTION    26/240    DATE  07/11
HIGHEST GUST SPEED/DIRECTION    36/260    DATE  07/13

SKY COVER
POSSIBLE SUNSHINE (PERCENT)   MM
AVERAGE SKY COVER           0.50
NUMBER OF DAYS FAIR           13
NUMBER OF DAYS PC             12
NUMBER OF DAYS CLOUDY          6

AVERAGE RH (PERCENT)     77

WEATHER CONDITIONS. NUMBER OF DAYS WITH
THUNDERSTORM              7     MIXED PRECIP               0
HEAVY RAIN               12     RAIN                      10
LIGHT RAIN               19     FREEZING RAIN              0
LT FREEZING RAIN          0     HAIL                       0
HEAVY SNOW                0     SNOW                       0
LIGHT SNOW                0     SLEET                      0
FOG                      21     FOG W/VIS <= 1/4 MILE      3
HAZE                      4

-  INDICATES NEGATIVE NUMBERS.
R  INDICATES RECORD WAS SET OR TIED.
MM INDICATES DATA IS MISSING.
T  INDICATES TRACE AMOUNT.

$$

LA CORTE
